CRAN Package Check Results for Package SSN2

Last updated on 2024-02-22 01:57:42 CET.

Flavor Version Tinstall Tcheck Ttotal Status Flags
r-devel-linux-x86_64-debian-clang 0.1.1 OK
r-devel-linux-x86_64-debian-gcc 0.1.1 19.94 480.75 500.69 OK
r-devel-linux-x86_64-fedora-clang 0.1.1 809.21 NOTE
r-devel-linux-x86_64-fedora-gcc 0.1.1 792.33 OK
r-devel-windows-x86_64 0.1.1 24.00 404.00 428.00 OK
r-patched-linux-x86_64 0.1.1 27.97 628.91 656.88 OK
r-release-linux-x86_64 0.1.1 23.81 632.86 656.67 OK
r-release-macos-arm64 0.1.1 209.00 NOTE
r-release-macos-x86_64 0.1.1 617.00 NOTE
r-release-windows-x86_64 0.1.1 33.00 589.00 622.00 OK
r-oldrel-macos-arm64 0.1.1 185.00 NOTE
r-oldrel-windows-x86_64 0.1.1 32.00 570.00 602.00 OK

Check Details

Version: 0.1.1
Check: installed package size
Result: NOTE installed size is 5.0Mb sub-directories of 1Mb or more: doc 1.6Mb lsndata 2.4Mb Flavors: r-devel-linux-x86_64-fedora-clang, r-release-macos-arm64, r-release-macos-x86_64, r-oldrel-macos-arm64