CRAN Package Check Results for Package SSsimple

Last updated on 2015-03-05 23:48:30.

Flavor Version Tinstall Tcheck Ttotal Status Flags
r-devel-linux-x86_64-debian-clang 0.6.4 2.71 27.13 29.84 NOTE
r-devel-linux-x86_64-debian-gcc 0.6.4 0.68 27.17 27.86 NOTE
r-devel-linux-x86_64-fedora-clang 0.6.4 59.26 NOTE
r-devel-linux-x86_64-fedora-gcc 0.6.4 56.71 NOTE
r-devel-osx-x86_64-clang 0.6.4 58.66 NOTE
r-devel-windows-ix86+x86_64 0.6.4 4.00 44.00 48.00 NOTE
r-patched-linux-x86_64 0.6.4 0.81 28.42 29.23 OK
r-patched-solaris-sparc 0.6.4 473.00 OK
r-patched-solaris-x86 0.6.4 79.30 OK
r-release-linux-ix86 0.6.4 1.24 43.40 44.64 OK
r-release-linux-x86_64 0.6.4 0.92 28.69 29.62 OK
r-release-osx-x86_64-mavericks 0.6.4 OK
r-release-osx-x86_64-snowleopard 0.6.4 OK
r-release-windows-ix86+x86_64 0.6.4 3.00 43.00 46.00 OK
r-oldrel-windows-ix86+x86_64 0.6.4 4.00 48.00 52.00 OK

Check Details

Version: 0.6.4
Check: DESCRIPTION meta-information
Result: NOTE
    Malformed Description field: should contain one or more complete sentences.
Flavors: r-devel-linux-x86_64-debian-clang, r-devel-linux-x86_64-debian-gcc, r-devel-linux-x86_64-fedora-clang, r-devel-linux-x86_64-fedora-gcc, r-devel-osx-x86_64-clang, r-devel-windows-ix86+x86_64