CRAN Package Check Results for Package SSsimple

Last updated on 2015-05-25 11:48:36.

Flavor Version Tinstall Tcheck Ttotal Status Flags
r-devel-linux-x86_64-debian-clang 0.6.4 0.76 27.20 27.97 NOTE
r-devel-linux-x86_64-debian-gcc 0.6.4 0.66 28.02 28.68 NOTE
r-devel-linux-x86_64-fedora-clang 0.6.4 55.26 NOTE
r-devel-linux-x86_64-fedora-gcc 0.6.4 53.98 NOTE
r-devel-osx-x86_64-clang 0.6.4 57.15 NOTE
r-devel-windows-ix86+x86_64 0.6.4 3.00 43.00 46.00 NOTE
r-patched-linux-x86_64 0.6.4 0.72 27.02 27.75 NOTE
r-patched-solaris-sparc 0.6.4 413.30 NOTE
r-patched-solaris-x86 0.6.4 72.30 NOTE
r-release-linux-x86_64 0.6.4 0.72 27.18 27.90 NOTE
r-release-osx-x86_64-mavericks 0.6.4 NOTE
r-release-osx-x86_64-snowleopard 0.6.4 NOTE
r-release-windows-ix86+x86_64 0.6.4 2.00 51.00 53.00 NOTE
r-oldrel-windows-ix86+x86_64 0.6.4 4.00 50.00 54.00 OK

Check Details

Version: 0.6.4
Check: DESCRIPTION meta-information
Result: NOTE
    Malformed Description field: should contain one or more complete sentences.
Flavors: r-devel-linux-x86_64-debian-clang, r-devel-linux-x86_64-debian-gcc, r-devel-linux-x86_64-fedora-clang, r-devel-linux-x86_64-fedora-gcc, r-devel-osx-x86_64-clang, r-devel-windows-ix86+x86_64, r-patched-linux-x86_64, r-patched-solaris-sparc, r-patched-solaris-x86, r-release-linux-x86_64, r-release-osx-x86_64-mavericks, r-release-osx-x86_64-snowleopard, r-release-windows-ix86+x86_64