CRAN Package Check Results for Package SSsimple

Last updated on 2016-02-10 18:49:37.

Flavor Version Tinstall Tcheck Ttotal Status Flags
r-devel-linux-x86_64-debian-gcc 0.6.4 0.68 20.55 21.22 NOTE
r-devel-linux-x86_64-fedora-clang 0.6.4 39.90 NOTE
r-devel-linux-x86_64-fedora-gcc 0.6.4 38.61 NOTE
r-devel-osx-x86_64-clang 0.6.4 46.34 NOTE
r-devel-windows-ix86+x86_64 0.6.4 4.00 65.00 69.00 NOTE
r-patched-linux-x86_64 0.6.4 0.82 28.26 29.07 NOTE
r-patched-solaris-sparc 0.6.4 388.90 NOTE
r-patched-solaris-x86 0.6.4 66.20 NOTE
r-release-linux-x86_64 0.6.4 0.80 27.88 28.68 NOTE
r-release-osx-x86_64-mavericks 0.6.4 NOTE
r-release-windows-ix86+x86_64 0.6.4 5.00 59.00 64.00 NOTE
r-oldrel-windows-ix86+x86_64 0.6.4 6.00 53.00 59.00 OK

Check Details

Version: 0.6.4
Check: DESCRIPTION meta-information
Result: NOTE
    Malformed Description field: should contain one or more complete sentences.
Flavors: r-devel-linux-x86_64-debian-gcc, r-devel-linux-x86_64-fedora-clang, r-devel-linux-x86_64-fedora-gcc, r-devel-osx-x86_64-clang, r-devel-windows-ix86+x86_64, r-patched-linux-x86_64, r-patched-solaris-sparc, r-patched-solaris-x86, r-release-linux-x86_64, r-release-osx-x86_64-mavericks, r-release-windows-ix86+x86_64

Version: 0.6.4
Check: R code for possible problems
Result: NOTE
    SS.ID: no visible global function definition for ‘var’
    SS.sim.chol: no visible global function definition for ‘rnorm’
    Undefined global functions or variables:
     rnorm var
    Consider adding
     importFrom("stats", "rnorm", "var")
    to your NAMESPACE file.
Flavors: r-devel-linux-x86_64-debian-gcc, r-devel-linux-x86_64-fedora-clang, r-devel-linux-x86_64-fedora-gcc, r-devel-osx-x86_64-clang, r-devel-windows-ix86+x86_64