CRAN Package Check Results for Package SSsimple

Last updated on 2017-01-21 13:49:14.

Flavor Version Tinstall Tcheck Ttotal Status Flags
r-devel-linux-x86_64-debian-clang 0.6.4 0.68 25.93 26.61 NOTE
r-devel-linux-x86_64-debian-gcc 0.6.4 0.81 24.63 25.44 NOTE
r-devel-linux-x86_64-fedora-clang 0.6.4 46.77 NOTE --no-stop-on-test-error
r-devel-linux-x86_64-fedora-gcc 0.6.4 45.26 NOTE --no-stop-on-test-error
r-devel-macos-x86_64-clang 0.6.4 42.19 NOTE --no-stop-on-test-error
r-devel-windows-ix86+x86_64 0.6.4 5.00 119.00 124.00 NOTE
r-patched-linux-x86_64 0.6.4 0.75 22.39 23.14 NOTE
r-patched-solaris-sparc 0.6.4 283.00 NOTE
r-patched-solaris-x86 0.6.4 52.70 NOTE
r-release-linux-x86_64 0.6.4 0.64 23.00 23.64 NOTE
r-release-osx-x86_64-mavericks 0.6.4 NOTE
r-release-windows-ix86+x86_64 0.6.4 8.00 104.00 112.00 NOTE
r-oldrel-windows-ix86+x86_64 0.6.4 5.00 118.00 123.00 NOTE

Check Details

Version: 0.6.4
Check: DESCRIPTION meta-information
Result: NOTE
    Malformed Description field: should contain one or more complete sentences.
Flavors: r-devel-linux-x86_64-debian-clang, r-devel-linux-x86_64-debian-gcc, r-devel-windows-ix86+x86_64, r-patched-linux-x86_64, r-patched-solaris-sparc, r-patched-solaris-x86, r-release-linux-x86_64, r-release-osx-x86_64-mavericks, r-release-windows-ix86+x86_64, r-oldrel-windows-ix86+x86_64

Version: 0.6.4
Check: R code for possible problems
Result: NOTE
    SS.ID: no visible global function definition for ‘var’
    SS.sim.chol: no visible global function definition for ‘rnorm’
    Undefined global functions or variables:
     rnorm var
    Consider adding
     importFrom("stats", "rnorm", "var")
    to your NAMESPACE file.
Flavors: r-devel-linux-x86_64-debian-clang, r-devel-linux-x86_64-debian-gcc, r-devel-windows-ix86+x86_64, r-patched-linux-x86_64, r-patched-solaris-sparc, r-patched-solaris-x86, r-release-linux-x86_64, r-release-osx-x86_64-mavericks, r-release-windows-ix86+x86_64

Version: 0.6.4
Flags: --no-stop-on-test-error
Check: DESCRIPTION meta-information
Result: NOTE
    Malformed Description field: should contain one or more complete sentences.
Flavors: r-devel-linux-x86_64-fedora-clang, r-devel-linux-x86_64-fedora-gcc, r-devel-macos-x86_64-clang

Version: 0.6.4
Flags: --no-stop-on-test-error
Check: R code for possible problems
Result: NOTE
    SS.ID: no visible global function definition for ‘var’
    SS.sim.chol: no visible global function definition for ‘rnorm’
    Undefined global functions or variables:
     rnorm var
    Consider adding
     importFrom("stats", "rnorm", "var")
    to your NAMESPACE file.
Flavors: r-devel-linux-x86_64-fedora-clang, r-devel-linux-x86_64-fedora-gcc, r-devel-macos-x86_64-clang