CRAN Package Check Results for Package SSsimple

Last updated on 2016-08-27 10:48:10.

Flavor Version Tinstall Tcheck Ttotal Status Flags
r-devel-linux-x86_64-debian-clang 0.6.4 0.68 22.75 23.43 NOTE
r-devel-linux-x86_64-debian-gcc 0.6.4 1.05 29.27 30.32 NOTE
r-devel-linux-x86_64-fedora-clang 0.6.4 42.69 NOTE
r-devel-linux-x86_64-fedora-gcc 0.6.4 40.23 NOTE
r-devel-osx-x86_64-clang 0.6.4 37.34 NOTE
r-devel-windows-ix86+x86_64 0.6.4 3.00 52.00 55.00 NOTE
r-patched-linux-x86_64 0.6.4 0.65 21.85 22.50 NOTE
r-patched-solaris-sparc 0.6.4 274.60 NOTE
r-patched-solaris-x86 0.6.4 51.40 NOTE
r-release-linux-x86_64 0.6.4 0.79 23.22 24.01 NOTE
r-release-osx-x86_64-mavericks 0.6.4 NOTE
r-release-windows-ix86+x86_64 0.6.4 6.00 53.00 59.00 NOTE
r-oldrel-windows-ix86+x86_64 0.6.4 4.00 85.00 89.00 NOTE

Check Details

Version: 0.6.4
Check: DESCRIPTION meta-information
Result: NOTE
    Malformed Description field: should contain one or more complete sentences.
Flavors: r-devel-linux-x86_64-debian-clang, r-devel-linux-x86_64-debian-gcc, r-devel-linux-x86_64-fedora-clang, r-devel-linux-x86_64-fedora-gcc, r-devel-osx-x86_64-clang, r-devel-windows-ix86+x86_64, r-patched-linux-x86_64, r-patched-solaris-sparc, r-patched-solaris-x86, r-release-linux-x86_64, r-release-osx-x86_64-mavericks, r-release-windows-ix86+x86_64, r-oldrel-windows-ix86+x86_64

Version: 0.6.4
Check: R code for possible problems
Result: NOTE
    SS.ID: no visible global function definition for ‘var’
    SS.sim.chol: no visible global function definition for ‘rnorm’
    Undefined global functions or variables:
     rnorm var
    Consider adding
     importFrom("stats", "rnorm", "var")
    to your NAMESPACE file.
Flavors: r-devel-linux-x86_64-debian-clang, r-devel-linux-x86_64-debian-gcc, r-devel-linux-x86_64-fedora-clang, r-devel-linux-x86_64-fedora-gcc, r-devel-osx-x86_64-clang, r-devel-windows-ix86+x86_64, r-patched-linux-x86_64, r-patched-solaris-sparc, r-patched-solaris-x86, r-release-linux-x86_64, r-release-osx-x86_64-mavericks, r-release-windows-ix86+x86_64