CRAN Package Check Results for Package SSsimple

Last updated on 2016-09-26 10:48:33.

Flavor Version Tinstall Tcheck Ttotal Status Flags
r-devel-linux-x86_64-debian-clang 0.6.4 0.65 22.58 23.22 NOTE
r-devel-linux-x86_64-debian-gcc 0.6.4 0.64 22.57 23.20 NOTE
r-devel-linux-x86_64-fedora-clang 0.6.4 42.53 NOTE
r-devel-linux-x86_64-fedora-gcc 0.6.4 40.37 NOTE
r-devel-macos-x86_64-clang 0.6.4 37.68 NOTE
r-devel-windows-ix86+x86_64 0.6.4 5.00 63.00 68.00 NOTE
r-patched-linux-x86_64 0.6.4 0.74 21.93 22.67 NOTE
r-patched-solaris-sparc 0.6.4 274.60 NOTE
r-patched-solaris-x86 0.6.4 51.00 NOTE
r-release-linux-x86_64 0.6.4 0.72 22.56 23.27 NOTE
r-release-osx-x86_64-mavericks 0.6.4 NOTE
r-release-windows-ix86+x86_64 0.6.4 7.00 66.00 73.00 NOTE
r-oldrel-windows-ix86+x86_64 0.6.4 5.00 78.00 83.00 NOTE

Check Details

Version: 0.6.4
Check: DESCRIPTION meta-information
Result: NOTE
    Malformed Description field: should contain one or more complete sentences.
Flavors: r-devel-linux-x86_64-debian-clang, r-devel-linux-x86_64-debian-gcc, r-devel-linux-x86_64-fedora-clang, r-devel-linux-x86_64-fedora-gcc, r-devel-macos-x86_64-clang, r-devel-windows-ix86+x86_64, r-patched-linux-x86_64, r-patched-solaris-sparc, r-patched-solaris-x86, r-release-linux-x86_64, r-release-osx-x86_64-mavericks, r-release-windows-ix86+x86_64, r-oldrel-windows-ix86+x86_64

Version: 0.6.4
Check: R code for possible problems
Result: NOTE
    SS.ID: no visible global function definition for ‘var’
    SS.sim.chol: no visible global function definition for ‘rnorm’
    Undefined global functions or variables:
     rnorm var
    Consider adding
     importFrom("stats", "rnorm", "var")
    to your NAMESPACE file.
Flavors: r-devel-linux-x86_64-debian-clang, r-devel-linux-x86_64-debian-gcc, r-devel-linux-x86_64-fedora-clang, r-devel-linux-x86_64-fedora-gcc, r-devel-macos-x86_64-clang, r-devel-windows-ix86+x86_64, r-patched-linux-x86_64, r-patched-solaris-sparc, r-patched-solaris-x86, r-release-linux-x86_64, r-release-osx-x86_64-mavericks, r-release-windows-ix86+x86_64