CRAN Package Check Results for Package SSsimple

Last updated on 2016-12-05 14:47:37.

Flavor Version Tinstall Tcheck Ttotal Status Flags
r-devel-linux-x86_64-debian-clang 0.6.4 0.72 25.52 26.24 NOTE
r-devel-linux-x86_64-debian-gcc 0.6.4 0.74 25.10 25.84 NOTE
r-devel-linux-x86_64-fedora-clang 0.6.4 50.50 NOTE --no-stop-on-test-error
r-devel-linux-x86_64-fedora-gcc 0.6.4 46.71 NOTE --no-stop-on-test-error
r-devel-macos-x86_64-clang 0.6.4 42.30 NOTE
r-devel-windows-ix86+x86_64 0.6.4 3.00 67.00 70.00 NOTE
r-patched-linux-x86_64 0.6.4 0.74 22.52 23.27 NOTE
r-patched-solaris-sparc 0.6.4 274.60 NOTE
r-patched-solaris-x86 0.6.4 51.20 NOTE
r-release-linux-x86_64 0.6.4 0.75 22.36 23.11 NOTE
r-release-osx-x86_64-mavericks 0.6.4 NOTE
r-release-windows-ix86+x86_64 0.6.4 5.00 50.00 55.00 NOTE
r-oldrel-windows-ix86+x86_64 0.6.4 5.00 60.00 65.00 NOTE

Check Details

Version: 0.6.4
Check: DESCRIPTION meta-information
Result: NOTE
    Malformed Description field: should contain one or more complete sentences.
Flavors: r-devel-linux-x86_64-debian-clang, r-devel-linux-x86_64-debian-gcc, r-devel-macos-x86_64-clang, r-devel-windows-ix86+x86_64, r-patched-linux-x86_64, r-patched-solaris-sparc, r-patched-solaris-x86, r-release-linux-x86_64, r-release-osx-x86_64-mavericks, r-release-windows-ix86+x86_64, r-oldrel-windows-ix86+x86_64

Version: 0.6.4
Check: R code for possible problems
Result: NOTE
    SS.ID: no visible global function definition for ‘var’
    SS.sim.chol: no visible global function definition for ‘rnorm’
    Undefined global functions or variables:
     rnorm var
    Consider adding
     importFrom("stats", "rnorm", "var")
    to your NAMESPACE file.
Flavors: r-devel-linux-x86_64-debian-clang, r-devel-linux-x86_64-debian-gcc, r-devel-macos-x86_64-clang, r-devel-windows-ix86+x86_64, r-patched-linux-x86_64, r-patched-solaris-sparc, r-patched-solaris-x86, r-release-linux-x86_64, r-release-osx-x86_64-mavericks, r-release-windows-ix86+x86_64

Version: 0.6.4
Flags: --no-stop-on-test-error
Check: DESCRIPTION meta-information
Result: NOTE
    Malformed Description field: should contain one or more complete sentences.
Flavors: r-devel-linux-x86_64-fedora-clang, r-devel-linux-x86_64-fedora-gcc

Version: 0.6.4
Flags: --no-stop-on-test-error
Check: R code for possible problems
Result: NOTE
    SS.ID: no visible global function definition for ‘var’
    SS.sim.chol: no visible global function definition for ‘rnorm’
    Undefined global functions or variables:
     rnorm var
    Consider adding
     importFrom("stats", "rnorm", "var")
    to your NAMESPACE file.
Flavors: r-devel-linux-x86_64-fedora-clang, r-devel-linux-x86_64-fedora-gcc