CRAN Package Check Results for Package SSsimple

Last updated on 2016-04-29 19:50:03.

Flavor Version Tinstall Tcheck Ttotal Status Flags
r-devel-linux-x86_64-debian-gcc 0.6.4 0.68 22.20 22.88 NOTE
r-devel-linux-x86_64-fedora-clang 0.6.4 40.28 NOTE
r-devel-linux-x86_64-fedora-gcc 0.6.4 38.74 NOTE
r-devel-osx-x86_64-clang 0.6.4 46.86 NOTE
r-devel-windows-ix86+x86_64 0.6.4 3.00 52.00 55.00 NOTE
r-patched-linux-x86_64 0.6.4 0.70 22.56 23.26 NOTE
r-patched-solaris-sparc 0.6.4 271.60 NOTE
r-patched-solaris-x86 0.6.4 53.90 NOTE
r-release-linux-x86_64 0.6.4 0.71 29.65 30.36 NOTE
r-release-osx-x86_64-mavericks 0.6.4 NOTE
r-release-windows-ix86+x86_64 0.6.4 3.00 60.00 63.00 NOTE
r-oldrel-windows-ix86+x86_64 0.6.4 4.00 57.00 61.00 OK

Check Details

Version: 0.6.4
Check: DESCRIPTION meta-information
Result: NOTE
    Malformed Description field: should contain one or more complete sentences.
Flavors: r-devel-linux-x86_64-debian-gcc, r-devel-linux-x86_64-fedora-clang, r-devel-linux-x86_64-fedora-gcc, r-devel-osx-x86_64-clang, r-devel-windows-ix86+x86_64, r-patched-linux-x86_64, r-patched-solaris-sparc, r-patched-solaris-x86, r-release-linux-x86_64, r-release-osx-x86_64-mavericks, r-release-windows-ix86+x86_64

Version: 0.6.4
Check: R code for possible problems
Result: NOTE
    SS.ID: no visible global function definition for ‘var’
    SS.sim.chol: no visible global function definition for ‘rnorm’
    Undefined global functions or variables:
     rnorm var
    Consider adding
     importFrom("stats", "rnorm", "var")
    to your NAMESPACE file.
Flavors: r-devel-linux-x86_64-debian-gcc, r-devel-linux-x86_64-fedora-clang, r-devel-linux-x86_64-fedora-gcc, r-devel-osx-x86_64-clang, r-devel-windows-ix86+x86_64, r-patched-linux-x86_64, r-patched-solaris-sparc, r-patched-solaris-x86