CRAN Package Check Results for Package SSsimple

Last updated on 2016-05-27 06:47:05.

Flavor Version Tinstall Tcheck Ttotal Status Flags
r-devel-linux-x86_64-debian-gcc 0.6.4 0.71 22.48 23.19 NOTE
r-devel-linux-x86_64-fedora-clang 0.6.4 40.71 NOTE
r-devel-linux-x86_64-fedora-gcc 0.6.4 39.25 NOTE
r-devel-osx-x86_64-clang 0.6.4 46.75 NOTE
r-devel-windows-ix86+x86_64 0.6.4 3.00 51.00 54.00 NOTE
r-patched-linux-x86_64 0.6.4 0.88 22.58 23.45 NOTE
r-patched-solaris-sparc 0.6.4 277.60 NOTE
r-patched-solaris-x86 0.6.4 52.80 NOTE
r-release-linux-x86_64 0.6.4 0.76 22.34 23.10 NOTE
r-release-osx-x86_64-mavericks 0.6.4 NOTE
r-release-windows-ix86+x86_64 0.6.4 6.00 50.00 56.00 NOTE
r-oldrel-windows-ix86+x86_64 0.6.4 3.00 62.00 65.00 NOTE

Check Details

Version: 0.6.4
Check: DESCRIPTION meta-information
Result: NOTE
    Malformed Description field: should contain one or more complete sentences.
Flavors: r-devel-linux-x86_64-debian-gcc, r-devel-linux-x86_64-fedora-clang, r-devel-linux-x86_64-fedora-gcc, r-devel-osx-x86_64-clang, r-devel-windows-ix86+x86_64, r-patched-linux-x86_64, r-patched-solaris-sparc, r-patched-solaris-x86, r-release-linux-x86_64, r-release-osx-x86_64-mavericks, r-release-windows-ix86+x86_64, r-oldrel-windows-ix86+x86_64

Version: 0.6.4
Check: R code for possible problems
Result: NOTE
    SS.ID: no visible global function definition for ‘var’
    SS.sim.chol: no visible global function definition for ‘rnorm’
    Undefined global functions or variables:
     rnorm var
    Consider adding
     importFrom("stats", "rnorm", "var")
    to your NAMESPACE file.
Flavors: r-devel-linux-x86_64-debian-gcc, r-devel-linux-x86_64-fedora-clang, r-devel-linux-x86_64-fedora-gcc, r-devel-osx-x86_64-clang, r-devel-windows-ix86+x86_64, r-patched-linux-x86_64, r-patched-solaris-sparc, r-patched-solaris-x86, r-release-linux-x86_64, r-release-osx-x86_64-mavericks, r-release-windows-ix86+x86_64