CRAN Package Check Results for Package SSsimple

Last updated on 2015-04-01 06:47:06.

Flavor Version Tinstall Tcheck Ttotal Status Flags
r-devel-linux-x86_64-debian-clang 0.6.4 0.69 27.15 27.84 NOTE
r-devel-linux-x86_64-debian-gcc 0.6.4 2.87 27.58 30.45 NOTE
r-devel-linux-x86_64-fedora-clang 0.6.4 55.35 NOTE
r-devel-linux-x86_64-fedora-gcc 0.6.4 53.94 NOTE
r-devel-osx-x86_64-clang 0.6.4 63.64 NOTE
r-prerel-windows-ix86+x86_64 0.6.4 4.00 45.00 49.00 NOTE
r-prerel-linux-x86_64 0.6.4 0.68 27.69 28.37 NOTE
r-prerel-solaris-sparc 0.6.4 416.60 NOTE
r-prerel-solaris-x86 0.6.4 72.50 NOTE
r-release-linux-x86_64 0.6.4 0.76 28.51 29.27 OK
r-release-osx-x86_64-mavericks 0.6.4 OK
r-release-osx-x86_64-snowleopard 0.6.4 OK
r-release-windows-ix86+x86_64 0.6.4 4.00 50.00 54.00 OK
r-oldrel-windows-ix86+x86_64 0.6.4 4.00 48.00 52.00 OK

Check Details

Version: 0.6.4
Check: DESCRIPTION meta-information
Result: NOTE
    Malformed Description field: should contain one or more complete sentences.
Flavors: r-devel-linux-x86_64-debian-clang, r-devel-linux-x86_64-debian-gcc, r-devel-linux-x86_64-fedora-clang, r-devel-linux-x86_64-fedora-gcc, r-devel-osx-x86_64-clang, r-prerel-windows-ix86+x86_64, r-prerel-linux-x86_64, r-prerel-solaris-sparc, r-prerel-solaris-x86