CRAN Package Check Results for Package SSsimple

Last updated on 2015-07-02 23:47:42.

Flavor Version Tinstall Tcheck Ttotal Status Flags
r-devel-linux-x86_64-debian-clang 0.6.4 0.67 26.70 27.37 NOTE
r-devel-linux-x86_64-debian-gcc 0.6.4 0.68 26.86 27.55 NOTE
r-devel-linux-x86_64-fedora-clang 0.6.4 53.99 NOTE
r-devel-linux-x86_64-fedora-gcc 0.6.4 52.41 NOTE
r-devel-osx-x86_64-clang 0.6.4 55.05 NOTE
r-devel-windows-ix86+x86_64 0.6.4 5.00 45.00 50.00 NOTE
r-patched-linux-x86_64 0.6.4 0.66 27.74 28.40 NOTE
r-patched-solaris-sparc 0.6.4 413.30 NOTE
r-patched-solaris-x86 0.6.4 72.60 NOTE
r-release-linux-x86_64 0.6.4 0.66 26.95 27.61 NOTE
r-release-osx-x86_64-mavericks 0.6.4 NOTE
r-release-windows-ix86+x86_64 0.6.4 3.00 45.00 48.00 NOTE
r-oldrel-windows-ix86+x86_64 0.6.4 4.00 50.00 54.00 OK

Check Details

Version: 0.6.4
Check: DESCRIPTION meta-information
Result: NOTE
    Malformed Description field: should contain one or more complete sentences.
Flavors: r-devel-linux-x86_64-debian-clang, r-devel-linux-x86_64-debian-gcc, r-devel-linux-x86_64-fedora-clang, r-devel-linux-x86_64-fedora-gcc, r-devel-osx-x86_64-clang, r-devel-windows-ix86+x86_64, r-patched-linux-x86_64, r-patched-solaris-sparc, r-patched-solaris-x86, r-release-linux-x86_64, r-release-osx-x86_64-mavericks, r-release-windows-ix86+x86_64

Version: 0.6.4
Check: R code for possible problems
Result: NOTE
    SS.ID: no visible global function definition for ‘var’
    SS.sim.chol: no visible global function definition for ‘rnorm’
    Undefined global functions or variables:
     rnorm var
Flavors: r-devel-linux-x86_64-debian-clang, r-devel-linux-x86_64-fedora-clang, r-devel-linux-x86_64-fedora-gcc

Version: 0.6.4
Check: R code for possible problems
Result: NOTE
    SS.ID: no visible global function definition for ‘var’
    SS.sim.chol: no visible global function definition for ‘rnorm’
Flavor: r-devel-linux-x86_64-debian-gcc