CRAN Package Check Results for Package SSsimple

Last updated on 2018-05-25 00:46:59 CEST.

Flavor Version Tinstall Tcheck Ttotal Status Flags
r-devel-linux-x86_64-debian-clang 0.6.4 1.53 34.42 35.95 NOTE
r-devel-linux-x86_64-debian-gcc 0.6.4 1.48 29.96 31.44 NOTE
r-devel-linux-x86_64-fedora-clang 0.6.4 48.57 NOTE
r-devel-linux-x86_64-fedora-gcc 0.6.4 46.90 NOTE
r-devel-windows-ix86+x86_64 0.6.4 3.00 74.00 77.00 NOTE
r-patched-linux-x86_64 0.6.4 1.27 36.97 38.24 NOTE
r-patched-solaris-x86 0.6.4 72.90 NOTE
r-release-linux-x86_64 0.6.4 1.46 36.69 38.15 NOTE
r-release-windows-ix86+x86_64 0.6.4 6.00 62.00 68.00 NOTE
r-release-osx-x86_64 0.6.4 NOTE
r-oldrel-windows-ix86+x86_64 0.6.4 4.00 51.00 55.00 NOTE
r-oldrel-osx-x86_64 0.6.4 NOTE

Check Details

Version: 0.6.4
Check: DESCRIPTION meta-information
Result: NOTE
    Malformed Description field: should contain one or more complete sentences.
Flavors: r-devel-linux-x86_64-debian-clang, r-devel-linux-x86_64-debian-gcc, r-devel-linux-x86_64-fedora-clang, r-devel-linux-x86_64-fedora-gcc, r-devel-windows-ix86+x86_64, r-patched-linux-x86_64, r-patched-solaris-x86, r-release-linux-x86_64, r-release-windows-ix86+x86_64, r-release-osx-x86_64, r-oldrel-windows-ix86+x86_64, r-oldrel-osx-x86_64

Version: 0.6.4
Check: R code for possible problems
Result: NOTE
    SS.ID: no visible global function definition for ‘var’
    SS.sim.chol: no visible global function definition for ‘rnorm’
    Undefined global functions or variables:
     rnorm var
    Consider adding
     importFrom("stats", "rnorm", "var")
    to your NAMESPACE file.
Flavors: r-devel-linux-x86_64-debian-clang, r-devel-linux-x86_64-debian-gcc, r-devel-linux-x86_64-fedora-clang, r-devel-linux-x86_64-fedora-gcc, r-devel-windows-ix86+x86_64, r-patched-linux-x86_64, r-patched-solaris-x86, r-release-linux-x86_64, r-release-windows-ix86+x86_64, r-release-osx-x86_64, r-oldrel-windows-ix86+x86_64, r-oldrel-osx-x86_64

Version: 0.6.4
Check: re-building of vignette outputs
Result: NOTE
    Error in re-building vignettes:
     ...
    Loading required package: mvtnorm
    Error in texi2dvi(file = file, pdf = TRUE, clean = clean, quiet = quiet, :
     Running 'texi2dvi' on 'SSsimple.tex' failed.
    LaTeX errors:
    ! LaTeX Error: File `supertabular.sty' not found.
    
    Type X to quit or <RETURN> to proceed,
    or enter new name. (Default extension: sty)
    
    ! Emergency stop.
    <read *>
    
    l.8 \usepackage
     {wasysym}^^M
    ! ==> Fatal error occurred, no output PDF file produced!
    Calls: buildVignettes -> texi2pdf -> texi2dvi
    Execution halted
Flavor: r-oldrel-osx-x86_64