CRAN Package Check Results for Package SSsimple

Last updated on 2014-11-29 08:53:31.

Flavor Version Tinstall Tcheck Ttotal Status Flags
r-devel-linux-x86_64-debian-clang 0.6.4 0.81 28.78 29.59 OK
r-devel-linux-x86_64-debian-gcc 0.6.4 0.79 28.77 29.56 OK
r-devel-linux-x86_64-fedora-clang 0.6.4 66.15 OK
r-devel-linux-x86_64-fedora-gcc 0.6.4 68.00 OK
r-devel-osx-x86_64-clang 0.6.4 61.31 OK
r-devel-windows-ix86+x86_64 0.6.4 3.00 45.00 48.00 OK
r-patched-linux-x86_64 0.6.4 0.80 28.47 29.27 OK
r-patched-solaris-sparc 0.6.4 423.30 OK
r-patched-solaris-x86 0.6.4 79.50 OK
r-release-linux-ix86 0.6.4 1.07 40.90 41.97 OK
r-release-linux-x86_64 0.6.4 0.76 28.52 29.28 OK
r-release-osx-x86_64-mavericks 0.6.4 NOTE
r-release-osx-x86_64-snowleopard 0.6.4 OK
r-release-windows-ix86+x86_64 0.6.4 3.00 43.00 46.00 OK
r-oldrel-windows-ix86+x86_64 0.6.4 3.00 44.00 47.00 OK

Check Details

Version: 0.6.4
Check: re-building of vignette outputs
Result: NOTE
    Error in re-building vignettes:
     ...
    Loading required package: mvtnorm
    Error in texi2dvi(file = file, pdf = TRUE, clean = clean, quiet = quiet, :
     Running 'texi2dvi' on 'SSsimple.tex' failed.
    LaTeX errors:
    ! LaTeX Error: File `supertabular.sty' not found.
    
    Type X to quit or <RETURN> to proceed,
    or enter new name. (Default extension: sty)
    
    n_test/SSsimple/vignettes/SSsimple.tex:8: ==> Fatal error occurred, no output
    PDF file produced!
    Calls: buildVignettes -> texi2pdf -> texi2dvi
    Execution halted
Flavor: r-release-osx-x86_64-mavericks