CRAN Package Check Results for Package STB

Last updated on 2020-05-28 16:49:51 CEST.

Flavor Version Tinstall Tcheck Ttotal Status Flags
r-devel-linux-x86_64-debian-clang 0.6.3.1 9.18 69.68 78.86 OK
r-devel-linux-x86_64-debian-gcc 0.6.3.1 8.34 54.71 63.05 WARN
r-devel-linux-x86_64-fedora-clang 0.6.3.1 109.42 WARN
r-devel-linux-x86_64-fedora-gcc 0.6.3.1 100.35 WARN
r-devel-windows-ix86+x86_64 0.6.3.1 30.00 137.00 167.00 OK
r-patched-linux-x86_64 0.6.3.1 9.04 70.33 79.37 OK
r-patched-solaris-x86 0.6.3.1 142.50 OK
r-release-linux-x86_64 0.6.3.1 8.21 70.06 78.27 OK
r-release-osx-x86_64 0.6.3.1 OK
r-release-windows-ix86+x86_64 0.6.3.1 19.00 134.00 153.00 OK
r-oldrel-osx-x86_64 0.6.3.1 OK
r-oldrel-windows-ix86+x86_64 0.6.3.1 20.00 99.00 119.00 OK

Check Details

Version: 0.6.3.1
Check: whether package can be installed
Result: WARN
    Found the following significant warnings:
     Warning: S4 exports specified in 'NAMESPACE' but not defined in package ‘VCA’
     Warning: S4 exports specified in 'NAMESPACE' but not defined in package ‘STB’
Flavors: r-devel-linux-x86_64-debian-gcc, r-devel-linux-x86_64-fedora-clang

Version: 0.6.3.1
Check: whether the namespace can be loaded with stated dependencies
Result: NOTE
    Warning: S4 exports specified in 'NAMESPACE' but not defined in package ‘STB’
    
    A namespace must be able to be loaded with just the base namespace
    loaded: otherwise if the namespace gets loaded by a saved object, the
    session will be unable to start.
    
    Probably some imports need to be declared in the NAMESPACE file.
Flavors: r-devel-linux-x86_64-debian-gcc, r-devel-linux-x86_64-fedora-clang

Version: 0.6.3.1
Check: compiled code
Result: NOTE
    File ‘STB/libs/STB.so’:
     Found no calls to: ‘R_registerRoutines’, ‘R_useDynamicSymbols’
    
    It is good practice to register native routines and to disable symbol
    search.
    
    See ‘Writing portable packages’ in the ‘Writing R Extensions’ manual.
Flavors: r-devel-linux-x86_64-fedora-clang, r-devel-linux-x86_64-fedora-gcc

Version: 0.6.3.1
Check: whether the namespace can be loaded with stated dependencies
Result: WARN
    Warning: S4 exports specified in 'NAMESPACE' but not defined in package ‘STB’
Flavor: r-devel-linux-x86_64-fedora-gcc