Last updated on 2023-12-04 18:52:32 CET.
Flavor | Version | Tinstall | Tcheck | Ttotal | Status | Flags |
---|---|---|---|---|---|---|
r-devel-linux-x86_64-debian-clang | 0.6.5 | 10.33 | 83.05 | 93.38 | NOTE | |
r-devel-linux-x86_64-debian-gcc | 0.6.5 | 8.90 | 64.38 | 73.28 | NOTE | |
r-devel-linux-x86_64-fedora-clang | 0.6.5 | 119.10 | OK | |||
r-devel-linux-x86_64-fedora-gcc | 0.6.5 | 115.51 | OK | |||
r-devel-windows-x86_64 | 0.6.5 | 12.00 | 83.00 | 95.00 | OK | |
r-patched-linux-x86_64 | 0.6.5 | 15.40 | 82.44 | 97.84 | OK | |
r-release-linux-x86_64 | 0.6.5 | 9.41 | 83.05 | 92.46 | OK | |
r-release-macos-arm64 | 0.6.5 | 39.00 | OK | |||
r-release-macos-x86_64 | 0.6.5 | 65.00 | OK | |||
r-release-windows-x86_64 | 0.6.5 | 15.00 | 98.00 | 113.00 | OK | |
r-oldrel-macos-arm64 | 0.6.5 | 35.00 | OK | |||
r-oldrel-macos-x86_64 | 0.6.5 | 61.00 | OK | |||
r-oldrel-windows-x86_64 | 0.6.5 | 15.00 | 100.00 | 115.00 | OK |
Version: 0.6.5
Check: Rd files
Result: NOTE
checkRd: (-1) rankSTB.Rd:31: Lost braces; missing escapes or markup?
31 | are transformed to min. rank-values. In step 6) the "N_{k-1}-(1-alpha)*N largest" elements of "d_{l}^{theta}" have to
| ^
checkRd: (-1) rankSTB.Rd:31: Lost braces; missing escapes or markup?
31 | are transformed to min. rank-values. In step 6) the "N_{k-1}-(1-alpha)*N largest" elements of "d_{l}^{theta}" have to
| ^
checkRd: (-1) rankSTB.Rd:31: Lost braces; missing escapes or markup?
31 | are transformed to min. rank-values. In step 6) the "N_{k-1}-(1-alpha)*N largest" elements of "d_{l}^{theta}" have to
| ^
checkRd: (-1) stb.default.Rd:43: Lost braces
43 | sampling from the standard normal distribution. Another example is defining func=function(n){rchisq(n=n, df=3, ncp=2)}
| ^
Flavors: r-devel-linux-x86_64-debian-clang, r-devel-linux-x86_64-debian-gcc