CRAN Package Check Results for Package STB

Last updated on 2019-05-22 00:47:44 CEST.

Flavor Version Tinstall Tcheck Ttotal Status Flags
r-devel-linux-x86_64-debian-clang 0.6.3.1 8.74 62.83 71.57 OK
r-devel-linux-x86_64-debian-gcc 0.6.3.1 7.79 50.55 58.34 OK
r-devel-linux-x86_64-fedora-clang 0.6.3.1 86.89 NOTE
r-devel-linux-x86_64-fedora-gcc 0.6.3.1 86.01 NOTE
r-devel-windows-ix86+x86_64 0.6.3.1 18.00 128.00 146.00 OK
r-patched-linux-x86_64 0.6.3.1 8.88 62.48 71.36 OK
r-patched-solaris-x86 0.6.3.1 130.10 OK
r-release-linux-x86_64 0.6.3.1 8.99 62.95 71.94 OK
r-release-windows-ix86+x86_64 0.6.3.1 28.00 111.00 139.00 OK
r-release-osx-x86_64 0.6.3.1 OK
r-oldrel-windows-ix86+x86_64 0.6.3.1 12.00 88.00 100.00 OK
r-oldrel-osx-x86_64 0.6.3.1 OK

Check Details

Version: 0.6.3.1
Check: compiled code
Result: NOTE
    File ‘STB/libs/STB.so’:
     Found no calls to: ‘R_registerRoutines’, ‘R_useDynamicSymbols’
    
    It is good practice to register native routines and to disable symbol
    search.
    
    See ‘Writing portable packages’ in the ‘Writing R Extensions’ manual.
Flavors: r-devel-linux-x86_64-fedora-clang, r-devel-linux-x86_64-fedora-gcc