CRAN Package Check Results for Package STMotif

Last updated on 2022-01-29 07:53:31 CET.

Flavor Version Tinstall Tcheck Ttotal Status Flags
r-devel-linux-x86_64-debian-clang 2.0.1 6.02 75.43 81.45 OK
r-devel-linux-x86_64-debian-gcc 2.0.1 4.94 56.29 61.23 OK
r-devel-linux-x86_64-fedora-clang 2.0.1 89.61 NOTE
r-devel-linux-x86_64-fedora-gcc 2.0.1 80.06 NOTE
r-devel-windows-x86_64-new-UL 2.0.1 27.00 95.00 122.00 OK
r-devel-windows-x86_64-new-TK 2.0.1 NOTE
r-patched-linux-x86_64 2.0.1 OK
r-release-linux-x86_64 2.0.1 5.61 62.97 68.58 OK
r-release-macos-arm64 2.0.1 NOTE
r-release-macos-x86_64 2.0.1 NOTE
r-release-windows-ix86+x86_64 2.0.1 15.00 81.00 96.00 OK
r-oldrel-macos-x86_64 2.0.1 NOTE
r-oldrel-windows-ix86+x86_64 2.0.1 15.00 84.00 99.00 OK

Check Details

Version: 2.0.1
Check: dependencies in R code
Result: NOTE
    Namespace in Imports field not imported from: ‘shiny’
     All declared Imports should be used.
Flavors: r-devel-linux-x86_64-fedora-clang, r-devel-linux-x86_64-fedora-gcc, r-devel-windows-x86_64-new-TK, r-release-macos-arm64, r-release-macos-x86_64, r-oldrel-macos-x86_64