CRAN Package Check Results for Package STPGA

Last updated on 2017-11-24 07:48:19 CET.

Flavor Version Tinstall Tcheck Ttotal Status Flags
r-devel-linux-x86_64-debian-clang 4.0 0.76 41.13 41.89 OK
r-devel-linux-x86_64-debian-gcc 4.0 0.82 60.86 61.68 OK
r-devel-linux-x86_64-fedora-clang 4.0 49.41 OK
r-devel-linux-x86_64-fedora-gcc 4.0 48.95 OK
r-devel-windows-ix86+x86_64 4.0 2.00 58.00 60.00 WARN
r-patched-linux-x86_64 4.0 1.36 70.45 71.81 OK
r-patched-solaris-x86 4.0 55.20 OK
r-release-linux-x86_64 4.0 1.20 69.47 70.68 OK
r-release-windows-ix86+x86_64 4.0 3.00 41.00 44.00 WARN
r-release-osx-x86_64 4.0 WARN
r-oldrel-windows-ix86+x86_64 4.0 3.00 34.00 37.00 WARN
r-oldrel-osx-x86_64 4.0 OK

Check Details

Version: 4.0
Check: re-building of vignette outputs
Result: WARN
    Error in re-building vignettes:
     ...
    Warning: running command '"D:\compiler\texmf\miktex\bin\texify.exe" --quiet --pdf "VignetteforSTPGA.ltx" --max-iterations=20 -I "D:/RCompile/recent/R/share/texmf/tex/latex" -I "D:/RCompile/recent/R/share/texmf/bibtex/bst"' had status 1
    Error: processing vignette 'VignetteforSTPGA.ltx' failed with diagnostics:
    running 'texi2dvi' on 'VignetteforSTPGA.ltx' failed
    
    LaTeX errors:
    ! LaTeX Error: File `dirtytalk.sty' not found.
    
    Type X to quit or <RETURN> to proceed,
    or enter new name. (Default extension: sty)
    
    Execution halted
Flavor: r-devel-windows-ix86+x86_64

Version: 4.0
Check: re-building of vignette outputs
Result: WARN
    Error in re-building vignettes:
     ...
    Warning: running command '"D:\compiler\texmf\miktex\bin\texify.exe" --quiet --pdf "VignetteforSTPGA.ltx" --max-iterations=20 -I "D:/RCompile/recent/R-3.4.2/share/texmf/tex/latex" -I "D:/RCompile/recent/R-3.4.2/share/texmf/bibtex/bst"' had status 1
    Error: processing vignette 'VignetteforSTPGA.ltx' failed with diagnostics:
    running 'texi2dvi' on 'VignetteforSTPGA.ltx' failed
    
    LaTeX errors:
    ! LaTeX Error: File `dirtytalk.sty' not found.
    
    Type X to quit or <RETURN> to proceed,
    or enter new name. (Default extension: sty)
    
    Execution halted
Flavor: r-release-windows-ix86+x86_64

Version: 4.0
Check: re-building of vignette outputs
Result: WARN
    Error in re-building vignettes:
     ...
    Error: processing vignette 'VignetteforSTPGA.ltx' failed with diagnostics:
    Running 'texi2dvi' on 'VignetteforSTPGA.ltx' failed.
    LaTeX errors:
    ! LaTeX Error: File `appendix.sty' not found.
    
    Type X to quit or <RETURN> to proceed,
    or enter new name. (Default extension: sty)
    
    ! Emergency stop.
    <read *>
    
    l.14 \usepackage
     {rotating}^^M
    ! ==> Fatal error occurred, no output PDF file produced!
    Execution halted
Flavor: r-release-osx-x86_64

Version: 4.0
Check: re-building of vignette outputs
Result: WARN
    Error in re-building vignettes:
     ...
    Warning: running command '"D:\compiler\texmf\miktex\bin\texify.exe" --quiet --pdf "VignetteforSTPGA.ltx" --max-iterations=20 -I "D:/RCompile/recent/R-3.3.3/share/texmf/tex/latex" -I "D:/RCompile/recent/R-3.3.3/share/texmf/bibtex/bst"' had status 1
    Error: processing vignette 'VignetteforSTPGA.ltx' failed with diagnostics:
    running 'texi2dvi' on 'VignetteforSTPGA.ltx' failed
    
    LaTeX errors:
    ! LaTeX Error: File `dirtytalk.sty' not found.
    
    Type X to quit or <RETURN> to proceed,
    or enter new name. (Default extension: sty)
    
    Execution halted
Flavor: r-oldrel-windows-ix86+x86_64