CRAN Package Check Results for Package STPGA

Last updated on 2018-06-21 14:47:15 CEST.

Flavor Version Tinstall Tcheck Ttotal Status Flags
r-devel-linux-x86_64-debian-clang 4.0 2.20 33.85 36.05 OK
r-devel-linux-x86_64-debian-gcc 4.0 1.85 29.72 31.57 OK
r-devel-linux-x86_64-fedora-clang 4.0 49.74 OK
r-devel-linux-x86_64-fedora-gcc 4.0 47.79 OK
r-devel-windows-ix86+x86_64 4.0 6.00 38.00 44.00 WARN
r-patched-linux-x86_64 4.0 2.43 36.62 39.05 OK
r-patched-solaris-x86 4.0 58.50 OK
r-release-linux-x86_64 4.0 2.44 36.03 38.47 OK
r-release-windows-ix86+x86_64 4.0 4.00 43.00 47.00 WARN
r-release-osx-x86_64 4.0 OK
r-oldrel-windows-ix86+x86_64 4.0 4.00 38.00 42.00 WARN
r-oldrel-osx-x86_64 4.0 WARN

Check Details

Version: 4.0
Check: re-building of vignette outputs
Result: WARN
    Error in re-building vignettes:
     ...
    Warning in system(paste(shQuote(texi2dvi), if (quiet) "--quiet" else "", :
     running command '"D:\compiler\texmf\miktex\bin\texify.exe" --quiet --pdf "VignetteforSTPGA.ltx" --max-iterations=20 -I "D:/RCompile/recent/R/share/texmf/tex/latex" -I "D:/RCompile/recent/R/share/texmf/bibtex/bst"' had status 1
    Error: processing vignette 'VignetteforSTPGA.ltx' failed with diagnostics:
    running 'texi2dvi' on 'VignetteforSTPGA.ltx' failed
    
    LaTeX errors:
    ! LaTeX Error: File `dirtytalk.sty' not found.
    
    Type X to quit or <RETURN> to proceed,
    or enter new name. (Default extension: sty)
    
    Execution halted
Flavor: r-devel-windows-ix86+x86_64

Version: 4.0
Check: re-building of vignette outputs
Result: WARN
    Error in re-building vignettes:
     ...
    Warning in system(paste(shQuote(texi2dvi), if (quiet) "--quiet" else "", :
     running command '"D:\compiler\texmf\miktex\bin\texify.exe" --quiet --pdf "VignetteforSTPGA.ltx" --max-iterations=20 -I "D:/RCompile/recent/R-3.5.0/share/texmf/tex/latex" -I "D:/RCompile/recent/R-3.5.0/share/texmf/bibtex/bst"' had status 1
    Error: processing vignette 'VignetteforSTPGA.ltx' failed with diagnostics:
    running 'texi2dvi' on 'VignetteforSTPGA.ltx' failed
    
    LaTeX errors:
    ! LaTeX Error: File `dirtytalk.sty' not found.
    
    Type X to quit or <RETURN> to proceed,
    or enter new name. (Default extension: sty)
    
    Execution halted
Flavor: r-release-windows-ix86+x86_64

Version: 4.0
Check: re-building of vignette outputs
Result: WARN
    Error in re-building vignettes:
     ...
    Warning: running command '"D:\compiler\texmf\miktex\bin\texify.exe" --quiet --pdf "VignetteforSTPGA.ltx" --max-iterations=20 -I "D:/RCompile/recent/R-3.4.4/share/texmf/tex/latex" -I "D:/RCompile/recent/R-3.4.4/share/texmf/bibtex/bst"' had status 1
    Error: processing vignette 'VignetteforSTPGA.ltx' failed with diagnostics:
    running 'texi2dvi' on 'VignetteforSTPGA.ltx' failed
    
    LaTeX errors:
    ! LaTeX Error: File `dirtytalk.sty' not found.
    
    Type X to quit or <RETURN> to proceed,
    or enter new name. (Default extension: sty)
    
    Execution halted
Flavor: r-oldrel-windows-ix86+x86_64

Version: 4.0
Check: re-building of vignette outputs
Result: WARN
    Error in re-building vignettes:
     ...
    Error: processing vignette 'VignetteforSTPGA.ltx' failed with diagnostics:
    Running 'texi2dvi' on 'VignetteforSTPGA.ltx' failed.
    LaTeX errors:
    ! LaTeX Error: File `appendix.sty' not found.
    
    Type X to quit or <RETURN> to proceed,
    or enter new name. (Default extension: sty)
    
    ! Emergency stop.
    <read *>
    
    l.14 \usepackage
     {rotating}^^M
    ! ==> Fatal error occurred, no output PDF file produced!
    Execution halted
Flavor: r-oldrel-osx-x86_64