CRAN Package Check Results for Package STRMPS

Last updated on 2020-09-19 08:50:14 CEST.

Flavor Version Tinstall Tcheck Ttotal Status Flags
r-devel-linux-x86_64-debian-clang 0.5.8 38.05 343.34 381.39 NOTE
r-devel-linux-x86_64-debian-gcc 0.5.8 34.12 257.74 291.86 NOTE
r-devel-linux-x86_64-fedora-clang 0.5.8 493.93 NOTE
r-devel-linux-x86_64-fedora-gcc 0.5.8 485.73 NOTE
r-devel-windows-ix86+x86_64 0.5.8 91.00 405.00 496.00 NOTE
r-patched-linux-x86_64 0.5.8 35.46 327.33 362.79 NOTE
r-patched-solaris-x86 0.5.8 649.10 NOTE
r-release-linux-x86_64 0.5.8 35.22 325.55 360.77 NOTE
r-release-macos-x86_64 0.5.8 NOTE
r-release-windows-ix86+x86_64 0.5.8 87.00 331.00 418.00 NOTE
r-oldrel-macos-x86_64 0.5.8 ERROR
r-oldrel-windows-ix86+x86_64 0.5.8 58.00 335.00 393.00 NOTE

Check Details

Version: 0.5.8
Check: package dependencies
Result: NOTE
    Package suggested but not available for checking: 'STRaitRazoR'
Flavors: r-devel-linux-x86_64-debian-clang, r-devel-linux-x86_64-debian-gcc, r-devel-linux-x86_64-fedora-clang, r-devel-linux-x86_64-fedora-gcc, r-devel-windows-ix86+x86_64, r-patched-linux-x86_64, r-patched-solaris-x86, r-release-linux-x86_64, r-release-macos-x86_64, r-release-windows-ix86+x86_64, r-oldrel-macos-x86_64, r-oldrel-windows-ix86+x86_64

Version: 0.5.8
Check: whether package can be installed
Result: ERROR
    Installation failed.
Flavor: r-oldrel-macos-x86_64