CRAN Package Check Results for Package STRMPS

Last updated on 2020-02-21 04:48:38 CET.

Flavor Version Tinstall Tcheck Ttotal Status Flags
r-devel-linux-x86_64-debian-clang 0.5.8 40.46 345.83 386.29 NOTE
r-devel-linux-x86_64-debian-gcc 0.5.8 32.96 264.28 297.24 NOTE
r-devel-linux-x86_64-fedora-clang 0.5.8 476.01 NOTE
r-devel-linux-x86_64-fedora-gcc 0.5.8 456.62 NOTE
r-devel-windows-ix86+x86_64 0.5.8 65.00 316.00 381.00 NOTE
r-devel-windows-ix86+x86_64-gcc8 0.5.8 97.00 421.00 518.00 NOTE
r-patched-linux-x86_64 0.5.8 32.36 296.86 329.22 NOTE
r-patched-solaris-x86 0.5.8 630.90 NOTE
r-release-linux-x86_64 0.5.8 32.90 299.30 332.20 NOTE
r-release-windows-ix86+x86_64 0.5.8 64.00 327.00 391.00 NOTE
r-release-osx-x86_64 0.5.8 ERROR
r-oldrel-windows-ix86+x86_64 0.5.8 36.00 258.00 294.00 NOTE
r-oldrel-osx-x86_64 0.5.8 ERROR

Check Details

Version: 0.5.8
Check: package dependencies
Result: NOTE
    Package suggested but not available for checking: 'STRaitRazoR'
Flavors: r-devel-linux-x86_64-debian-clang, r-devel-linux-x86_64-debian-gcc, r-devel-linux-x86_64-fedora-clang, r-devel-linux-x86_64-fedora-gcc, r-devel-windows-ix86+x86_64, r-devel-windows-ix86+x86_64-gcc8, r-patched-linux-x86_64, r-patched-solaris-x86, r-release-linux-x86_64, r-release-windows-ix86+x86_64, r-release-osx-x86_64, r-oldrel-windows-ix86+x86_64

Version: 0.5.8
Check: whether package can be installed
Result: ERROR
    Installation failed.
Flavor: r-release-osx-x86_64

Version: 0.5.8
Check: package dependencies
Result: ERROR
    Package required but not available: ‘ShortRead’
    
    Package suggested but not available for checking: ‘STRaitRazoR’
    
    See section ‘The DESCRIPTION file’ in the ‘Writing R Extensions’
    manual.
Flavor: r-oldrel-osx-x86_64