CRAN Package Check Results for Package SUE

Last updated on 2015-07-01 23:47:16.

Flavor Version Tinstall Tcheck Ttotal Status Flags
r-devel-linux-x86_64-debian-clang 1.0 0.58 11.04 11.62 NOTE
r-devel-linux-x86_64-debian-gcc 1.0 0.50 10.78 11.27 NOTE
r-devel-linux-x86_64-fedora-clang 1.0 22.42 NOTE
r-devel-linux-x86_64-fedora-gcc 1.0 20.68 NOTE
r-devel-osx-x86_64-clang 1.0 23.23 NOTE
r-devel-windows-ix86+x86_64 1.0 2.00 19.00 21.00 NOTE
r-patched-linux-x86_64 1.0 0.63 11.66 12.28 NOTE
r-patched-solaris-sparc 1.0 151.70 NOTE
r-patched-solaris-x86 1.0 33.40 NOTE
r-release-linux-x86_64 1.0 0.52 11.24 11.76 NOTE
r-release-osx-x86_64-mavericks 1.0 NOTE
r-release-windows-ix86+x86_64 1.0 2.00 19.00 21.00 NOTE
r-oldrel-windows-ix86+x86_64 1.0 4.00 22.00 26.00 OK

Check Details

Version: 1.0
Check: DESCRIPTION meta-information
Result: NOTE
    Malformed Description field: should contain one or more complete sentences.
Flavors: r-devel-linux-x86_64-debian-clang, r-devel-linux-x86_64-debian-gcc, r-devel-linux-x86_64-fedora-clang, r-devel-linux-x86_64-fedora-gcc, r-devel-osx-x86_64-clang, r-devel-windows-ix86+x86_64, r-patched-linux-x86_64, r-patched-solaris-sparc, r-patched-solaris-x86, r-release-linux-x86_64, r-release-osx-x86_64-mavericks, r-release-windows-ix86+x86_64

Version: 1.0
Check: R code for possible problems
Result: NOTE
    SUE.fitted.values: no visible global function definition for
     ‘model.frame’
    SUE.lm: no visible global function definition for ‘model.frame’
    SUE.lm: no visible global function definition for ‘lm’
    SUE.lm: no visible global function definition for ‘anova’
    SUE.plot: no visible global function definition for ‘plot’
    SUE.residuals: no visible global function definition for ‘model.frame’
    parameters : para2: no visible global function definition for ‘uniroot’
    parameters: no visible global function definition for ‘optimize’
    parameters: no visible global function definition for ‘uniroot’
Flavors: r-devel-linux-x86_64-debian-clang, r-devel-linux-x86_64-debian-gcc, r-devel-linux-x86_64-fedora-clang, r-devel-linux-x86_64-fedora-gcc, r-devel-windows-ix86+x86_64

Version: 1.0
Check: Rd line widths
Result: NOTE
    Rd file 'SUE.lm.Rd':
     \examples lines wider than 100 characters:
     ##We analysis the well known stackloss data by using ordinary linear method and the subsampling method.
     ##proportion of outliers in the data. The subsample size is chosen to be the default size of ns = 11.
     plot(SUE.fitted.values(a2),SUE.residuals(a2),xlab="(b) fitted values",ylab="residuals",ylim=c(-12,12))
     plot(SUE.fitted.values(a3),SUE.residuals(a3),xlab="(c) fitted values",ylab="residuals",ylim=c(-12,12))
    
    These lines will be truncated in the PDF manual.
Flavors: r-devel-linux-x86_64-debian-clang, r-devel-linux-x86_64-debian-gcc, r-devel-linux-x86_64-fedora-clang, r-devel-linux-x86_64-fedora-gcc, r-patched-linux-x86_64, r-release-linux-x86_64