CRAN Package Check Results for Package SUE

Last updated on 2015-05-24 23:47:39.

Flavor Version Tinstall Tcheck Ttotal Status Flags
r-devel-linux-x86_64-debian-clang 1.0 0.52 11.78 12.30 NOTE
r-devel-linux-x86_64-debian-gcc 1.0 0.54 11.45 11.99 NOTE
r-devel-linux-x86_64-fedora-clang 1.0 23.54 NOTE
r-devel-linux-x86_64-fedora-gcc 1.0 22.45 NOTE
r-devel-osx-x86_64-clang 1.0 25.95 NOTE
r-devel-windows-ix86+x86_64 1.0 3.00 20.00 23.00 NOTE
r-patched-linux-x86_64 1.0 0.56 12.22 12.78 NOTE
r-patched-solaris-sparc 1.0 151.70 NOTE
r-patched-solaris-x86 1.0 33.40 NOTE
r-release-linux-x86_64 1.0 0.52 11.78 12.30 NOTE
r-release-osx-x86_64-mavericks 1.0 NOTE
r-release-osx-x86_64-snowleopard 1.0 NOTE
r-release-windows-ix86+x86_64 1.0 2.00 20.00 22.00 NOTE
r-oldrel-windows-ix86+x86_64 1.0 3.00 22.00 25.00 OK

Check Details

Version: 1.0
Check: DESCRIPTION meta-information
Result: NOTE
    Malformed Description field: should contain one or more complete sentences.
Flavors: r-devel-linux-x86_64-debian-clang, r-devel-linux-x86_64-debian-gcc, r-devel-linux-x86_64-fedora-clang, r-devel-linux-x86_64-fedora-gcc, r-devel-osx-x86_64-clang, r-devel-windows-ix86+x86_64, r-patched-linux-x86_64, r-patched-solaris-sparc, r-patched-solaris-x86, r-release-linux-x86_64, r-release-osx-x86_64-mavericks, r-release-osx-x86_64-snowleopard, r-release-windows-ix86+x86_64

Version: 1.0
Check: Rd line widths
Result: NOTE
    Rd file 'SUE.lm.Rd':
     \examples lines wider than 100 characters:
     ##We analysis the well known stackloss data by using ordinary linear method and the subsampling method.
     ##proportion of outliers in the data. The subsample size is chosen to be the default size of ns = 11.
     plot(SUE.fitted.values(a2),SUE.residuals(a2),xlab="(b) fitted values",ylab="residuals",ylim=c(-12,12))
     plot(SUE.fitted.values(a3),SUE.residuals(a3),xlab="(c) fitted values",ylab="residuals",ylim=c(-12,12))
    
    These lines will be truncated in the PDF manual.
Flavors: r-devel-linux-x86_64-debian-clang, r-devel-linux-x86_64-debian-gcc, r-devel-linux-x86_64-fedora-clang, r-devel-linux-x86_64-fedora-gcc, r-patched-linux-x86_64, r-release-linux-x86_64