CRAN Package Check Results for Package SUE

Last updated on 2014-12-22 12:49:58.

Flavor Version Tinstall Tcheck Ttotal Status Flags
r-devel-linux-x86_64-debian-clang 1.0 0.56 12.12 12.68 NOTE
r-devel-linux-x86_64-debian-gcc 1.0 0.55 12.11 12.66 NOTE
r-devel-linux-x86_64-fedora-clang 1.0 27.11 NOTE
r-devel-linux-x86_64-fedora-gcc 1.0 26.61 NOTE
r-devel-osx-x86_64-clang 1.0 28.34 OK
r-devel-windows-ix86+x86_64 1.0 3.00 21.00 24.00 OK
r-patched-linux-x86_64 1.0 0.58 12.50 13.08 NOTE
r-patched-solaris-sparc 1.0 166.00 OK
r-patched-solaris-x86 1.0 35.80 OK
r-release-linux-ix86 1.0 0.81 17.91 18.72 OK
r-release-linux-x86_64 1.0 0.58 12.58 13.16 NOTE
r-release-osx-x86_64-mavericks 1.0 OK
r-release-windows-ix86+x86_64 1.0 3.00 21.00 24.00 OK
r-oldrel-windows-ix86+x86_64 1.0 2.00 21.00 23.00 OK

Check Details

Version: 1.0
Check: Rd line widths
Result: NOTE
    Rd file 'SUE.lm.Rd':
     \examples lines wider than 100 characters:
     ##We analysis the well known stackloss data by using ordinary linear method and the subsampling method.
     ##proportion of outliers in the data. The subsample size is chosen to be the default size of ns = 11.
     plot(SUE.fitted.values(a2),SUE.residuals(a2),xlab="(b) fitted values",ylab="residuals",ylim=c(-12,12))
     plot(SUE.fitted.values(a3),SUE.residuals(a3),xlab="(c) fitted values",ylab="residuals",ylim=c(-12,12))
    
    These lines will be truncated in the PDF manual.
Flavors: r-devel-linux-x86_64-debian-clang, r-devel-linux-x86_64-debian-gcc, r-devel-linux-x86_64-fedora-clang, r-devel-linux-x86_64-fedora-gcc, r-patched-linux-x86_64, r-release-linux-x86_64