CRAN Package Check Results for Package SUE

Last updated on 2015-02-28 12:51:28.

Flavor Version Tinstall Tcheck Ttotal Status Flags
r-devel-linux-x86_64-debian-clang 1.0 0.63 11.56 12.19 NOTE
r-devel-linux-x86_64-debian-gcc 1.0 0.51 11.27 11.78 NOTE
r-devel-linux-x86_64-fedora-clang 1.0 23.93 NOTE
r-devel-linux-x86_64-fedora-gcc 1.0 23.54 NOTE
r-devel-osx-x86_64-clang 1.0 27.28 NOTE
r-devel-windows-ix86+x86_64 1.0 4.00 21.00 25.00 NOTE
r-patched-linux-x86_64 1.0 0.57 12.69 13.26 NOTE
r-patched-solaris-sparc 1.0 166.20 OK
r-patched-solaris-x86 1.0 37.50 OK
r-release-linux-ix86 1.0 1.02 18.62 19.64 NOTE
r-release-linux-x86_64 1.0 0.56 12.92 13.48 NOTE
r-release-osx-x86_64-mavericks 1.0 OK
r-release-windows-ix86+x86_64 1.0 2.00 22.00 24.00 OK
r-oldrel-windows-ix86+x86_64 1.0 2.00 21.00 23.00 OK

Check Details

Version: 1.0
Check: DESCRIPTION meta-information
Result: NOTE
    Malformed Description field: should contain one or more complete sentences.
Flavors: r-devel-linux-x86_64-debian-clang, r-devel-linux-x86_64-debian-gcc, r-devel-linux-x86_64-fedora-clang, r-devel-linux-x86_64-fedora-gcc, r-devel-osx-x86_64-clang, r-devel-windows-ix86+x86_64

Version: 1.0
Check: Rd line widths
Result: NOTE
    Rd file 'SUE.lm.Rd':
     \examples lines wider than 100 characters:
     ##We analysis the well known stackloss data by using ordinary linear method and the subsampling method.
     ##proportion of outliers in the data. The subsample size is chosen to be the default size of ns = 11.
     plot(SUE.fitted.values(a2),SUE.residuals(a2),xlab="(b) fitted values",ylab="residuals",ylim=c(-12,12))
     plot(SUE.fitted.values(a3),SUE.residuals(a3),xlab="(c) fitted values",ylab="residuals",ylim=c(-12,12))
    
    These lines will be truncated in the PDF manual.
Flavors: r-devel-linux-x86_64-debian-clang, r-devel-linux-x86_64-debian-gcc, r-devel-linux-x86_64-fedora-clang, r-devel-linux-x86_64-fedora-gcc, r-patched-linux-x86_64, r-release-linux-ix86, r-release-linux-x86_64