CRAN Package Check Results for Package SUE

Last updated on 2015-01-29 05:48:35.

Flavor Version Tinstall Tcheck Ttotal Status Flags
r-devel-linux-x86_64-debian-clang 1.0 0.66 12.09 12.75 NOTE
r-devel-linux-x86_64-debian-gcc 1.0 0.57 11.84 12.41 NOTE
r-devel-linux-x86_64-fedora-clang 1.0 26.45 NOTE
r-devel-linux-x86_64-fedora-gcc 1.0 25.66 NOTE
r-devel-osx-x86_64-clang 1.0 28.74 OK
r-devel-windows-ix86+x86_64 1.0 3.00 21.00 24.00 OK
r-patched-linux-x86_64 1.0 0.57 12.16 12.73 NOTE
r-patched-solaris-sparc 1.0 166.20 OK
r-patched-solaris-x86 1.0 36.70 OK
r-release-linux-ix86 1.0 0.84 17.69 18.52 OK
r-release-linux-x86_64 1.0 0.69 12.27 12.96 NOTE
r-release-osx-x86_64-mavericks 1.0 OK
r-release-windows-ix86+x86_64 1.0 2.00 24.00 26.00 OK
r-oldrel-windows-ix86+x86_64 1.0 2.00 35.00 37.00 OK

Check Details

Version: 1.0
Check: Rd line widths
Result: NOTE
    Rd file 'SUE.lm.Rd':
     \examples lines wider than 100 characters:
     ##We analysis the well known stackloss data by using ordinary linear method and the subsampling method.
     ##proportion of outliers in the data. The subsample size is chosen to be the default size of ns = 11.
     plot(SUE.fitted.values(a2),SUE.residuals(a2),xlab="(b) fitted values",ylab="residuals",ylim=c(-12,12))
     plot(SUE.fitted.values(a3),SUE.residuals(a3),xlab="(c) fitted values",ylab="residuals",ylim=c(-12,12))
    
    These lines will be truncated in the PDF manual.
Flavors: r-devel-linux-x86_64-debian-clang, r-devel-linux-x86_64-debian-gcc, r-devel-linux-x86_64-fedora-clang, r-devel-linux-x86_64-fedora-gcc, r-patched-linux-x86_64, r-release-linux-x86_64