CRAN Package Check Results for Package SUE

Last updated on 2014-04-24 09:49:12.

Flavor Version Tinstall Tcheck Ttotal Status Flags
r-devel-linux-x86_64-debian-clang 1.0 0.54 12.70 13.24 OK
r-devel-linux-x86_64-debian-gcc 1.0 0.56 12.20 12.75 OK
r-devel-linux-x86_64-fedora-clang 1.0 26.51 NOTE
r-devel-linux-x86_64-fedora-gcc 1.0 24.27 NOTE
r-devel-osx-x86_64-clang 1.0 23.85 OK
r-devel-osx-x86_64-gcc 1.0 OK
r-devel-windows-ix86+x86_64 1.0 2.00 20.00 22.00 OK
r-patched-linux-x86_64 1.0 0.56 12.16 12.71 OK
r-patched-solaris-sparc 1.0 141.80 OK
r-patched-solaris-x86 1.0 36.00 OK
r-release-linux-ix86 1.0 1.00 26.00 27.00 OK
r-release-linux-x86_64 1.0 0.56 12.71 13.26 OK
r-release-osx-x86_64-mavericks 1.0 WARN
r-release-windows-ix86+x86_64 1.0 2.00 20.00 22.00 OK
r-oldrel-windows-ix86+x86_64 1.0 2.00 19.00 21.00 OK

Check Details

Version: 1.0
Check: Rd line widths
Result: NOTE
    Rd file 'SUE.lm.Rd':
     \examples lines wider than 100 characters:
     ##We analysis the well known stackloss data by using ordinary linear method and the subsampling method.
     ##proportion of outliers in the data. The subsample size is chosen to be the default size of ns = 11.
     plot(SUE.fitted.values(a2),SUE.residuals(a2),xlab="(b) fitted values",ylab="residuals",ylim=c(-12,12))
     plot(SUE.fitted.values(a3),SUE.residuals(a3),xlab="(c) fitted values",ylab="residuals",ylim=c(-12,12))
    
    These lines will be truncated in the PDF manual.
Flavors: r-devel-linux-x86_64-fedora-clang, r-devel-linux-x86_64-fedora-gcc

Version: 1.0
Check: PDF version of manual
Result: WARNING
    LaTeX errors when creating PDF version.
    This typically indicates Rd problems.
    LaTeX errors found:
    ! LaTeX Error: File `upquote.sty' not found.
    
    Type X to quit or <RETURN> to proceed,
    or enter new name. (Default extension: sty)
    
    163bc46/Rd2.tex:8: ==> Fatal error occurred, no output PDF file produced!
Flavor: r-release-osx-x86_64-mavericks