CRAN Package Check Results for Package SUE

Last updated on 2017-01-22 23:48:48.

Flavor Version Tinstall Tcheck Ttotal Status Flags
r-devel-linux-x86_64-debian-clang 1.0 0.65 13.37 14.01 NOTE
r-devel-linux-x86_64-debian-gcc 1.0 0.59 13.48 14.07 NOTE
r-devel-linux-x86_64-fedora-clang 1.0 24.26 NOTE --no-stop-on-test-error
r-devel-linux-x86_64-fedora-gcc 1.0 23.21 NOTE --no-stop-on-test-error
r-devel-macos-x86_64-clang 1.0 21.52 NOTE --no-stop-on-test-error
r-devel-windows-ix86+x86_64 1.0 3.00 34.00 37.00 NOTE
r-patched-linux-x86_64 1.0 0.56 11.77 12.33 NOTE
r-patched-solaris-sparc 1.0 123.90 NOTE
r-patched-solaris-x86 1.0 28.50 NOTE
r-release-linux-x86_64 1.0 0.54 11.55 12.09 NOTE
r-release-osx-x86_64-mavericks 1.0 NOTE
r-release-windows-ix86+x86_64 1.0 7.00 31.00 38.00 NOTE
r-oldrel-windows-ix86+x86_64 1.0 6.00 56.00 62.00 NOTE

Check Details

Version: 1.0
Check: DESCRIPTION meta-information
Result: NOTE
    Malformed Description field: should contain one or more complete sentences.
Flavors: r-devel-linux-x86_64-debian-clang, r-devel-linux-x86_64-debian-gcc, r-devel-windows-ix86+x86_64, r-patched-linux-x86_64, r-patched-solaris-sparc, r-patched-solaris-x86, r-release-linux-x86_64, r-release-osx-x86_64-mavericks, r-release-windows-ix86+x86_64, r-oldrel-windows-ix86+x86_64

Version: 1.0
Check: R code for possible problems
Result: NOTE
    SUE.fitted.values: no visible global function definition for
     ‘model.frame’
    SUE.lm: no visible global function definition for ‘model.frame’
    SUE.lm: no visible global function definition for ‘lm’
    SUE.lm: no visible global function definition for ‘anova’
    SUE.plot: no visible global function definition for ‘plot’
    SUE.residuals: no visible global function definition for ‘model.frame’
    parameters : para2: no visible global function definition for ‘uniroot’
    parameters: no visible global function definition for ‘optimize’
    parameters: no visible global function definition for ‘uniroot’
    Undefined global functions or variables:
     anova lm model.frame optimize plot uniroot
    Consider adding
     importFrom("graphics", "plot")
     importFrom("stats", "anova", "lm", "model.frame", "optimize",
     "uniroot")
    to your NAMESPACE file.
Flavors: r-devel-linux-x86_64-debian-clang, r-devel-linux-x86_64-debian-gcc, r-devel-windows-ix86+x86_64, r-patched-linux-x86_64, r-patched-solaris-sparc, r-patched-solaris-x86, r-release-linux-x86_64, r-release-osx-x86_64-mavericks, r-release-windows-ix86+x86_64

Version: 1.0
Check: Rd line widths
Result: NOTE
    Rd file 'SUE.lm.Rd':
     \examples lines wider than 100 characters:
     ##We analysis the well known stackloss data by using ordinary linear method and the subsampling method.
     ##proportion of outliers in the data. The subsample size is chosen to be the default size of ns = 11.
     plot(SUE.fitted.values(a2),SUE.residuals(a2),xlab="(b) fitted values",ylab="residuals",ylim=c(-12,12))
     plot(SUE.fitted.values(a3),SUE.residuals(a3),xlab="(c) fitted values",ylab="residuals",ylim=c(-12,12))
    
    These lines will be truncated in the PDF manual.
Flavors: r-devel-linux-x86_64-debian-clang, r-devel-linux-x86_64-debian-gcc, r-patched-linux-x86_64, r-release-linux-x86_64

Version: 1.0
Flags: --no-stop-on-test-error
Check: DESCRIPTION meta-information
Result: NOTE
    Malformed Description field: should contain one or more complete sentences.
Flavors: r-devel-linux-x86_64-fedora-clang, r-devel-linux-x86_64-fedora-gcc, r-devel-macos-x86_64-clang

Version: 1.0
Flags: --no-stop-on-test-error
Check: R code for possible problems
Result: NOTE
    SUE.fitted.values: no visible global function definition for
     ‘model.frame’
    SUE.lm: no visible global function definition for ‘model.frame’
    SUE.lm: no visible global function definition for ‘lm’
    SUE.lm: no visible global function definition for ‘anova’
    SUE.plot: no visible global function definition for ‘plot’
    SUE.residuals: no visible global function definition for ‘model.frame’
    parameters : para2: no visible global function definition for ‘uniroot’
    parameters: no visible global function definition for ‘optimize’
    parameters: no visible global function definition for ‘uniroot’
    Undefined global functions or variables:
     anova lm model.frame optimize plot uniroot
    Consider adding
     importFrom("graphics", "plot")
     importFrom("stats", "anova", "lm", "model.frame", "optimize",
     "uniroot")
    to your NAMESPACE file.
Flavors: r-devel-linux-x86_64-fedora-clang, r-devel-linux-x86_64-fedora-gcc, r-devel-macos-x86_64-clang

Version: 1.0
Flags: --no-stop-on-test-error
Check: Rd line widths
Result: NOTE
    Rd file 'SUE.lm.Rd':
     \examples lines wider than 100 characters:
     ##We analysis the well known stackloss data by using ordinary linear method and the subsampling method.
     ##proportion of outliers in the data. The subsample size is chosen to be the default size of ns = 11.
     plot(SUE.fitted.values(a2),SUE.residuals(a2),xlab="(b) fitted values",ylab="residuals",ylim=c(-12,12))
     plot(SUE.fitted.values(a3),SUE.residuals(a3),xlab="(c) fitted values",ylab="residuals",ylim=c(-12,12))
    
    These lines will be truncated in the PDF manual.
Flavors: r-devel-linux-x86_64-fedora-clang, r-devel-linux-x86_64-fedora-gcc