CRAN Package Check Results for Package SUMMER

Last updated on 2022-09-30 23:55:44 CEST.

Flavor Version Tinstall Tcheck Ttotal Status Flags
r-devel-linux-x86_64-debian-clang 1.3.0 26.14 164.10 190.24 NOTE
r-devel-linux-x86_64-debian-gcc 1.3.0 20.77 117.73 138.50 NOTE
r-devel-linux-x86_64-fedora-clang 1.3.0 263.07 NOTE
r-devel-linux-x86_64-fedora-gcc 1.3.0 250.64 OK
r-devel-windows-x86_64 1.3.0 47.00 194.00 241.00 NOTE
r-patched-linux-x86_64 1.3.0 25.12 151.61 176.73 NOTE
r-release-linux-x86_64 1.3.0 18.48 150.72 169.20 NOTE
r-release-macos-arm64 1.3.0 64.00 NOTE
r-release-macos-x86_64 1.3.0 87.00 NOTE
r-release-windows-x86_64 1.3.0 54.00 160.00 214.00 NOTE
r-oldrel-macos-arm64 1.3.0 63.00 NOTE
r-oldrel-macos-x86_64 1.3.0 88.00 NOTE
r-oldrel-windows-ix86+x86_64 1.3.0 49.00 179.00 228.00 NOTE

Check Details

Version: 1.3.0
Check: package dependencies
Result: NOTE
    Package suggested but not available for checking: 'INLA'
Flavors: r-devel-linux-x86_64-debian-clang, r-devel-linux-x86_64-debian-gcc, r-devel-windows-x86_64, r-patched-linux-x86_64, r-release-linux-x86_64, r-release-macos-arm64, r-release-macos-x86_64, r-release-windows-x86_64, r-oldrel-macos-arm64, r-oldrel-macos-x86_64

Version: 1.3.0
Check: installed package size
Result: NOTE
     installed size is 5.9Mb
     sub-directories of 1Mb or more:
     data 2.0Mb
     doc 3.3Mb
Flavors: r-devel-linux-x86_64-fedora-clang, r-devel-windows-x86_64, r-release-macos-arm64, r-release-macos-x86_64, r-release-windows-x86_64, r-oldrel-macos-arm64, r-oldrel-macos-x86_64, r-oldrel-windows-ix86+x86_64