CRAN Package Check Results for Package SUNGEO

Last updated on 2021-02-26 19:51:04 CET.

Flavor Version Tinstall Tcheck Ttotal Status Flags
r-devel-linux-x86_64-debian-clang 0.2.1 19.83 169.00 188.83 OK
r-devel-linux-x86_64-debian-gcc 0.2.1 17.06 124.63 141.69 OK
r-devel-linux-x86_64-fedora-clang 0.2.1 233.65 NOTE
r-devel-linux-x86_64-fedora-gcc 0.2.1 219.39 NOTE
r-devel-windows-ix86+x86_64 0.2.1 35.00 146.00 181.00 OK
r-patched-linux-x86_64 0.2.1 19.50 154.01 173.51 OK
r-patched-solaris-x86 0.2.1 350.80 NOTE
r-release-linux-x86_64 0.2.1 20.51 153.49 174.00 OK
r-release-macos-x86_64 0.2.1 NOTE
r-release-windows-ix86+x86_64 0.2.1 48.00 198.00 246.00 OK
r-oldrel-macos-x86_64 0.2.1 NOTE
r-oldrel-windows-ix86+x86_64 0.2.1 29.00 134.00 163.00 OK

Check Details

Version: 0.2.1
Check: data for non-ASCII characters
Result: NOTE
     Note: found 6 marked UTF-8 strings
Flavors: r-devel-linux-x86_64-fedora-clang, r-devel-linux-x86_64-fedora-gcc, r-patched-solaris-x86, r-release-macos-x86_64, r-oldrel-macos-x86_64