CRAN Package Check Results for Package SVMMaj

Last updated on 2014-04-21 09:48:10.

Flavor Version Tinstall Tcheck Ttotal Status Flags
r-devel-linux-x86_64-debian-clang 0.2-2 2.22 29.78 32.00 NOTE
r-devel-linux-x86_64-debian-gcc 0.2-2 2.15 29.56 31.72 NOTE
r-devel-linux-x86_64-fedora-clang 0.2-2 65.32 NOTE
r-devel-linux-x86_64-fedora-gcc 0.2-2 61.97 NOTE
r-devel-macosx-x86_64-clang 0.2-2 48.18 NOTE
r-devel-macosx-x86_64-gcc 0.2-2 NOTE
r-devel-windows-ix86+x86_64 0.2-2 5.00 44.00 49.00 NOTE
r-patched-linux-x86_64 0.2-2 2.07 29.80 31.87 NOTE
r-patched-solaris-sparc 0.2-2 470.40 NOTE
r-patched-solaris-x86 0.2-2 89.50 NOTE
r-release-linux-ix86 NOTE
r-release-linux-x86_64 0.2-2 2.07 29.29 31.36 NOTE
r-release-macosx-x86_64 0.2-2 NOTE
r-release-windows-ix86+x86_64 0.2-2 8.00 45.00 53.00 NOTE
r-oldrel-windows-ix86+x86_64 0.2-2 6.00 41.00 47.00 NOTE

Check Details

Version: 0.2-2
Check: dependencies in R code
Result: NOTE
    Namespaces in Imports field not imported from:
     ‘MASS’ ‘graphics’ ‘methods’ ‘stats’
     All declared Imports should be used.
    Package in Depends field not imported from: ‘kernlab’
     These packages need to be imported from (in the NAMESPACE file)
     for when this namespace is loaded but not attached.
    See the information on DESCRIPTION files in the chapter ‘Creating R
    packages’ of the ‘Writing R Extensions’ manual.
Flavors: r-devel-linux-x86_64-debian-clang, r-devel-linux-x86_64-debian-gcc, r-devel-linux-x86_64-fedora-clang, r-devel-linux-x86_64-fedora-gcc, r-devel-macosx-x86_64-clang, r-devel-macosx-x86_64-gcc, r-devel-windows-ix86+x86_64, r-patched-linux-x86_64, r-patched-solaris-sparc, r-patched-solaris-x86, r-release-linux-ix86, r-release-linux-x86_64, r-release-windows-ix86+x86_64, r-oldrel-windows-ix86+x86_64

Version: 0.2-2
Check: R code for possible problems
Result: NOTE
    roccurve: warning in formatC(sum(c1 * cumsum(c2)), digit = 4): partial
     argument match of 'digit' to 'digits'
    svmmajtuning: warning in .svmmaj(Z[groups != i, ], y[groups != i],
     lambda = lambda[l], w = w[groups != i], increase.step =
     increase.step, hinge = newHinge, theta = theta, check.positive =
     FALSE, convergence = convergence, ...): partial argument match of
     'hinge' to 'hingef'
Flavors: r-devel-linux-x86_64-debian-clang, r-devel-linux-x86_64-debian-gcc, r-devel-linux-x86_64-fedora-clang, r-devel-linux-x86_64-fedora-gcc, r-devel-macosx-x86_64-clang, r-devel-macosx-x86_64-gcc, r-devel-windows-ix86+x86_64, r-patched-linux-x86_64, r-patched-solaris-sparc, r-patched-solaris-x86, r-release-linux-ix86, r-release-linux-x86_64, r-release-macosx-x86_64, r-release-windows-ix86+x86_64, r-oldrel-windows-ix86+x86_64

Version: 0.2-2
Check: Rd line widths
Result: NOTE
    Rd file 'svmmajcrossval.Rd':
     \usage lines wider than 90 characters:
     svmmajcrossval(X,y,search.grid=list(lambda=2^seq(5,-5,length.out=19)),...,convergence=1e-4,
     weights.obs=1, check.positive = TRUE, print.progress=FALSE, ngroup = 5, groups = NULL)
    
    These lines will be truncated in the PDF manual.
Flavors: r-devel-linux-x86_64-fedora-clang, r-devel-linux-x86_64-fedora-gcc