CRAN Package Check Results for Package SVMMaj

Last updated on 2015-01-29 23:48:29.

Flavor Version Tinstall Tcheck Ttotal Status Flags
r-devel-linux-x86_64-debian-clang 0.2-2 1.80 25.86 27.66 NOTE
r-devel-linux-x86_64-debian-gcc 0.2-2 1.75 25.77 27.52 NOTE
r-devel-linux-x86_64-fedora-clang 0.2-2 61.51 NOTE
r-devel-linux-x86_64-fedora-gcc 0.2-2 57.43 NOTE
r-devel-osx-x86_64-clang 0.2-2 54.35 NOTE
r-devel-windows-ix86+x86_64 0.2-2 7.00 40.00 47.00 NOTE
r-patched-linux-x86_64 0.2-2 2.09 27.87 29.96 NOTE
r-patched-solaris-sparc 0.2-2 476.80 NOTE
r-patched-solaris-x86 0.2-2 89.40 NOTE
r-release-linux-ix86 0.2-2 2.38 37.25 39.62 NOTE
r-release-linux-x86_64 0.2-2 1.96 27.75 29.71 NOTE
r-release-osx-x86_64-mavericks 0.2-2 NOTE
r-release-osx-x86_64-snowleopard 0.2-2 NOTE
r-release-windows-ix86+x86_64 0.2-2 6.00 38.00 44.00 NOTE
r-oldrel-windows-ix86+x86_64 0.2-2 7.00 42.00 49.00 NOTE

Check Details

Version: 0.2-2
Check: dependencies in R code
Result: NOTE
    Namespaces in Imports field not imported from:
     ‘MASS’ ‘graphics’ ‘methods’ ‘stats’
     All declared Imports should be used.
    Package in Depends field not imported from: ‘kernlab’
     These packages need to be imported from (in the NAMESPACE file)
     for when this namespace is loaded but not attached.
Flavors: r-devel-linux-x86_64-debian-clang, r-devel-linux-x86_64-debian-gcc, r-devel-linux-x86_64-fedora-clang, r-devel-linux-x86_64-fedora-gcc, r-devel-osx-x86_64-clang, r-devel-windows-ix86+x86_64

Version: 0.2-2
Check: R code for possible problems
Result: NOTE
    roccurve: warning in formatC(sum(c1 * cumsum(c2)), digit = 4): partial
     argument match of ‘digit’ to ‘digits’
    svmmajtuning: warning in .svmmaj(Z[groups != i, ], y[groups != i],
     lambda = lambda[l], w = w[groups != i], increase.step =
     increase.step, hinge = newHinge, theta = theta, check.positive =
     FALSE, convergence = convergence, ...): partial argument match of
     ‘hinge’ to ‘hingef’
    auc: no visible global function definition for ‘error’
    getUpdate: no visible global function definition for ‘vanilladot’
    getUpdate: no visible global function definition for ‘kernelMatrix’
    qhat.theta: no visible global function definition for ‘kernelMatrix’
    roccurve: no visible global function definition for ‘error’
    svmmaj.default: no visible binding for global variable ‘vanilladot’
    svmmaj.default: no visible global function definition for ‘kpar’
    svmmaj2.default: no visible binding for global variable ‘vanilladot’
    svmmaj2.default: no visible global function definition for ‘kpar’
    svmmajtuning: no visible binding for global variable ‘vanilladot’
Flavors: r-devel-linux-x86_64-debian-clang, r-devel-linux-x86_64-debian-gcc, r-devel-linux-x86_64-fedora-clang, r-devel-linux-x86_64-fedora-gcc, r-devel-osx-x86_64-clang, r-devel-windows-ix86+x86_64, r-patched-linux-x86_64, r-patched-solaris-sparc, r-patched-solaris-x86, r-release-linux-ix86, r-release-linux-x86_64, r-release-osx-x86_64-mavericks, r-release-windows-ix86+x86_64

Version: 0.2-2
Check: Rd line widths
Result: NOTE
    Rd file 'svmmajcrossval.Rd':
     \usage lines wider than 90 characters:
     svmmajcrossval(X,y,search.grid=list(lambda=2^seq(5,-5,length.out=19)),...,convergence=1e-4,
     weights.obs=1, check.positive = TRUE, print.progress=FALSE, ngroup = 5, groups = NULL)
    
    These lines will be truncated in the PDF manual.
Flavors: r-devel-linux-x86_64-debian-clang, r-devel-linux-x86_64-debian-gcc, r-devel-linux-x86_64-fedora-clang, r-devel-linux-x86_64-fedora-gcc, r-patched-linux-x86_64, r-release-linux-x86_64

Version: 0.2-2
Check: dependencies in R code
Result: NOTE
    Namespaces in Imports field not imported from:
     ‘MASS’ ‘graphics’ ‘methods’ ‘stats’
     All declared Imports should be used.
    Package in Depends field not imported from: ‘kernlab’
     These packages need to be imported from (in the NAMESPACE file)
     for when this namespace is loaded but not attached.
    See the information on DESCRIPTION files in the chapter ‘Creating R
    packages’ of the ‘Writing R Extensions’ manual.
Flavors: r-patched-linux-x86_64, r-patched-solaris-sparc, r-patched-solaris-x86, r-release-linux-ix86, r-release-linux-x86_64, r-release-osx-x86_64-mavericks, r-release-windows-ix86+x86_64, r-oldrel-windows-ix86+x86_64

Version: 0.2-2
Check: R code for possible problems
Result: NOTE
    roccurve: warning in formatC(sum(c1 * cumsum(c2)), digit = 4): partial
     argument match of 'digit' to 'digits'
    svmmajtuning: warning in .svmmaj(Z[groups != i, ], y[groups != i],
     lambda = lambda[l], w = w[groups != i], increase.step =
     increase.step, hinge = newHinge, theta = theta, check.positive =
     FALSE, convergence = convergence, ...): partial argument match of
     'hinge' to 'hingef'
Flavors: r-release-osx-x86_64-snowleopard, r-oldrel-windows-ix86+x86_64