CRAN Package Check Results for Package SWATmodel

Last updated on 2014-12-22 19:48:34.

Flavor Version Tinstall Tcheck Ttotal Status Flags
r-devel-linux-x86_64-debian-clang 0.5.9 231.78 27.32 259.09 NOTE
r-devel-linux-x86_64-debian-gcc 0.5.9 235.24 26.63 261.87 NOTE
r-devel-linux-x86_64-fedora-clang 0.5.9 581.95 NOTE
r-devel-linux-x86_64-fedora-gcc 0.5.9 582.95 NOTE
r-devel-osx-x86_64-clang 0.5.9 238.64 NOTE
r-devel-windows-ix86+x86_64 0.5.9 2344.00 41.00 2385.00 NOTE
r-patched-linux-x86_64 0.5.9 234.33 28.83 263.16 NOTE
r-patched-solaris-sparc 0.5.9 2609.80 NOTE
r-patched-solaris-x86 0.5.9 1160.60 NOTE
r-release-linux-ix86 0.5.9 294.85 36.09 330.94 NOTE
r-release-linux-x86_64 0.5.9 232.09 27.16 259.24 NOTE
r-release-osx-x86_64-mavericks 0.5.9 WARN
r-release-osx-x86_64-snowleopard 0.5.9 ERROR
r-release-windows-ix86+x86_64 0.5.9 2531.00 39.00 2570.00 NOTE
r-oldrel-windows-ix86+x86_64 0.5.9 2430.00 39.00 2469.00 NOTE

Check Details

Version: 0.5.9
Check: installed package size
Result: NOTE
     installed size is 8.0Mb
     sub-directories of 1Mb or more:
     libs 7.9Mb
Flavors: r-devel-linux-x86_64-debian-clang, r-devel-linux-x86_64-debian-gcc, r-devel-linux-x86_64-fedora-clang, r-devel-linux-x86_64-fedora-gcc, r-devel-windows-ix86+x86_64, r-patched-linux-x86_64, r-patched-solaris-sparc, r-patched-solaris-x86, r-release-linux-ix86, r-release-linux-x86_64, r-release-windows-ix86+x86_64, r-oldrel-windows-ix86+x86_64

Version: 0.5.9
Check: Rd line widths
Result: NOTE
    Rd file 'build_swat_basic.Rd':
     \examples lines wider than 100 characters:
     build_swat_basic(dirname="test", iyr="1979", nbyr=13, wsarea=40, elev=200, declat=45, declon=-72, hist_wx=hist_wx)
    
    Rd file 'readSWAT.Rd':
     \examples lines wider than 100 characters:
     } else { print ("You need to add your file type to this function if it is not output.sub or output.rch")}
    
    These lines will be truncated in the PDF manual.
Flavors: r-devel-linux-x86_64-debian-clang, r-devel-linux-x86_64-debian-gcc, r-devel-linux-x86_64-fedora-clang, r-devel-linux-x86_64-fedora-gcc, r-patched-linux-x86_64, r-release-linux-x86_64

Version: 0.5.9
Check: data for non-ASCII characters
Result: NOTE
     Note: found 8 marked UTF-8 strings
Flavors: r-devel-linux-x86_64-debian-clang, r-devel-linux-x86_64-debian-gcc, r-devel-linux-x86_64-fedora-clang, r-devel-linux-x86_64-fedora-gcc, r-devel-osx-x86_64-clang, r-devel-windows-ix86+x86_64, r-patched-linux-x86_64, r-patched-solaris-sparc, r-patched-solaris-x86, r-release-linux-ix86, r-release-linux-x86_64, r-release-osx-x86_64-mavericks, r-release-windows-ix86+x86_64, r-oldrel-windows-ix86+x86_64

Version: 0.5.9
Check: whether package can be installed
Result: WARN
    Found the following significant warnings:
     Warning: Possible change of value in conversion from REAL(8) to REAL(4) at (1)
     Warning: Possible change of value in conversion from REAL(8) to REAL(4) at (1)
     Warning: Possible change of value in conversion from REAL(8) to REAL(4) at (1)
     Warning: Possible change of value in conversion from REAL(4) to INTEGER(4) at (1)
     Warning: Possible change of value in conversion from REAL(4) to INTEGER(4) at (1)
     Warning: Possible change of value in conversion from REAL(8) to REAL(4) at (1)
     Warning: Possible change of value in conversion from REAL(8) to REAL(4) at (1)
     Warning: Possible change of value in conversion from REAL(8) to REAL(4) at (1)
     Warning: Possible change of value in conversion from REAL(8) to REAL(4) at (1)
     Warning: Possible change of value in conversion from REAL(8) to REAL(4) at (1)
     Warning: Possible change of value in conversion from REAL(8) to REAL(4) at (1)
     Warning: Possible change of value in conversion from REAL(8) to REAL(4) at (1)
     Warning: Possible change of value in conversion from REAL(8) to REAL(4) at (1)
     Warning: Possible change of value in conversion from REAL(8) to REAL(4) at (1)
     Warning: Possible change of value in conversion from REAL(8) to REAL(4) at (1)
     Warning: Possible change of value in conversion from REAL(8) to REAL(4) at (1)
     Warning: Possible change of value in conversion from REAL(8) to REAL(4) at (1)
     Warning: Possible change of value in conversion from REAL(4) to INTEGER(4) at (1)
     Warning: 'erfc' declared at (1) is also the name of an intrinsic. It can only be called via an explicit interface or if declared EXTERNAL.
     Warning: Possible change of value in conversion from REAL(4) to INTEGER(4) at (1)
     Warning: Possible change of value in conversion from REAL(4) to INTEGER(4) at (1)
     Warning: Possible change of value in conversion from REAL(8) to REAL(4) at (1)
     Warning: Possible change of value in conversion from REAL(8) to REAL(4) at (1)
     Warning: Possible change of value in conversion from REAL(8) to REAL(4) at (1)
     Warning: Possible change of value in conversion from REAL(8) to REAL(4) at (1)
     Warning: Possible change of value in conversion from REAL(8) to REAL(4) at (1)
     Warning: Possible change of value in conversion from REAL(8) to REAL(4) at (1)
     Warning: Possible change of value in conversion from REAL(8) to REAL(4) at (1)
     Warning: Possible change of value in conversion from REAL(8) to REAL(4) at (1)
     Warning: Possible change of value in conversion from REAL(8) to REAL(4) at (1)
     Warning: Possible change of value in conversion from REAL(8) to INTEGER(4) at (1)
     Warning: Possible change of value in conversion from REAL(8) to INTEGER(4) at (1)
     Warning: Possible change of value in conversion from REAL(8) to REAL(4) at (1)
     Warning: Possible change of value in conversion from REAL(4) to INTEGER(4) at (1)
     Warning: Possible change of value in conversion from REAL(4) to INTEGER(4) at (1)
     Warning: Possible change of value in conversion from REAL(4) to INTEGER(4) at (1)
     Warning: Possible change of value in conversion from REAL(4) to INTEGER(4) at (1)
     Warning: Possible change of value in conversion from REAL(4) to INTEGER(4) at (1)
     Warning: Possible change of value in conversion from REAL(4) to INTEGER(4) at (1)
     Warning: Possible change of value in conversion from REAL(8) to REAL(4) at (1)
     Warning: Possible change of value in conversion from REAL(4) to INTEGER(4) at (1)
     Warning: Possible change of value in conversion from REAL(4) to INTEGER(4) at (1)
     Warning: Possible change of value in conversion from REAL(4) to INTEGER(4) at (1)
     Warning: Possible change of value in conversion from REAL(4) to INTEGER(4) at (1)
     Warning: Possible change of value in conversion from REAL(4) to INTEGER(4) at (1)
     Warning: Possible change of value in conversion from REAL(4) to INTEGER(4) at (1)
     Warning: Possible change of value in conversion from REAL(8) to REAL(4) at (1)
     Warning: Possible change of value in conversion from REAL(8) to REAL(4) at (1)
     Warning: Possible change of value in conversion from REAL(4) to INTEGER(4) at (1)
     Warning: Possible change of value in conversion from REAL(8) to REAL(4) at (1)
     Warning: Possible change of value in conversion from REAL(8) to REAL(4) at (1)
     Warning: Possible change of value in conversion from REAL(8) to REAL(4) at (1)
     Warning: Possible change of value in conversion from REAL(4) to INTEGER(4) at (1)
     Warning: Possible change of value in conversion from REAL(8) to REAL(4) at (1)
     Warning: Possible change of value in conversion from REAL(4) to INTEGER(4) at (1)
     Warning: Possible change of value in conversion from REAL(4) to INTEGER(4) at (1)
     Warning: CHARACTER expression will be truncated in assignment (10/13) at (1)
     Warning: CHARACTER expression will be truncated in assignment (10/13) at (1)
     apply.f:86:0: warning: ‘pst_kg’ is used uninitialized in this function [-Wuninitialized]
     Warning: Possible change of value in conversion from REAL(8) to REAL(4) at (1)
     Warning: Possible change of value in conversion from REAL(8) to REAL(4) at (1)
     Warning: Possible change of value in conversion from REAL(8) to REAL(4) at (1)
     Warning: Possible change of value in conversion from REAL(8) to REAL(4) at (1)
     Warning: Possible change of value in conversion from REAL(8) to REAL(4) at (1)
     Warning: Possible change of value in conversion from REAL(8) to REAL(4) at (1)
     Warning: Possible change of value in conversion from REAL(8) to REAL(4) at (1)
     Warning: Possible change of value in conversion from REAL(8) to REAL(4) at (1)
     Warning: Possible change of value in conversion from REAL(8) to REAL(4) at (1)
     Warning: Possible change of value in conversion from REAL(8) to REAL(4) at (1)
     Warning: Possible change of value in conversion from REAL(8) to REAL(4) at (1)
     Warning: Possible change of value in conversion from REAL(8) to REAL(4) at (1)
     Warning: Possible change of value in conversion from REAL(8) to REAL(4) at (1)
     Warning: Possible change of value in conversion from REAL(8) to REAL(4) at (1)
     Warning: Possible change of value in conversion from REAL(8) to REAL(4) at (1)
     Warning: Possible change of value in conversion from REAL(8) to REAL(4) at (1)
     Warning: Possible change of value in conversion from REAL(8) to REAL(4) at (1)
     Warning: Possible change of value in conversion from REAL(8) to REAL(4) at (1)
     Warning: Possible change of value in conversion from REAL(8) to REAL(4) at (1)
     Warning: Possible change of value in conversion from REAL(8) to REAL(4) at (1)
     Warning: Possible change of value in conversion from REAL(8) to REAL(4) at (1)
     Warning: Possible change of value in conversion from REAL(8) to REAL(4) at (1)
     Warning: Possible change of value in conversion from REAL(8) to REAL(4) at (1)
     Warning: Possible change of value in conversion from REAL(8) to REAL(4) at (1)
     Warning: Possible change of value in conversion from REAL(8) to REAL(4) at (1)
     Warning: Possible change of value in conversion from REAL(8) to REAL(4) at (1)
     Warning: Possible change of value in conversion from REAL(8) to REAL(4) at (1)
     Warning: Possible change of value in conversion from REAL(8) to REAL(4) at (1)
     Warning: Possible change of value in conversion from REAL(8) to REAL(4) at (1)
     Warning: Possible change of value in conversion from REAL(8) to REAL(4) at (1)
     Warning: Possible change of value in conversion from REAL(8) to REAL(4) at (1)
     Warning: Possible change of value in conversion from REAL(8) to REAL(4) at (1)
     Warning: Possible change of value in conversion from REAL(8) to REAL(4) at (1)
     Warning: Possible change of value in conversion from REAL(8) to REAL(4) at (1)
     Warning: Possible change of value in conversion from REAL(8) to REAL(4) at (1)
     Warning: Possible change of value in conversion from REAL(8) to REAL(4) at (1)
     Warning: Possible change of value in conversion from REAL(8) to REAL(4) at (1)
     Warning: Possible change of value in conversion from REAL(8) to REAL(4) at (1)
     Warning: Possible change of value in conversion from REAL(8) to REAL(4) at (1)
     Warning: Possible change of value in conversion from REAL(8) to REAL(4) at (1)
     Warning: Possible change of value in conversion from REAL(8) to REAL(4) at (1)
     Warning: Possible change of value in conversion from REAL(8) to REAL(4) at (1)
     Warning: Possible change of value in conversion from REAL(8) to REAL(4) at (1)
     Warning: Possible change of value in conversion from REAL(8) to REAL(4) at (1)
     Warning: Possible change of value in conversion from REAL(8) to REAL(4) at (1)
     Warning: Possible change of value in conversion from REAL(8) to REAL(4) at (1)
     Warning: Possible change of value in conversion from REAL(8) to REAL(4) at (1)
     Warning: Possible change of value in conversion from REAL(8) to REAL(4) at (1)
     Warning: Possible change of value in conversion from REAL(8) to REAL(4) at (1)
     Warning: Possible change of value in conversion from REAL(8) to INTEGER(4) at (1)
     Warning: Possible change of value in conversion from REAL(8) to REAL(4) at (1)
     Warning: Possible change of value in conversion from REAL(8) to REAL(4) at (1)
     Warning: Possible change of value in conversion from REAL(8) to REAL(4) at (1)
     Warning: Possible change of value in conversion from REAL(8) to REAL(4) at (1)
     Warning: Possible change of value in conversion from REAL(8) to REAL(4) at (1)
     burnop.f:29:0: warning: ‘burn_frlb’ is used uninitialized in this function [-Wuninitialized]
     Warning: Possible change of value in conversion from REAL(4) to INTEGER(4) at (1)
     Warning: Possible change of value in conversion from REAL(4) to INTEGER(4) at (1)
     Warning: 'erfc' declared at (1) is also the name of an intrinsic. It can only be called via an explicit interface or if declared EXTERNAL.
     Warning: Possible change of value in conversion from REAL(4) to INTEGER(4) at (1)
     Warning: Possible change of value in conversion from REAL(4) to INTEGER(4) at (1)
     Warning: Possible change of value in conversion from REAL(4) to INTEGER(4) at (1)
     harvestop.f:166:0: warning: ‘hi_ovr’ is used uninitialized in this function [-Wuninitialized]
     harvestop.f:195:0: warning: ‘harveff’ is used uninitialized in this function [-Wuninitialized]
     harvgrainop.f:168:0: warning: ‘harveff’ is used uninitialized in this function [-Wuninitialized]
     harvkillop.f:175:0: warning: ‘frac_harvk’ is used uninitialized in this function [-Wuninitialized]
     plantop.f:87:0: warning: ‘lai_init’ is used uninitialized in this function [-Wuninitialized]
     Warning: Possible change of value in conversion from REAL(8) to REAL(4) at (1)
     Warning: Possible change of value in conversion from REAL(8) to REAL(4) at (1)
     Warning: Possible change of value in conversion from REAL(4) to INTEGER(4) at (1)
     Warning: Possible change of value in conversion from REAL(4) to INTEGER(4) at (1)
     rewind_init.f:171:0: warning: ‘orig_tnylda’ is used uninitialized in this function [-Wuninitialized]
     Warning: Possible change of value in conversion from REAL(4) to INTEGER(4) at (1)
     Warning: Possible change of value in conversion from REAL(4) to INTEGER(4) at (1)
     Warning: Possible change of value in conversion from REAL(4) to INTEGER(4) at (1)
     Warning: Possible change of value in conversion from REAL(4) to INTEGER(4) at (1)
     Warning: Possible change of value in conversion from REAL(4) to INTEGER(4) at (1)
     Warning: Possible change of value in conversion from REAL(4) to INTEGER(4) at (1)
     Warning: Possible change of value in conversion from REAL(4) to INTEGER(4) at (1)
     Warning: Possible change of value in conversion from REAL(4) to INTEGER(4) at (1)
     Warning: Possible change of value in conversion from REAL(4) to INTEGER(4) at (1)
     Warning: Possible change of value in conversion from REAL(4) to INTEGER(4) at (1)
     Warning: Possible change of value in conversion from REAL(4) to INTEGER(4) at (1)
     Warning: Possible change of value in conversion from REAL(4) to INTEGER(4) at (1)
     Warning: Possible change of value in conversion from REAL(4) to INTEGER(4) at (1)
     Warning: CHARACTER expression will be truncated in assignment (1/3) at (1)
     sweep.f:56:0: warning: ‘fr_curb’ is used uninitialized in this function [-Wuninitialized]
     Warning: Possible change of value in conversion from REAL(8) to REAL(4) at (1)
     Warning: Possible change of value in conversion from REAL(8) to REAL(4) at (1)
     Warning: Possible change of value in conversion from REAL(4) to INTEGER(4) at (1)
     Warning: Possible change of value in conversion from REAL(4) to INTEGER(4) at (1)
     Warning: Possible change of value in conversion from REAL(4) to INTEGER(4) at (1)
     Warning: CHARACTER expression will be truncated in assignment (10/13) at (1)
     Warning: CHARACTER expression will be truncated in assignment (10/13) at (1)
     Warning: Possible change of value in conversion from REAL(4) to INTEGER(4) at (1)
     Warning: Possible change of value in conversion from REAL(4) to INTEGER(4) at (1)
     Warning: Possible change of value in conversion from REAL(4) to INTEGER(4) at (1)
     Warning: Possible change of value in conversion from REAL(4) to INTEGER(4) at (1)
     Warning: Possible change of value in conversion from REAL(4) to INTEGER(4) at (1)
     Warning: Possible change of value in conversion from REAL(8) to REAL(4) at (1)
     Warning: Possible change of value in conversion from REAL(8) to REAL(4) at (1)
     Warning: Possible change of value in conversion from REAL(8) to REAL(4) at (1)
     Warning: Possible change of value in conversion from REAL(8) to REAL(4) at (1)
     Warning: Possible change of value in conversion from REAL(8) to REAL(4) at (1)
     Warning: Possible change of value in conversion from REAL(8) to REAL(4) at (1)
     Warning: Possible change of value in conversion from REAL(8) to REAL(4) at (1)
     Warning: Possible change of value in conversion from REAL(8) to REAL(4) at (1)
     Warning: Possible change of value in conversion from REAL(8) to REAL(4) at (1)
     Warning: Possible change of value in conversion from REAL(8) to REAL(4) at (1)
     Warning: Possible change of value in conversion from REAL(8) to REAL(4) at (1)
     Warning: Possible change of value in conversion from REAL(8) to REAL(4) at (1)
     Warning: Possible change of value in conversion from REAL(8) to REAL(4) at (1)
     Warning: Possible change of value in conversion from REAL(8) to REAL(4) at (1)
     Warning: Possible change of value in conversion from REAL(8) to REAL(4) at (1)
     Warning: Possible change of value in conversion from REAL(8) to REAL(4) at (1)
     Warning: Possible change of value in conversion from REAL(8) to REAL(4) at (1)
     Warning: Possible change of value in conversion from REAL(8) to REAL(4) at (1)
     Warning: Possible change of value in conversion from REAL(8) to REAL(4) at (1)
     Warning: Possible change of value in conversion from REAL(8) to REAL(4) at (1)
     Warning: Possible change of value in conversion from REAL(8) to REAL(4) at (1)
     Warning: Possible change of value in conversion from REAL(8) to REAL(4) at (1)
     Warning: Possible change of value in conversion from REAL(8) to REAL(4) at (1)
     Warning: Possible change of value in conversion from REAL(8) to REAL(4) at (1)
     Warning: Possible change of value in conversion from REAL(8) to REAL(4) at (1)
     Warning: Possible change of value in conversion from REAL(8) to REAL(4) at (1)
     Warning: Possible change of value in conversion from REAL(8) to REAL(4) at (1)
     Warning: Possible change of value in conversion from REAL(8) to REAL(4) at (1)
     Warning: Possible change of value in conversion from REAL(8) to REAL(4) at (1)
     Warning: Possible change of value in conversion from REAL(8) to REAL(4) at (1)
     Warning: Possible change of value in conversion from REAL(8) to REAL(4) at (1)
     Warning: Possible change of value in conversion from REAL(8) to REAL(4) at (1)
     Warning: Possible change of value in conversion from REAL(8) to REAL(4) at (1)
     Warning: Possible change of value in conversion from REAL(8) to REAL(4) at (1)
     Warning: Possible change of value in conversion from REAL(8) to REAL(4) at (1)
     Warning: Possible change of value in conversion from REAL(8) to REAL(4) at (1)
     Warning: Possible change of value in conversion from REAL(8) to REAL(4) at (1)
     Warning: Possible change of value in conversion from REAL(8) to REAL(4) at (1)
     Warning: Possible change of value in conversion from REAL(8) to REAL(4) at (1)
     Warning: Possible change of value in conversion from REAL(8) to REAL(4) at (1)
     Warning: Possible change of value in conversion from REAL(8) to REAL(4) at (1)
     Warning: Possible change of value in conversion from REAL(8) to REAL(4) at (1)
     Warning: Possible change of value in conversion from REAL(8) to REAL(4) at (1)
     Warning: Possible change of value in conversion from REAL(8) to REAL(4) at (1)
     Warning: Possible change of value in conversion from REAL(8) to REAL(4) at (1)
     Warning: Possible change of value in conversion from REAL(8) to REAL(4) at (1)
     Warning: Possible change of value in conversion from REAL(8) to INTEGER(4) at (1)
     Warning: Possible change of value in conversion from REAL(8) to REAL(4) at (1)
     Warning: Possible change of value in conversion from REAL(8) to REAL(4) at (1)
     Warning: Possible change of value in conversion from REAL(8) to REAL(4) at (1)
     Warning: Possible change of value in conversion from REAL(8) to REAL(4) at (1)
     Warning: Possible change of value in conversion from REAL(8) to REAL(4) at (1)
     Warning: Possible change of value in conversion from REAL(8) to REAL(4) at (1)
     Warning: Possible change of value in conversion from REAL(8) to REAL(4) at (1)
     Warning: Possible change of value in conversion from REAL(8) to REAL(4) at (1)
     Warning: Possible change of value in conversion from REAL(4) to INTEGER(4) at (1)
     Warning: Possible change of value in conversion from REAL(4) to INTEGER(4) at (1)
     Warning: 'erfc' declared at (1) is also the name of an intrinsic. It can only be called via an explicit interface or if declared EXTERNAL.
     Warning: Possible change of value in conversion from REAL(4) to INTEGER(4) at (1)
     Warning: Possible change of value in conversion from REAL(4) to INTEGER(4) at (1)
     Warning: Possible change of value in conversion from REAL(4) to INTEGER(4) at (1)
     Warning: Possible change of value in conversion from REAL(4) to INTEGER(4) at (1)
     Warning: Possible change of value in conversion from REAL(4) to INTEGER(4) at (1)
     Warning: Possible change of value in conversion from REAL(4) to INTEGER(4) at (1)
     Warning: Possible change of value in conversion from REAL(8) to REAL(4) at (1)
     Warning: Possible change of value in conversion from REAL(8) to REAL(4) at (1)
     rewind_init.f:172:0: warning: ‘orig_tnylda’ is used uninitialized in this function [-Wuninitialized]
     Warning: Possible change of value in conversion from REAL(4) to INTEGER(4) at (1)
     Warning: Possible change of value in conversion from REAL(4) to INTEGER(4) at (1)
     Warning: Possible change of value in conversion from REAL(4) to INTEGER(4) at (1)
     Warning: Possible change of value in conversion from REAL(4) to INTEGER(4) at (1)
     Warning: Possible change of value in conversion from REAL(4) to INTEGER(4) at (1)
     Warning: Possible change of value in conversion from REAL(4) to INTEGER(4) at (1)
     Warning: CHARACTER expression will be truncated in assignment (1/3) at (1)
     sweep.f:56:0: warning: ‘fr_curb’ is used uninitialized in this function [-Wuninitialized]
     Warning: Possible change of value in conversion from REAL(8) to REAL(4) at (1)
     Warning: Possible change of value in conversion from REAL(8) to REAL(4) at (1)
     Warning: Possible change of value in conversion from REAL(4) to INTEGER(4) at (1)
     Warning: Possible change of value in conversion from REAL(4) to INTEGER(4) at (1)
     Warning: CHARACTER expression will be truncated in assignment (10/13) at (1)
     Warning: CHARACTER expression will be truncated in assignment (10/13) at (1)
     Warning: Possible change of value in conversion from REAL(4) to INTEGER(4) at (1)
     Warning: Possible change of value in conversion from REAL(4) to INTEGER(4) at (1)
     Warning: Possible change of value in conversion from REAL(4) to INTEGER(4) at (1)
Flavor: r-release-osx-x86_64-mavericks

Version: 0.5.9
Check: whether package can be installed
Result: ERROR
    Installation failed.
Flavor: r-release-osx-x86_64-snowleopard