CRAN Package Check Results for Package SWATmodel

Last updated on 2014-04-18 09:49:28.

Flavor Version Tinstall Tcheck Ttotal Status Flags
r-devel-linux-x86_64-debian-clang 0.5.9 239.88 38.87 278.75 NOTE
r-devel-linux-x86_64-debian-gcc NOTE
r-devel-linux-x86_64-fedora-clang 0.5.9 597.64 NOTE
r-devel-linux-x86_64-fedora-gcc 0.5.9 590.85 NOTE
r-devel-macosx-x86_64-clang 0.5.9 624.06 NOTE
r-devel-macosx-x86_64-gcc 0.5.9 ERROR
r-devel-windows-ix86+x86_64 0.5.9 2154.00 39.00 2193.00 NOTE
r-patched-linux-x86_64 0.5.9 241.49 38.43 279.92 NOTE
r-patched-solaris-sparc 0.5.9 2597.90 NOTE
r-patched-solaris-x86 0.5.9 1071.50 NOTE
r-release-linux-ix86 0.5.9 584.00 70.00 654.00 NOTE
r-release-linux-x86_64 0.5.9 246.99 38.60 285.59 NOTE
r-release-macosx-x86_64 0.5.9 OK
r-release-windows-ix86+x86_64 0.5.9 2286.00 41.00 2327.00 NOTE
r-oldrel-windows-ix86+x86_64 0.5.9 2294.00 42.00 2336.00 NOTE

Check Details

Version: 0.5.9
Check: installed package size
Result: NOTE
     installed size is 8.2Mb
     sub-directories of 1Mb or more:
     libs 8.0Mb
Flavors: r-devel-linux-x86_64-debian-clang, r-devel-linux-x86_64-debian-gcc, r-devel-linux-x86_64-fedora-clang, r-devel-linux-x86_64-fedora-gcc, r-devel-windows-ix86+x86_64, r-patched-linux-x86_64, r-patched-solaris-sparc, r-patched-solaris-x86, r-release-linux-ix86, r-release-linux-x86_64, r-release-windows-ix86+x86_64, r-oldrel-windows-ix86+x86_64

Version: 0.5.9
Check: data for non-ASCII characters
Result: NOTE
     Note: found 8 marked UTF-8 strings
Flavors: r-devel-linux-x86_64-debian-clang, r-devel-linux-x86_64-debian-gcc, r-devel-linux-x86_64-fedora-clang, r-devel-linux-x86_64-fedora-gcc, r-devel-macosx-x86_64-clang, r-devel-windows-ix86+x86_64, r-patched-linux-x86_64, r-patched-solaris-sparc, r-patched-solaris-x86, r-release-linux-ix86, r-release-linux-x86_64, r-release-windows-ix86+x86_64, r-oldrel-windows-ix86+x86_64

Version: 0.5.9
Check: Rd line widths
Result: NOTE
    Rd file 'build_swat_basic.Rd':
     \examples lines wider than 100 characters:
     build_swat_basic(dirname="test", iyr="1979", nbyr=13, wsarea=40, elev=200, declat=45, declon=-72, hist_wx=hist_wx)
    
    Rd file 'readSWAT.Rd':
     \examples lines wider than 100 characters:
     } else { print ("You need to add your file type to this function if it is not output.sub or output.rch")}
    
    These lines will be truncated in the PDF manual.
Flavors: r-devel-linux-x86_64-fedora-clang, r-devel-linux-x86_64-fedora-gcc

Version: 0.5.9
Check: package dependencies
Result: ERROR
    Package required but not available: ‘EcoHydRology’
    
    See the information on DESCRIPTION files in the chapter ‘Creating R
    packages’ of the ‘Writing R Extensions’ manual.
Flavor: r-devel-macosx-x86_64-gcc