CRAN Package Check Results for Package SWATmodel

Last updated on 2018-05-27 00:47:00 CEST.

Flavor Version Tinstall Tcheck Ttotal Status Flags
r-devel-linux-x86_64-debian-clang 0.5.9 296.92 45.18 342.10 NOTE
r-devel-linux-x86_64-debian-gcc 0.5.9 273.09 36.51 309.60 NOTE
r-devel-linux-x86_64-fedora-clang 0.5.9 497.52 WARN
r-devel-linux-x86_64-fedora-gcc 0.5.9 466.94 WARN
r-devel-windows-ix86+x86_64 0.5.9 1372.00 72.00 1444.00 WARN
r-patched-linux-x86_64 0.5.9 301.31 42.27 343.58 NOTE
r-patched-solaris-x86 0.5.9 1309.20 NOTE
r-release-linux-x86_64 0.5.9 298.24 41.97 340.21 NOTE
r-release-windows-ix86+x86_64 0.5.9 1492.00 72.00 1564.00 NOTE
r-release-osx-x86_64 0.5.9 WARN
r-oldrel-windows-ix86+x86_64 0.5.9 1467.00 47.00 1514.00 NOTE
r-oldrel-osx-x86_64 0.5.9 WARN

Check Details

Version: 0.5.9
Check: DESCRIPTION meta-information
Result: NOTE
    Malformed Title field: should not end in a period.
Flavors: r-devel-linux-x86_64-debian-clang, r-devel-linux-x86_64-debian-gcc, r-devel-linux-x86_64-fedora-clang, r-devel-linux-x86_64-fedora-gcc, r-devel-windows-ix86+x86_64, r-patched-linux-x86_64, r-patched-solaris-x86, r-release-linux-x86_64, r-release-windows-ix86+x86_64, r-release-osx-x86_64, r-oldrel-windows-ix86+x86_64, r-oldrel-osx-x86_64

Version: 0.5.9
Check: R code for possible problems
Result: NOTE
    readSWAT: no visible global function definition for ‘read.fortran’
    runSWAT2005: no visible global function definition for ‘read.fortran’
    runSWAT2009: no visible global function definition for ‘read.fortran’
    runSWAT2012: no visible global function definition for ‘read.fortran’
    Undefined global functions or variables:
     read.fortran
    Consider adding
     importFrom("utils", "read.fortran")
    to your NAMESPACE file.
Flavors: r-devel-linux-x86_64-debian-clang, r-devel-linux-x86_64-debian-gcc, r-devel-linux-x86_64-fedora-clang, r-devel-linux-x86_64-fedora-gcc, r-devel-windows-ix86+x86_64, r-patched-linux-x86_64, r-patched-solaris-x86, r-release-linux-x86_64, r-release-windows-ix86+x86_64, r-release-osx-x86_64, r-oldrel-windows-ix86+x86_64, r-oldrel-osx-x86_64

Version: 0.5.9
Check: Rd line widths
Result: NOTE
    Rd file 'build_swat_basic.Rd':
     \examples lines wider than 100 characters:
     build_swat_basic(dirname="test", iyr="1979", nbyr=13, wsarea=40, elev=200, declat=45, declon=-72, hist_wx=hist_wx)
    
    Rd file 'readSWAT.Rd':
     \examples lines wider than 100 characters:
     } else { print ("You need to add your file type to this function if it is not output.sub or output.rch")}
    
    These lines will be truncated in the PDF manual.
Flavors: r-devel-linux-x86_64-debian-clang, r-devel-linux-x86_64-debian-gcc, r-devel-linux-x86_64-fedora-clang, r-devel-linux-x86_64-fedora-gcc, r-patched-linux-x86_64, r-release-linux-x86_64

Version: 0.5.9
Check: include directives in Makefiles
Result: NOTE
    Found the following Makefile(s) with an include directive with a pathname using R_HOME:
     src/Makefile.win
     src/SWAT2005/Makefile
     src/SWAT2005/Makefile.win
     src/SWAT2009/Makefile
     src/SWAT2009/Makefile.win
     src/SWAT2012/Makefile
     src/SWAT2012/Makefile.win
    Even though not recommended, variable R_HOME may contain spaces.
    Makefile directives use space as a separator and there is no portable
    way to quote/escape the space in Make rules and directives. However,
    one can and should quote pathnames when passed from Makefile to the
    shell, and this can be done specifically when invoking Make recursively.
    It is therefore recommended to use the Make '-f' option to include files
    in directories specified using R_HOME. This option can be specified
    multiple times to include multiple Makefiles. Note that 'Makeconf' is
    included automatically into top-level makefile of a package.
    More information can be found in 'Writing R Extensions'.
Flavors: r-devel-linux-x86_64-debian-clang, r-devel-linux-x86_64-debian-gcc, r-devel-linux-x86_64-fedora-clang, r-devel-linux-x86_64-fedora-gcc, r-devel-windows-ix86+x86_64, r-patched-linux-x86_64, r-patched-solaris-x86, r-release-linux-x86_64, r-release-windows-ix86+x86_64, r-release-osx-x86_64

Version: 0.5.9
Check: whether package can be installed
Result: WARN
    Found the following significant warnings:
     Warning: GNU Extension: Nonstandard type declaration REAL*8 at (1)
     Warning: GNU Extension: Different type kinds at (1)
     Warning: GNU Extension: initialization of common block variable ‘iset’ in DATA statement at (1)
     Warning: GNU Extension: Variable ‘iset’ at (1) is in COMMON but only in BLOCK DATA initialization is allowed
     Warning: GNU Extension: Missing comma at (1)
     Warning: CHARACTER expression will be truncated in assignment (10/13) at (1) [-Wcharacter-truncation]
     Warning: ‘pst_kg’ is used uninitialized in this function [-Wuninitialized]
     Warning: ‘burn_frlb’ is used uninitialized in this function [-Wuninitialized]
     Warning: ‘harveff’ is used uninitialized in this function [-Wuninitialized]
     Warning: ‘hi_ovr’ is used uninitialized in this function [-Wuninitialized]
     Warning: ‘frac_harvk’ is used uninitialized in this function [-Wuninitialized]
     Warning: ‘cnop’ is used uninitialized in this function [-Wuninitialized]
     Warning: ‘lai_init’ is used uninitialized in this function [-Wuninitialized]
     Warning: ‘orig_tnylda’ is used uninitialized in this function [-Wuninitialized]
     Warning: CHARACTER expression will be truncated in assignment (1/3) at (1) [-Wcharacter-truncation]
     Warning: ‘fr_curb’ is used uninitialized in this function [-Wuninitialized]
Flavor: r-devel-linux-x86_64-fedora-clang

Version: 0.5.9
Check: installed package size
Result: NOTE
     installed size is 7.7Mb
     sub-directories of 1Mb or more:
     libs 7.5Mb
Flavors: r-devel-linux-x86_64-fedora-clang, r-devel-linux-x86_64-fedora-gcc, r-devel-windows-ix86+x86_64, r-patched-solaris-x86, r-release-windows-ix86+x86_64, r-oldrel-windows-ix86+x86_64

Version: 0.5.9
Check: data for non-ASCII characters
Result: NOTE
     Note: found 8 marked UTF-8 strings
Flavors: r-devel-linux-x86_64-fedora-clang, r-devel-linux-x86_64-fedora-gcc, r-patched-solaris-x86, r-release-osx-x86_64, r-oldrel-osx-x86_64

Version: 0.5.9
Check: whether package can be installed
Result: WARN
    Found the following significant warnings:
     Warning: GNU Extension: Nonstandard type declaration REAL*8 at (1)
     Warning: GNU Extension: Different type kinds at (1)
     Warning: GNU Extension: initialization of common block variable ‘iset’ in DATA statement at (1)
     Warning: GNU Extension: Variable ‘iset’ at (1) is in COMMON but only in BLOCK DATA initialization is allowed
     Warning: GNU Extension: Missing comma at (1)
     Warning: CHARACTER expression will be truncated in assignment (10/13) at (1) [-Wcharacter-truncation]
     Warning: ‘pst_kg’ is used uninitialized in this function [-Wuninitialized]
     Warning: ‘burn_frlb’ is used uninitialized in this function [-Wuninitialized]
     Warning: ‘harveff’ is used uninitialized in this function [-Wuninitialized]
     Warning: ‘cnop’ is used uninitialized in this function [-Wuninitialized]
     Warning: ‘frac_harvk’ is used uninitialized in this function [-Wuninitialized]
     Warning: ‘hi_ovr’ is used uninitialized in this function [-Wuninitialized]
     Warning: ‘lai_init’ is used uninitialized in this function [-Wuninitialized]
     Warning: ‘orig_tnylda’ is used uninitialized in this function [-Wuninitialized]
     Warning: CHARACTER expression will be truncated in assignment (1/3) at (1) [-Wcharacter-truncation]
     Warning: ‘fr_curb’ is used uninitialized in this function [-Wuninitialized]
Flavor: r-devel-linux-x86_64-fedora-gcc

Version: 0.5.9
Check: whether package can be installed
Result: WARN
    Found the following significant warnings:
     Warning: GNU Extension: Nonstandard type declaration REAL*8 at (1)
     Warning: GNU Extension: Different type kinds at (1)
     Warning: GNU Extension: initialization of common block variable 'iset' in DATA statement at (1)
     Warning: GNU Extension: Variable 'iset' at (1) is in COMMON but only in BLOCK DATA initialization is allowed
     Warning: GNU Extension: Missing comma at (1)
Flavor: r-devel-windows-ix86+x86_64

Version: 0.5.9
Check: whether package can be installed
Result: WARN
    Found the following significant warnings:
     Warning: CHARACTER expression will be truncated in assignment (10/13) at (1) [-Wcharacter-truncation]
     Warning: ‘pst_kg’ is used uninitialized in this function [-Wuninitialized]
     Warning: ‘burn_frlb’ is used uninitialized in this function [-Wuninitialized]
     Warning: ‘hi_ovr’ is used uninitialized in this function [-Wuninitialized]
     Warning: ‘harveff’ is used uninitialized in this function [-Wuninitialized]
     Warning: ‘frac_harvk’ is used uninitialized in this function [-Wuninitialized]
     Warning: ‘lai_init’ is used uninitialized in this function [-Wuninitialized]
     Warning: ‘orig_tnylda’ is used uninitialized in this function [-Wuninitialized]
     Warning: CHARACTER expression will be truncated in assignment (1/3) at (1) [-Wcharacter-truncation]
     Warning: ‘fr_curb’ is used uninitialized in this function [-Wuninitialized]
Flavors: r-release-osx-x86_64, r-oldrel-osx-x86_64