CRAN Package Check Results for Package SWIM

Last updated on 2019-11-12 03:49:17 CET.

Flavor Version Tinstall Tcheck Ttotal Status Flags
r-devel-linux-x86_64-debian-clang 0.1.0 4.45 45.97 50.42 OK
r-devel-linux-x86_64-debian-gcc 0.1.0 3.63 35.01 38.64 OK
r-devel-linux-x86_64-fedora-clang 0.1.0 60.83 NOTE
r-devel-linux-x86_64-fedora-gcc 0.1.0 59.74 NOTE
r-devel-windows-ix86+x86_64 0.1.0 12.00 66.00 78.00 OK
r-patched-linux-x86_64 0.1.0 3.79 44.36 48.15 OK
r-patched-solaris-x86 0.1.0 91.50 NOTE
r-release-linux-x86_64 0.1.0 4.80 44.08 48.88 OK
r-release-windows-ix86+x86_64 0.1.0 15.00 84.00 99.00 OK
r-release-osx-x86_64 0.1.0 NOTE
r-oldrel-windows-ix86+x86_64 0.1.0 6.00 60.00 66.00 OK
r-oldrel-osx-x86_64 0.1.0 NOTE

Additional issues

noLD

Check Details

Version: 0.1.0
Check: dependencies in R code
Result: NOTE
    Namespace in Imports field not imported from: ‘spatstat’
     All declared Imports should be used.
Flavors: r-devel-linux-x86_64-fedora-clang, r-devel-linux-x86_64-fedora-gcc, r-patched-solaris-x86, r-release-osx-x86_64, r-oldrel-osx-x86_64