CRAN Package Check Results for Package SWIM

Last updated on 2022-01-24 14:54:34 CET.

Flavor Version Tinstall Tcheck Ttotal Status Flags
r-devel-linux-x86_64-debian-clang 1.0.0 9.69 166.12 175.81 OK
r-devel-linux-x86_64-debian-gcc 1.0.0 7.42 123.46 130.88 OK
r-devel-linux-x86_64-fedora-clang 1.0.0 205.73 OK
r-devel-linux-x86_64-fedora-gcc 1.0.0 202.63 OK
r-devel-windows-x86_64-new-UL 1.0.0 59.00 211.00 270.00 OK
r-devel-windows-x86_64-new-TK 1.0.0 WARN
r-patched-linux-x86_64 1.0.0 11.88 138.51 150.39 OK
r-release-linux-x86_64 1.0.0 7.11 138.60 145.71 OK
r-release-macos-arm64 1.0.0 OK
r-release-macos-x86_64 1.0.0 OK
r-release-windows-ix86+x86_64 1.0.0 20.00 179.00 199.00 OK
r-oldrel-macos-x86_64 0.2.2 OK
r-oldrel-windows-ix86+x86_64 1.0.0 20.00 184.00 204.00 OK

Check Details

Version: 1.0.0
Check: package dependencies
Result: NOTE
    Package suggested but not available for checking: 'ggpubr'
Flavor: r-devel-windows-x86_64-new-TK

Version: 1.0.0
Check: re-building of vignette outputs
Result: WARN
    Error(s) in re-building vignettes:
    --- re-building 'SWIM-vignette.Rmd' using rmarkdown
    Quitting from lines 405-408 (SWIM-vignette.Rmd)
    Error: processing vignette 'SWIM-vignette.Rmd' failed with diagnostics:
    there is no package called 'ggpubr'
    --- failed re-building 'SWIM-vignette.Rmd'
    
    SUMMARY: processing the following file failed:
     'SWIM-vignette.Rmd'
    
    Error: Vignette re-building failed.
    Execution halted
Flavor: r-devel-windows-x86_64-new-TK