CRAN Package Check Results for Package SYNCSA

Last updated on 2014-04-17 05:47:19.

Flavor Version Tinstall Tcheck Ttotal Status Flags
r-devel-linux-x86_64-debian-clang 1.3.2 2.21 37.68 39.89 OK
r-devel-linux-x86_64-debian-gcc 1.3.2 2.17 37.38 39.56 OK
r-devel-linux-x86_64-fedora-clang 1.3.2 80.24 OK
r-devel-linux-x86_64-fedora-gcc 1.3.2 81.70 OK
r-devel-macosx-x86_64-clang 1.3.2 70.05 OK
r-devel-macosx-x86_64-gcc 1.3.2 ERROR
r-devel-windows-ix86+x86_64 1.3.2 7.00 61.00 68.00 OK
r-patched-linux-x86_64 1.3.2 2.21 37.11 39.32 OK
r-patched-solaris-sparc 1.3.2 518.40 OK
r-patched-solaris-x86 1.3.2 99.90 OK
r-release-linux-ix86 1.3.2 5.00 62.00 67.00 OK
r-release-linux-x86_64 1.3.2 2.21 37.02 39.22 OK
r-release-macosx-x86_64 1.3.2 OK
r-release-windows-ix86+x86_64 1.3.2 8.00 57.00 65.00 OK
r-oldrel-windows-ix86+x86_64 1.3.2 8.00 59.00 67.00 OK

Check Details

Version: 1.3.2
Check: package dependencies
Result: ERROR
    Packages required but not available: ‘vegan’ ‘FD’
    
    See the information on DESCRIPTION files in the chapter ‘Creating R
    packages’ of the ‘Writing R Extensions’ manual.
Flavor: r-devel-macosx-x86_64-gcc