CRAN Package Check Results for Package SYNCSA

Last updated on 2015-04-19 10:52:05.

Flavor Version Tinstall Tcheck Ttotal Status Flags
r-devel-linux-x86_64-debian-clang 1.3.2 3.42 48.18 51.60 NOTE
r-devel-linux-x86_64-debian-gcc 1.3.2 3.64 48.01 51.65 NOTE
r-devel-linux-x86_64-fedora-clang 1.3.2 106.89 NOTE
r-devel-linux-x86_64-fedora-gcc 1.3.2 106.15 NOTE
r-devel-osx-x86_64-clang 1.3.2 103.75 NOTE
r-devel-windows-ix86+x86_64 1.3.2 13.00 97.00 110.00 NOTE
r-patched-linux-x86_64 1.3.2 3.38 47.33 50.72 NOTE
r-patched-solaris-sparc 1.3.2 641.60 NOTE
r-patched-solaris-x86 1.3.2 141.50 NOTE
r-release-linux-x86_64 1.3.2 4.43 48.43 52.86 NOTE
r-release-osx-x86_64-mavericks 1.3.2 NOTE
r-release-osx-x86_64-snowleopard 1.3.2 ERROR
r-release-windows-ix86+x86_64 1.3.2 8.00 68.00 76.00 NOTE
r-oldrel-windows-ix86+x86_64 1.3.2 22.00 128.00 150.00 OK

Check Details

Version: 1.3.2
Check: DESCRIPTION meta-information
Result: NOTE
    Malformed Title field: should not end in a period.
Flavors: r-devel-linux-x86_64-debian-clang, r-devel-linux-x86_64-debian-gcc, r-devel-linux-x86_64-fedora-clang, r-devel-linux-x86_64-fedora-gcc, r-devel-osx-x86_64-clang, r-devel-windows-ix86+x86_64, r-patched-linux-x86_64, r-patched-solaris-sparc, r-patched-solaris-x86, r-release-linux-x86_64, r-release-osx-x86_64-mavericks, r-release-windows-ix86+x86_64

Version: 1.3.2
Check: package dependencies
Result: ERROR
    Packages required but not available: ‘vegan’ ‘FD’
    
    See section ‘The DESCRIPTION file’ in the ‘Writing R Extensions’
    manual.
Flavor: r-release-osx-x86_64-snowleopard