CRAN Package Check Results for Package SYNCSA

Last updated on 2015-07-06 21:46:52.

Flavor Version Tinstall Tcheck Ttotal Status Flags
r-devel-linux-x86_64-debian-clang 1.3.2 3.64 47.33 50.98 NOTE
r-devel-linux-x86_64-debian-gcc 1.3.2 3.58 47.65 51.22 NOTE
r-devel-linux-x86_64-fedora-clang 1.3.2 104.66 NOTE
r-devel-linux-x86_64-fedora-gcc 1.3.2 101.44 NOTE
r-devel-osx-x86_64-clang 1.3.2 85.34 NOTE
r-devel-windows-ix86+x86_64 1.3.2 12.00 74.00 86.00 NOTE
r-patched-linux-x86_64 1.3.2 3.49 47.57 51.06 NOTE
r-patched-solaris-sparc 1.3.2 654.50 NOTE
r-patched-solaris-x86 1.3.2 146.50 NOTE
r-release-linux-x86_64 1.3.2 3.51 46.90 50.41 NOTE
r-release-osx-x86_64-mavericks 1.3.2 NOTE
r-release-windows-ix86+x86_64 1.3.2 16.00 76.00 92.00 NOTE
r-oldrel-windows-ix86+x86_64 1.3.2 15.00 103.00 118.00 OK

Check Details

Version: 1.3.2
Check: DESCRIPTION meta-information
Result: NOTE
    Malformed Title field: should not end in a period.
Flavors: r-devel-linux-x86_64-debian-clang, r-devel-linux-x86_64-debian-gcc, r-devel-linux-x86_64-fedora-clang, r-devel-linux-x86_64-fedora-gcc, r-devel-osx-x86_64-clang, r-devel-windows-ix86+x86_64, r-patched-linux-x86_64, r-patched-solaris-sparc, r-patched-solaris-x86, r-release-linux-x86_64, r-release-osx-x86_64-mavericks, r-release-windows-ix86+x86_64

Version: 1.3.2
Check: R code for possible problems
Result: NOTE
    ProgressBAR: no visible global function definition for ‘txtProgressBar’
    ProgressBAR: no visible global function definition for
     ‘setTxtProgressBar’
    cor.matrix: no visible global function definition for ‘cor’
    cor.matrix.partial: no visible global function definition for ‘cor’
    optimal: no visible global function definition for ‘combn’
    optimal: no visible global function definition for ‘cor’
    Undefined global functions or variables:
     combn cor setTxtProgressBar txtProgressBar
Flavors: r-devel-linux-x86_64-debian-clang, r-devel-linux-x86_64-debian-gcc, r-devel-linux-x86_64-fedora-clang, r-devel-linux-x86_64-fedora-gcc, r-devel-windows-ix86+x86_64