CRAN Package Check Results for Package SYNCSA

Last updated on 2015-05-24 15:47:05.

Flavor Version Tinstall Tcheck Ttotal Status Flags
r-devel-linux-x86_64-debian-clang 1.3.2 3.57 48.45 52.02 NOTE
r-devel-linux-x86_64-debian-gcc 1.3.2 3.50 46.94 50.44 NOTE
r-devel-linux-x86_64-fedora-clang 1.3.2 107.20 NOTE
r-devel-linux-x86_64-fedora-gcc 1.3.2 110.93 NOTE
r-devel-osx-x86_64-clang 1.3.2 90.43 NOTE
r-devel-windows-ix86+x86_64 1.3.2 10.00 75.00 85.00 NOTE
r-patched-linux-x86_64 1.3.2 3.42 46.78 50.19 NOTE
r-patched-solaris-sparc 1.3.2 654.50 NOTE
r-patched-solaris-x86 1.3.2 144.90 NOTE
r-release-linux-x86_64 1.3.2 3.39 46.76 50.15 NOTE
r-release-osx-x86_64-mavericks 1.3.2 NOTE
r-release-osx-x86_64-snowleopard 1.3.2 ERROR
r-release-windows-ix86+x86_64 1.3.2 11.00 76.00 87.00 NOTE
r-oldrel-windows-ix86+x86_64 1.3.2 13.00 88.00 101.00 OK

Check Details

Version: 1.3.2
Check: DESCRIPTION meta-information
Result: NOTE
    Malformed Title field: should not end in a period.
Flavors: r-devel-linux-x86_64-debian-clang, r-devel-linux-x86_64-debian-gcc, r-devel-linux-x86_64-fedora-clang, r-devel-linux-x86_64-fedora-gcc, r-devel-osx-x86_64-clang, r-devel-windows-ix86+x86_64, r-patched-linux-x86_64, r-patched-solaris-sparc, r-patched-solaris-x86, r-release-linux-x86_64, r-release-osx-x86_64-mavericks, r-release-windows-ix86+x86_64

Version: 1.3.2
Check: package dependencies
Result: ERROR
    Packages required but not available: ‘vegan’ ‘FD’
    
    See section ‘The DESCRIPTION file’ in the ‘Writing R Extensions’
    manual.
Flavor: r-release-osx-x86_64-snowleopard