CRAN Package Check Results for Package SYNCSA

Last updated on 2016-02-11 11:50:26.

Flavor Version Tinstall Tcheck Ttotal Status Flags
r-devel-linux-x86_64-debian-gcc 1.3.2 3.50 45.49 48.99 NOTE
r-devel-linux-x86_64-fedora-clang 1.3.2 97.53 NOTE
r-devel-linux-x86_64-fedora-gcc 1.3.2 92.76 NOTE
r-devel-osx-x86_64-clang 1.3.2 103.33 NOTE
r-devel-windows-ix86+x86_64 1.3.2 13.00 101.00 114.00 NOTE
r-patched-linux-x86_64 1.3.2 3.66 50.04 53.70 NOTE
r-patched-solaris-sparc 1.3.2 649.00 NOTE
r-patched-solaris-x86 1.3.2 137.10 NOTE
r-release-linux-x86_64 1.3.2 3.82 49.37 53.19 NOTE
r-release-osx-x86_64-mavericks 1.3.2 NOTE
r-release-windows-ix86+x86_64 1.3.2 14.00 114.00 128.00 NOTE
r-oldrel-windows-ix86+x86_64 1.3.2 25.00 113.00 138.00 OK

Check Details

Version: 1.3.2
Check: DESCRIPTION meta-information
Result: NOTE
    Malformed Title field: should not end in a period.
Flavors: r-devel-linux-x86_64-debian-gcc, r-devel-linux-x86_64-fedora-clang, r-devel-linux-x86_64-fedora-gcc, r-devel-osx-x86_64-clang, r-devel-windows-ix86+x86_64, r-patched-linux-x86_64, r-patched-solaris-sparc, r-patched-solaris-x86, r-release-linux-x86_64, r-release-osx-x86_64-mavericks, r-release-windows-ix86+x86_64

Version: 1.3.2
Check: R code for possible problems
Result: NOTE
    ProgressBAR: no visible global function definition for ‘txtProgressBar’
    ProgressBAR: no visible global function definition for
     ‘setTxtProgressBar’
    cor.matrix: no visible global function definition for ‘cor’
    cor.matrix.partial: no visible global function definition for ‘cor’
    optimal: no visible global function definition for ‘combn’
    optimal: no visible global function definition for ‘cor’
    Undefined global functions or variables:
     combn cor setTxtProgressBar txtProgressBar
    Consider adding
     importFrom("stats", "cor")
     importFrom("utils", "combn", "setTxtProgressBar", "txtProgressBar")
    to your NAMESPACE file.
Flavors: r-devel-linux-x86_64-debian-gcc, r-devel-linux-x86_64-fedora-clang, r-devel-linux-x86_64-fedora-gcc, r-devel-osx-x86_64-clang, r-devel-windows-ix86+x86_64