CRAN Package Check Results for Package SYNCSA

Last updated on 2015-08-28 08:47:16.

Flavor Version Tinstall Tcheck Ttotal Status Flags
r-devel-linux-x86_64-debian-clang 1.3.2 4.34 46.12 50.46 NOTE
r-devel-linux-x86_64-debian-gcc 1.3.2 3.24 44.63 47.87 NOTE
r-devel-linux-x86_64-fedora-clang 1.3.2 102.06 NOTE
r-devel-linux-x86_64-fedora-gcc 1.3.2 97.22 NOTE
r-devel-osx-x86_64-clang 1.3.2 85.66 NOTE
r-devel-windows-ix86+x86_64 1.3.2 15.00 82.00 97.00 NOTE
r-patched-linux-x86_64 1.3.2 3.44 47.55 50.99 NOTE
r-patched-solaris-sparc 1.3.2 694.30 NOTE
r-patched-solaris-x86 1.3.2 146.20 NOTE
r-release-linux-x86_64 1.3.2 3.41 47.02 50.42 NOTE
r-release-osx-x86_64-mavericks 1.3.2 NOTE
r-release-windows-ix86+x86_64 1.3.2 15.00 85.00 100.00 NOTE
r-oldrel-windows-ix86+x86_64 1.3.2 23.00 119.00 142.00 OK

Check Details

Version: 1.3.2
Check: DESCRIPTION meta-information
Result: NOTE
    Malformed Title field: should not end in a period.
Flavors: r-devel-linux-x86_64-debian-clang, r-devel-linux-x86_64-debian-gcc, r-devel-linux-x86_64-fedora-clang, r-devel-linux-x86_64-fedora-gcc, r-devel-osx-x86_64-clang, r-devel-windows-ix86+x86_64, r-patched-linux-x86_64, r-patched-solaris-sparc, r-patched-solaris-x86, r-release-linux-x86_64, r-release-osx-x86_64-mavericks, r-release-windows-ix86+x86_64

Version: 1.3.2
Check: R code for possible problems
Result: NOTE
    ProgressBAR: no visible global function definition for ‘txtProgressBar’
    ProgressBAR: no visible global function definition for
     ‘setTxtProgressBar’
    cor.matrix: no visible global function definition for ‘cor’
    cor.matrix.partial: no visible global function definition for ‘cor’
    optimal: no visible global function definition for ‘combn’
    optimal: no visible global function definition for ‘cor’
    Undefined global functions or variables:
     combn cor setTxtProgressBar txtProgressBar
    Consider adding
     importFrom("stats", "cor")
     importFrom("utils", "combn", "setTxtProgressBar", "txtProgressBar")
    to your NAMESPACE.
Flavors: r-devel-linux-x86_64-debian-clang, r-devel-linux-x86_64-debian-gcc, r-devel-linux-x86_64-fedora-clang, r-devel-linux-x86_64-fedora-gcc, r-devel-windows-ix86+x86_64