CRAN Package Check Results for Package SYNCSA

Last updated on 2017-02-23 23:50:00.

Flavor Version Tinstall Tcheck Ttotal Status Flags
r-devel-linux-x86_64-debian-clang 1.3.2 3.07 46.46 49.53 NOTE
r-devel-linux-x86_64-debian-gcc 1.3.2 3.44 43.06 46.51 NOTE
r-devel-linux-x86_64-fedora-clang 1.3.2 107.60 NOTE --no-stop-on-test-error
r-devel-linux-x86_64-fedora-gcc 1.3.2 102.28 NOTE --no-stop-on-test-error
r-devel-macos-x86_64-clang 1.3.2 81.81 NOTE --no-stop-on-test-error
r-devel-windows-ix86+x86_64 1.3.2 13.00 123.00 136.00 NOTE
r-patched-linux-x86_64 1.3.2 3.27 41.44 44.71 NOTE
r-patched-solaris-sparc 1.3.2 615.70 NOTE
r-patched-solaris-x86 1.3.2 129.70 NOTE
r-release-linux-x86_64 1.3.2 3.16 41.13 44.28 NOTE
r-release-osx-x86_64-mavericks 1.3.2 NOTE
r-release-windows-ix86+x86_64 1.3.2 11.00 101.00 112.00 NOTE
r-oldrel-windows-ix86+x86_64 1.3.2 14.00 98.00 112.00 NOTE

Check Details

Version: 1.3.2
Check: DESCRIPTION meta-information
Result: NOTE
    Malformed Title field: should not end in a period.
Flavors: r-devel-linux-x86_64-debian-clang, r-devel-linux-x86_64-debian-gcc, r-devel-windows-ix86+x86_64, r-patched-linux-x86_64, r-patched-solaris-sparc, r-patched-solaris-x86, r-release-linux-x86_64, r-release-osx-x86_64-mavericks, r-release-windows-ix86+x86_64, r-oldrel-windows-ix86+x86_64

Version: 1.3.2
Check: R code for possible problems
Result: NOTE
    ProgressBAR: no visible global function definition for ‘txtProgressBar’
    ProgressBAR: no visible global function definition for
     ‘setTxtProgressBar’
    cor.matrix: no visible global function definition for ‘cor’
    cor.matrix.partial: no visible global function definition for ‘cor’
    optimal: no visible global function definition for ‘combn’
    optimal: no visible global function definition for ‘cor’
    Undefined global functions or variables:
     combn cor setTxtProgressBar txtProgressBar
    Consider adding
     importFrom("stats", "cor")
     importFrom("utils", "combn", "setTxtProgressBar", "txtProgressBar")
    to your NAMESPACE file.
Flavors: r-devel-linux-x86_64-debian-clang, r-devel-linux-x86_64-debian-gcc, r-devel-windows-ix86+x86_64, r-patched-linux-x86_64, r-patched-solaris-sparc, r-patched-solaris-x86, r-release-linux-x86_64, r-release-osx-x86_64-mavericks, r-release-windows-ix86+x86_64

Version: 1.3.2
Flags: --no-stop-on-test-error
Check: DESCRIPTION meta-information
Result: NOTE
    Malformed Title field: should not end in a period.
Flavors: r-devel-linux-x86_64-fedora-clang, r-devel-linux-x86_64-fedora-gcc, r-devel-macos-x86_64-clang

Version: 1.3.2
Flags: --no-stop-on-test-error
Check: R code for possible problems
Result: NOTE
    ProgressBAR: no visible global function definition for ‘txtProgressBar’
    ProgressBAR: no visible global function definition for
     ‘setTxtProgressBar’
    cor.matrix: no visible global function definition for ‘cor’
    cor.matrix.partial: no visible global function definition for ‘cor’
    optimal: no visible global function definition for ‘combn’
    optimal: no visible global function definition for ‘cor’
    Undefined global functions or variables:
     combn cor setTxtProgressBar txtProgressBar
    Consider adding
     importFrom("stats", "cor")
     importFrom("utils", "combn", "setTxtProgressBar", "txtProgressBar")
    to your NAMESPACE file.
Flavors: r-devel-linux-x86_64-fedora-clang, r-devel-linux-x86_64-fedora-gcc, r-devel-macos-x86_64-clang