CRAN Package Check Results for Package SYNCSA

Last updated on 2015-03-28 11:49:28.

Flavor Version Tinstall Tcheck Ttotal Status Flags
r-devel-linux-x86_64-debian-clang 1.3.2 3.38 47.04 50.42 NOTE
r-devel-linux-x86_64-debian-gcc 1.3.2 3.28 46.14 49.42 NOTE
r-devel-linux-x86_64-fedora-clang 1.3.2 103.88 NOTE
r-devel-linux-x86_64-fedora-gcc 1.3.2 99.97 NOTE
r-devel-osx-x86_64-clang 1.3.2 97.82 NOTE
r-prerel-windows-ix86+x86_64 1.3.2 11.00 71.00 82.00 NOTE
r-prerel-linux-x86_64 1.3.2 3.32 45.91 49.22 NOTE
r-prerel-solaris-sparc 1.3.2 641.60 NOTE
r-prerel-solaris-x86 1.3.2 137.70 NOTE
r-release-linux-x86_64 1.3.2 5.24 61.96 67.20 OK
r-release-osx-x86_64-mavericks 1.3.2 OK
r-release-osx-x86_64-snowleopard 1.3.2 OK
r-release-windows-ix86+x86_64 1.3.2 15.00 91.00 106.00 OK
r-oldrel-windows-ix86+x86_64 1.3.2 14.00 103.00 117.00 OK

Check Details

Version: 1.3.2
Check: DESCRIPTION meta-information
Result: NOTE
    Malformed Title field: should not end in a period.
Flavors: r-devel-linux-x86_64-debian-clang, r-devel-linux-x86_64-debian-gcc, r-devel-linux-x86_64-fedora-clang, r-devel-linux-x86_64-fedora-gcc, r-devel-osx-x86_64-clang, r-prerel-windows-ix86+x86_64, r-prerel-linux-x86_64, r-prerel-solaris-sparc, r-prerel-solaris-x86