CRAN Package Check Results for Package SampleSizeMeans

Last updated on 2014-04-18 09:49:26.

Flavor Version Tinstall Tcheck Ttotal Status Flags
r-devel-linux-x86_64-debian-clang 1.1 0.87 17.40 18.27 OK
r-devel-linux-x86_64-debian-gcc OK
r-devel-linux-x86_64-fedora-clang 1.1 35.26 NOTE
r-devel-linux-x86_64-fedora-gcc 1.1 33.44 NOTE
r-devel-macosx-x86_64-clang 1.1 32.33 OK
r-devel-macosx-x86_64-gcc 1.1 OK
r-devel-windows-ix86+x86_64 1.1 2.00 34.00 36.00 OK
r-patched-linux-x86_64 1.1 0.88 17.38 18.27 OK
r-patched-solaris-sparc 1.1 212.80 OK
r-patched-solaris-x86 1.1 48.90 OK
r-release-linux-ix86 1.1 2.00 33.00 35.00 OK
r-release-linux-x86_64 1.1 0.87 17.27 18.14 OK
r-release-windows-ix86+x86_64 1.1 4.00 35.00 39.00 OK
r-oldrel-windows-ix86+x86_64 1.1 2.00 29.00 31.00 OK

Check Details

Version: 1.1
Check: Rd line widths
Result: NOTE
    Rd file 'mudiff.acc.Rd':
     \usage lines wider than 90 characters:
     mudiff.acc(len, alpha1, beta1, alpha2, beta2, n01, n02, level = 0.95, equal = TRUE, m = 10000, mcs = 3)
    
    Rd file 'mudiff.alc.Rd':
     \usage lines wider than 90 characters:
     mudiff.alc(len, alpha1, beta1, alpha2, beta2, n01, n02, level = 0.95, equal = TRUE, m = 10000, mcs = 3)
    
    Rd file 'mudiff.mblmodwoc.Rd':
     \usage lines wider than 90 characters:
     mudiff.mblmodwoc(len, alpha1, beta1, alpha2, beta2, level = 0.95, worst.level = 0.95, m = 50000, mcs = 3)
    
    Rd file 'mudiff.mblmodwoc.equalvar.Rd':
     \usage lines wider than 90 characters:
     mudiff.mblmodwoc.equalvar(len, alpha, beta, level = 0.95, worst.level = 0.95, m = 50000, mcs = 3)
    
    Rd file 'mudiff.modwoc.Rd':
     \usage lines wider than 90 characters:
     mudiff.modwoc(len, alpha1, beta1, alpha2, beta2, n01, n02, level = 0.95, worst.level = 0.95, equal = TRUE, m = 50000, mcs = 3)
    
    Rd file 'mudiff.modwoc.equalvar.Rd':
     \usage lines wider than 90 characters:
     mudiff.modwoc.equalvar(len, alpha, beta, n01, n02, level = 0.95, worst.level = 0.95, equal = TRUE)
    
    These lines will be truncated in the PDF manual.
Flavors: r-devel-linux-x86_64-fedora-clang, r-devel-linux-x86_64-fedora-gcc