CRAN Package Check Results for Package SampleSizeMeans

Last updated on 2015-08-04 16:48:45.

Flavor Version Tinstall Tcheck Ttotal Status Flags
r-devel-linux-x86_64-debian-clang 1.1 0.83 16.47 17.30 NOTE
r-devel-linux-x86_64-debian-gcc 1.1 0.76 16.28 17.04 NOTE
r-devel-linux-x86_64-fedora-clang 1.1 31.84 NOTE
r-devel-linux-x86_64-fedora-gcc 1.1 30.55 NOTE
r-devel-osx-x86_64-clang 1.1 30.76 OK
r-devel-windows-ix86+x86_64 1.1 4.00 29.00 33.00 NOTE
r-patched-linux-x86_64 1.1 0.78 16.17 16.94 NOTE
r-patched-solaris-sparc 1.1 234.60 OK
r-patched-solaris-x86 1.1 45.80 OK
r-release-linux-x86_64 1.1 0.84 16.72 17.56 NOTE
r-release-osx-x86_64-mavericks 1.1 OK
r-release-windows-ix86+x86_64 1.1 3.00 31.00 34.00 OK
r-oldrel-windows-ix86+x86_64 1.1 4.00 31.00 35.00 OK

Check Details

Version: 1.1
Check: R code for possible problems
Result: NOTE
    mu.acc: no visible global function definition for ‘qt’
    mu.alc: no visible global function definition for ‘qt’
    mu.alc: no visible global function definition for ‘qnorm’
    mu.freq: no visible global function definition for ‘qnorm’
    mu.mblacc: no visible global function definition for ‘pt’
    mu.mblalc: no visible global function definition for ‘qnorm’
    mu.mblalc: no visible global function definition for ‘qt’
    mu.mblmodwoc: no visible global function definition for ‘pt’
    mu.modwoc: no visible global function definition for ‘qt’
    mu.modwoc: no visible global function definition for ‘qnorm’
    mu.modwoc: no visible global function definition for ‘qchisq’
    mu.modwoc: no visible global function definition for ‘qf’
    mu.modwoc: no visible global function definition for ‘pf’
    mu.varknown: no visible global function definition for ‘qnorm’
    mudiff.acc: no visible global function definition for ‘rt’
    mudiff.acc: no visible global function definition for ‘pnorm’
    mudiff.acc.equalvar: no visible global function definition for ‘qt’
    mudiff.alc: no visible global function definition for ‘rt’
    mudiff.alc: no visible global function definition for ‘qnorm’
    mudiff.alc.equalvar: no visible global function definition for ‘qt’
    mudiff.alc.equalvar: no visible global function definition for ‘qnorm’
    mudiff.freq: no visible global function definition for ‘qnorm’
    mudiff.mbl.varknown: no visible global function definition for ‘qnorm’
    mudiff.mblacc: no visible global function definition for ‘pnorm’
    mudiff.mblacc.equalvar: no visible global function definition for ‘pt’
    mudiff.mblalc: no visible global function definition for ‘qnorm’
    mudiff.mblalc.equalvar: no visible global function definition for
     ‘qnorm’
    mudiff.mblalc.equalvar: no visible global function definition for ‘qt’
    mudiff.mblmodwoc: no visible global function definition for ‘pnorm’
    mudiff.mblmodwoc.equalvar: no visible global function definition for
     ‘pt’
    mudiff.modwoc: no visible global function definition for ‘rt’
    mudiff.modwoc: no visible global function definition for ‘pnorm’
    mudiff.modwoc.equalvar: no visible global function definition for ‘qt’
    mudiff.modwoc.equalvar: no visible global function definition for
     ‘qnorm’
    mudiff.modwoc.equalvar: no visible global function definition for
     ‘qchisq’
    mudiff.modwoc.equalvar: no visible global function definition for ‘qf’
    mudiff.modwoc.equalvar: no visible global function definition for ‘pf’
    mudiff.varknown: no visible global function definition for ‘qnorm’
    rgg: no visible global function definition for ‘rgamma’
    rvgg: no visible global function definition for ‘rgamma’
    Undefined global functions or variables:
     pf pnorm pt qchisq qf qnorm qt rgamma rt
    Consider adding
     importFrom("stats", "pf", "pnorm", "pt", "qchisq", "qf", "qnorm", "qt",
     "rgamma", "rt")
    to your NAMESPACE.
Flavors: r-devel-linux-x86_64-debian-clang, r-devel-linux-x86_64-debian-gcc, r-devel-linux-x86_64-fedora-clang, r-devel-linux-x86_64-fedora-gcc, r-devel-windows-ix86+x86_64

Version: 1.1
Check: Rd line widths
Result: NOTE
    Rd file 'mudiff.acc.Rd':
     \usage lines wider than 90 characters:
     mudiff.acc(len, alpha1, beta1, alpha2, beta2, n01, n02, level = 0.95, equal = TRUE, m = 10000, mcs = 3)
    
    Rd file 'mudiff.alc.Rd':
     \usage lines wider than 90 characters:
     mudiff.alc(len, alpha1, beta1, alpha2, beta2, n01, n02, level = 0.95, equal = TRUE, m = 10000, mcs = 3)
    
    Rd file 'mudiff.mblmodwoc.Rd':
     \usage lines wider than 90 characters:
     mudiff.mblmodwoc(len, alpha1, beta1, alpha2, beta2, level = 0.95, worst.level = 0.95, m = 50000, mcs = 3)
    
    Rd file 'mudiff.mblmodwoc.equalvar.Rd':
     \usage lines wider than 90 characters:
     mudiff.mblmodwoc.equalvar(len, alpha, beta, level = 0.95, worst.level = 0.95, m = 50000, mcs = 3)
    
    Rd file 'mudiff.modwoc.Rd':
     \usage lines wider than 90 characters:
     mudiff.modwoc(len, alpha1, beta1, alpha2, beta2, n01, n02, level = 0.95, worst.level = 0.95, equal = TRUE, m = 50000, mcs = 3)
    
    Rd file 'mudiff.modwoc.equalvar.Rd':
     \usage lines wider than 90 characters:
     mudiff.modwoc.equalvar(len, alpha, beta, n01, n02, level = 0.95, worst.level = 0.95, equal = TRUE)
    
    These lines will be truncated in the PDF manual.
Flavors: r-devel-linux-x86_64-debian-clang, r-devel-linux-x86_64-debian-gcc, r-devel-linux-x86_64-fedora-clang, r-devel-linux-x86_64-fedora-gcc, r-patched-linux-x86_64, r-release-linux-x86_64