CRAN Package Check Results for Package SampleSizeMeans

Last updated on 2015-03-30 00:48:31.

Flavor Version Tinstall Tcheck Ttotal Status Flags
r-devel-linux-x86_64-debian-clang 1.1 0.81 17.22 18.03 NOTE
r-devel-linux-x86_64-debian-gcc 1.1 0.90 17.18 18.09 NOTE
r-devel-linux-x86_64-fedora-clang 1.1 33.95 NOTE
r-devel-linux-x86_64-fedora-gcc 1.1 31.82 NOTE
r-devel-osx-x86_64-clang 1.1 37.76 OK
r-prerel-windows-ix86+x86_64 1.1 4.00 29.00 33.00 OK
r-prerel-linux-x86_64 1.1 0.80 16.72 17.52 NOTE
r-prerel-solaris-sparc 1.1 230.50 OK
r-prerel-solaris-x86 1.1 45.30 OK
r-release-linux-x86_64 1.1 0.86 17.89 18.75 NOTE
r-release-osx-x86_64-mavericks 1.1 OK
r-release-windows-ix86+x86_64 1.1 4.00 31.00 35.00 OK
r-oldrel-windows-ix86+x86_64 1.1 2.00 29.00 31.00 OK

Check Details

Version: 1.1
Check: Rd line widths
Result: NOTE
    Rd file 'mudiff.acc.Rd':
     \usage lines wider than 90 characters:
     mudiff.acc(len, alpha1, beta1, alpha2, beta2, n01, n02, level = 0.95, equal = TRUE, m = 10000, mcs = 3)
    
    Rd file 'mudiff.alc.Rd':
     \usage lines wider than 90 characters:
     mudiff.alc(len, alpha1, beta1, alpha2, beta2, n01, n02, level = 0.95, equal = TRUE, m = 10000, mcs = 3)
    
    Rd file 'mudiff.mblmodwoc.Rd':
     \usage lines wider than 90 characters:
     mudiff.mblmodwoc(len, alpha1, beta1, alpha2, beta2, level = 0.95, worst.level = 0.95, m = 50000, mcs = 3)
    
    Rd file 'mudiff.mblmodwoc.equalvar.Rd':
     \usage lines wider than 90 characters:
     mudiff.mblmodwoc.equalvar(len, alpha, beta, level = 0.95, worst.level = 0.95, m = 50000, mcs = 3)
    
    Rd file 'mudiff.modwoc.Rd':
     \usage lines wider than 90 characters:
     mudiff.modwoc(len, alpha1, beta1, alpha2, beta2, n01, n02, level = 0.95, worst.level = 0.95, equal = TRUE, m = 50000, mcs = 3)
    
    Rd file 'mudiff.modwoc.equalvar.Rd':
     \usage lines wider than 90 characters:
     mudiff.modwoc.equalvar(len, alpha, beta, n01, n02, level = 0.95, worst.level = 0.95, equal = TRUE)
    
    These lines will be truncated in the PDF manual.
Flavors: r-devel-linux-x86_64-debian-clang, r-devel-linux-x86_64-debian-gcc, r-devel-linux-x86_64-fedora-clang, r-devel-linux-x86_64-fedora-gcc, r-prerel-linux-x86_64, r-release-linux-x86_64