CRAN Package Check Results for Package SampleSizeProportions

Last updated on 2021-12-03 01:51:13 CET.

Flavor Version Tinstall Tcheck Ttotal Status Flags
r-devel-linux-x86_64-debian-clang 1.0 3.11 28.69 31.80 NOTE
r-devel-linux-x86_64-debian-gcc 1.0 2.25 21.75 24.00 NOTE
r-devel-linux-x86_64-fedora-clang 1.0 52.86 NOTE
r-devel-linux-x86_64-fedora-gcc 1.0 40.04 NOTE
r-devel-windows-x86_64-new-UL 1.0 7.00 56.00 63.00 NOTE
r-devel-windows-x86_64-new-TK 1.0 NOTE
r-devel-windows-x86_64-old 1.0 5.00 35.00 40.00 NOTE
r-patched-linux-x86_64 1.0 3.75 28.23 31.98 NOTE
r-patched-solaris-x86 1.0 58.70 NOTE
r-release-linux-x86_64 1.0 3.45 28.22 31.67 NOTE
r-release-macos-arm64 1.0 NOTE
r-release-macos-x86_64 1.0 NOTE
r-release-windows-ix86+x86_64 1.0 7.00 47.00 54.00 NOTE
r-oldrel-macos-x86_64 1.0 NOTE
r-oldrel-windows-ix86+x86_64 1.0 5.00 41.00 46.00 NOTE

Check Details

Version: 1.0
Check: R code for possible problems
Result: NOTE
    propdiff.acc: no visible global function definition for 'rbeta'
    propdiff.acc: no visible global function definition for 'rbinom'
    propdiff.acc: no visible global function definition for 'pbeta'
    propdiff.alc: no visible global function definition for 'rbeta'
    propdiff.alc: no visible global function definition for 'rbinom'
    propdiff.alc: no visible global function definition for 'qbeta'
    propdiff.freq: no visible global function definition for 'qnorm'
    propdiff.mblacc: no visible global function definition for 'rbeta'
    propdiff.mblacc: no visible global function definition for 'rbinom'
    propdiff.mblacc: no visible global function definition for 'pbeta'
    propdiff.mblalc: no visible global function definition for 'rbeta'
    propdiff.mblalc: no visible global function definition for 'rbinom'
    propdiff.mblalc: no visible global function definition for 'qbeta'
    propdiff.mblmodwoc: no visible global function definition for 'qchisq'
    propdiff.mblmodwoc: no visible global function definition for 'pbeta'
    propdiff.mblwoc: no visible global function definition for 'pbeta'
    propdiff.modwoc: no visible global function definition for 'qchisq'
    propdiff.modwoc: no visible global function definition for 'pbeta'
    propdiff.woc: no visible global function definition for 'pbeta'
    Undefined global functions or variables:
     pbeta qbeta qchisq qnorm rbeta rbinom
    Consider adding
     importFrom("stats", "pbeta", "qbeta", "qchisq", "qnorm", "rbeta",
     "rbinom")
    to your NAMESPACE file.
Flavors: r-devel-linux-x86_64-debian-clang, r-devel-linux-x86_64-debian-gcc, r-devel-linux-x86_64-fedora-clang, r-devel-linux-x86_64-fedora-gcc, r-devel-windows-x86_64-new-UL, r-devel-windows-x86_64-new-TK, r-devel-windows-x86_64-old, r-patched-linux-x86_64, r-patched-solaris-x86, r-release-linux-x86_64, r-release-macos-arm64, r-release-macos-x86_64, r-release-windows-ix86+x86_64, r-oldrel-macos-x86_64, r-oldrel-windows-ix86+x86_64