CRAN Package Check Results for Package SampleSizeProportions

Last updated on 2018-02-23 01:46:43 CET.

Flavor Version Tinstall Tcheck Ttotal Status Flags
r-devel-linux-x86_64-debian-clang 1.0 2.57 21.89 24.46 NOTE
r-devel-linux-x86_64-debian-gcc 1.0 1.92 18.59 20.51 NOTE
r-devel-linux-x86_64-fedora-clang 1.0 31.73 NOTE
r-devel-linux-x86_64-fedora-gcc 1.0 31.39 NOTE
r-devel-windows-ix86+x86_64 1.0 5.00 49.00 54.00 NOTE
r-patched-linux-x86_64 1.0 0.87 24.70 25.57 NOTE
r-patched-solaris-x86 1.0 37.40 NOTE
r-release-linux-x86_64 1.0 0.90 24.80 25.70 NOTE
r-release-windows-ix86+x86_64 1.0 3.00 33.00 36.00 NOTE
r-release-osx-x86_64 1.0 NOTE
r-oldrel-windows-ix86+x86_64 1.0 2.00 34.00 36.00 NOTE
r-oldrel-osx-x86_64 1.0 NOTE

Check Details

Version: 1.0
Check: R code for possible problems
Result: NOTE
    propdiff.acc: no visible global function definition for ‘rbeta’
    propdiff.acc: no visible global function definition for ‘rbinom’
    propdiff.acc: no visible global function definition for ‘pbeta’
    propdiff.alc: no visible global function definition for ‘rbeta’
    propdiff.alc: no visible global function definition for ‘rbinom’
    propdiff.alc: no visible global function definition for ‘qbeta’
    propdiff.freq: no visible global function definition for ‘qnorm’
    propdiff.mblacc: no visible global function definition for ‘rbeta’
    propdiff.mblacc: no visible global function definition for ‘rbinom’
    propdiff.mblacc: no visible global function definition for ‘pbeta’
    propdiff.mblalc: no visible global function definition for ‘rbeta’
    propdiff.mblalc: no visible global function definition for ‘rbinom’
    propdiff.mblalc: no visible global function definition for ‘qbeta’
    propdiff.mblmodwoc: no visible global function definition for ‘qchisq’
    propdiff.mblmodwoc: no visible global function definition for ‘pbeta’
    propdiff.mblwoc: no visible global function definition for ‘pbeta’
    propdiff.modwoc: no visible global function definition for ‘qchisq’
    propdiff.modwoc: no visible global function definition for ‘pbeta’
    propdiff.woc: no visible global function definition for ‘pbeta’
    Undefined global functions or variables:
     pbeta qbeta qchisq qnorm rbeta rbinom
    Consider adding
     importFrom("stats", "pbeta", "qbeta", "qchisq", "qnorm", "rbeta",
     "rbinom")
    to your NAMESPACE file.
Flavors: r-devel-linux-x86_64-debian-clang, r-devel-linux-x86_64-debian-gcc, r-devel-linux-x86_64-fedora-clang, r-devel-linux-x86_64-fedora-gcc, r-devel-windows-ix86+x86_64, r-patched-linux-x86_64, r-patched-solaris-x86, r-release-linux-x86_64, r-release-windows-ix86+x86_64, r-release-osx-x86_64, r-oldrel-windows-ix86+x86_64, r-oldrel-osx-x86_64