CRAN Package Check Results for Package SampleSizeProportions

Last updated on 2016-07-24 22:47:09.

Flavor Version Tinstall Tcheck Ttotal Status Flags
r-devel-linux-x86_64-debian-clang 1.0 0.66 17.44 18.11 NOTE
r-devel-linux-x86_64-debian-gcc 1.0 0.61 18.05 18.65 NOTE
r-devel-linux-x86_64-fedora-clang 1.0 25.54 NOTE
r-devel-linux-x86_64-fedora-gcc 1.0 24.39 NOTE
r-devel-osx-x86_64-clang 1.0 21.47 NOTE
r-devel-windows-ix86+x86_64 1.0 2.00 33.00 35.00 NOTE
r-patched-linux-x86_64 1.0 0.64 18.42 19.06 NOTE
r-patched-solaris-sparc 1.0 176.70 NOTE
r-patched-solaris-x86 1.0 33.00 NOTE
r-release-linux-x86_64 1.0 0.86 19.26 20.11 NOTE
r-release-osx-x86_64-mavericks 1.0 NOTE
r-release-windows-ix86+x86_64 1.0 3.00 44.00 47.00 NOTE
r-oldrel-windows-ix86+x86_64 1.0 3.00 25.00 28.00 OK

Check Details

Version: 1.0
Check: R code for possible problems
Result: NOTE
    propdiff.acc: no visible global function definition for ‘rbeta’
    propdiff.acc: no visible global function definition for ‘rbinom’
    propdiff.acc: no visible global function definition for ‘pbeta’
    propdiff.alc: no visible global function definition for ‘rbeta’
    propdiff.alc: no visible global function definition for ‘rbinom’
    propdiff.alc: no visible global function definition for ‘qbeta’
    propdiff.freq: no visible global function definition for ‘qnorm’
    propdiff.mblacc: no visible global function definition for ‘rbeta’
    propdiff.mblacc: no visible global function definition for ‘rbinom’
    propdiff.mblacc: no visible global function definition for ‘pbeta’
    propdiff.mblalc: no visible global function definition for ‘rbeta’
    propdiff.mblalc: no visible global function definition for ‘rbinom’
    propdiff.mblalc: no visible global function definition for ‘qbeta’
    propdiff.mblmodwoc: no visible global function definition for ‘qchisq’
    propdiff.mblmodwoc: no visible global function definition for ‘pbeta’
    propdiff.mblwoc: no visible global function definition for ‘pbeta’
    propdiff.modwoc: no visible global function definition for ‘qchisq’
    propdiff.modwoc: no visible global function definition for ‘pbeta’
    propdiff.woc: no visible global function definition for ‘pbeta’
    Undefined global functions or variables:
     pbeta qbeta qchisq qnorm rbeta rbinom
    Consider adding
     importFrom("stats", "pbeta", "qbeta", "qchisq", "qnorm", "rbeta",
     "rbinom")
    to your NAMESPACE file.
Flavors: r-devel-linux-x86_64-debian-clang, r-devel-linux-x86_64-debian-gcc, r-devel-linux-x86_64-fedora-clang, r-devel-linux-x86_64-fedora-gcc, r-devel-osx-x86_64-clang, r-devel-windows-ix86+x86_64, r-patched-linux-x86_64, r-patched-solaris-sparc, r-patched-solaris-x86, r-release-linux-x86_64, r-release-osx-x86_64-mavericks, r-release-windows-ix86+x86_64