CRAN Package Check Results for Package SampleSizeProportions

Last updated on 2015-09-04 11:47:52.

Flavor Version Tinstall Tcheck Ttotal Status Flags
r-devel-linux-x86_64-debian-clang 1.0 0.53 14.23 14.76 NOTE
r-devel-linux-x86_64-debian-gcc 1.0 0.62 14.52 15.14 NOTE
r-devel-linux-x86_64-fedora-clang 1.0 26.72 NOTE
r-devel-linux-x86_64-fedora-gcc 1.0 25.53 NOTE
r-devel-osx-x86_64-clang 1.0 22.55 OK
r-devel-windows-ix86+x86_64 1.0 3.00 27.00 30.00 NOTE
r-patched-linux-x86_64 1.0 0.67 15.27 15.94 OK
r-patched-solaris-sparc 1.0 195.30 OK
r-patched-solaris-x86 1.0 38.00 OK
r-release-linux-x86_64 1.0 0.63 15.08 15.72 OK
r-release-osx-x86_64-mavericks 1.0 OK
r-release-windows-ix86+x86_64 1.0 3.00 33.00 36.00 OK
r-oldrel-windows-ix86+x86_64 1.0 3.00 26.00 29.00 OK

Check Details

Version: 1.0
Check: R code for possible problems
Result: NOTE
    propdiff.acc: no visible global function definition for ‘rbeta’
    propdiff.acc: no visible global function definition for ‘rbinom’
    propdiff.acc: no visible global function definition for ‘pbeta’
    propdiff.alc: no visible global function definition for ‘rbeta’
    propdiff.alc: no visible global function definition for ‘rbinom’
    propdiff.alc: no visible global function definition for ‘qbeta’
    propdiff.freq: no visible global function definition for ‘qnorm’
    propdiff.mblacc: no visible global function definition for ‘rbeta’
    propdiff.mblacc: no visible global function definition for ‘rbinom’
    propdiff.mblacc: no visible global function definition for ‘pbeta’
    propdiff.mblalc: no visible global function definition for ‘rbeta’
    propdiff.mblalc: no visible global function definition for ‘rbinom’
    propdiff.mblalc: no visible global function definition for ‘qbeta’
    propdiff.mblmodwoc: no visible global function definition for ‘qchisq’
    propdiff.mblmodwoc: no visible global function definition for ‘pbeta’
    propdiff.mblwoc: no visible global function definition for ‘pbeta’
    propdiff.modwoc: no visible global function definition for ‘qchisq’
    propdiff.modwoc: no visible global function definition for ‘pbeta’
    propdiff.woc: no visible global function definition for ‘pbeta’
    Undefined global functions or variables:
     pbeta qbeta qchisq qnorm rbeta rbinom
    Consider adding
     importFrom("stats", "pbeta", "qbeta", "qchisq", "qnorm", "rbeta",
     "rbinom")
    to your NAMESPACE.
Flavors: r-devel-linux-x86_64-debian-clang, r-devel-linux-x86_64-debian-gcc, r-devel-linux-x86_64-fedora-clang, r-devel-linux-x86_64-fedora-gcc, r-devel-windows-ix86+x86_64