CRAN Package Check Results for Package SampleSizeProportions

Last updated on 2016-04-30 06:47:41.

Flavor Version Tinstall Tcheck Ttotal Status Flags
r-devel-linux-x86_64-debian-gcc 1.0 0.62 15.57 16.19 NOTE
r-devel-linux-x86_64-fedora-clang 1.0 25.20 NOTE
r-devel-linux-x86_64-fedora-gcc 1.0 24.89 NOTE
r-devel-osx-x86_64-clang 1.0 27.71 NOTE
r-devel-windows-ix86+x86_64 1.0 3.00 35.00 38.00 NOTE
r-patched-linux-x86_64 1.0 0.66 15.39 16.05 NOTE
r-patched-solaris-sparc 1.0 173.40 NOTE
r-patched-solaris-x86 1.0 34.20 NOTE
r-release-linux-x86_64 1.0 0.67 16.02 16.69 OK
r-release-osx-x86_64-mavericks 1.0 OK
r-release-windows-ix86+x86_64 1.0 3.00 25.00 28.00 OK
r-oldrel-windows-ix86+x86_64 1.0 3.00 26.00 29.00 OK

Check Details

Version: 1.0
Check: R code for possible problems
Result: NOTE
    propdiff.acc: no visible global function definition for ‘rbeta’
    propdiff.acc: no visible global function definition for ‘rbinom’
    propdiff.acc: no visible global function definition for ‘pbeta’
    propdiff.alc: no visible global function definition for ‘rbeta’
    propdiff.alc: no visible global function definition for ‘rbinom’
    propdiff.alc: no visible global function definition for ‘qbeta’
    propdiff.freq: no visible global function definition for ‘qnorm’
    propdiff.mblacc: no visible global function definition for ‘rbeta’
    propdiff.mblacc: no visible global function definition for ‘rbinom’
    propdiff.mblacc: no visible global function definition for ‘pbeta’
    propdiff.mblalc: no visible global function definition for ‘rbeta’
    propdiff.mblalc: no visible global function definition for ‘rbinom’
    propdiff.mblalc: no visible global function definition for ‘qbeta’
    propdiff.mblmodwoc: no visible global function definition for ‘qchisq’
    propdiff.mblmodwoc: no visible global function definition for ‘pbeta’
    propdiff.mblwoc: no visible global function definition for ‘pbeta’
    propdiff.modwoc: no visible global function definition for ‘qchisq’
    propdiff.modwoc: no visible global function definition for ‘pbeta’
    propdiff.woc: no visible global function definition for ‘pbeta’
    Undefined global functions or variables:
     pbeta qbeta qchisq qnorm rbeta rbinom
    Consider adding
     importFrom("stats", "pbeta", "qbeta", "qchisq", "qnorm", "rbeta",
     "rbinom")
    to your NAMESPACE file.
Flavors: r-devel-linux-x86_64-debian-gcc, r-devel-linux-x86_64-fedora-clang, r-devel-linux-x86_64-fedora-gcc, r-devel-osx-x86_64-clang, r-devel-windows-ix86+x86_64, r-patched-linux-x86_64, r-patched-solaris-sparc, r-patched-solaris-x86