CRAN Package Check Results for Package SamplerCompare

Last updated on 2015-07-07 06:46:51.

Flavor Version Tinstall Tcheck Ttotal Status Flags
r-devel-linux-x86_64-debian-clang 1.2.7 1.72 32.82 34.54 OK
r-devel-linux-x86_64-debian-gcc 1.2.7 1.74 34.49 36.23 OK
r-devel-linux-x86_64-fedora-clang 1.2.7 40.74 ERROR
r-devel-linux-x86_64-fedora-gcc 1.2.7 39.80 ERROR
r-devel-osx-x86_64-clang 1.2.7 59.97 ERROR
r-devel-windows-ix86+x86_64 1.2.7 16.00 106.00 122.00 ERROR
r-patched-linux-x86_64 1.2.6 1.75 32.37 34.12 OK
r-patched-solaris-sparc 1.2.7 420.10 NOTE
r-patched-solaris-x86 1.2.7 84.00 OK
r-release-linux-x86_64 1.2.7 1.84 32.31 34.15 OK
r-release-osx-x86_64-mavericks 1.2.7 OK
r-release-windows-ix86+x86_64 1.2.7 16.00 118.00 134.00 NOTE
r-oldrel-windows-ix86+x86_64 1.2.7 12.00 90.00 102.00 NOTE

Check Details

Version: 1.2.7
Check: running R code from vignettes
Result: ERROR
    Errors in running code in vignettes:
    when running code in ‘sc-intro.Rnw’
     ...
    > pdf("Figures/ex-comparison-plot.pdf", height = 4,
    + width = 4)
    
    > print(comparison.plot(sampler.comparison, base_size = 8))
    Warning in initialize(value, ...) :
     Class definition for Class "Scales" doesn't have a parent environment for objects defined. Bug??
    
     When sourcing ‘sc-intro.R’:
    Error: object 'scale_clone' not found
    Execution halted
Flavors: r-devel-linux-x86_64-fedora-clang, r-devel-linux-x86_64-fedora-gcc, r-devel-osx-x86_64-clang, r-devel-windows-ix86+x86_64

Version: 1.2.7
Check: re-building of vignette outputs
Result: NOTE
    Error in re-building vignettes:
     ...
    Loading required package: mvtnorm
    Warning in initialize(value, ...) :
     Class definition for Class "Scales" doesn't have a parent environment for objects defined. Bug??
    
    Error: processing vignette 'sc-intro.Rnw' failed with diagnostics:
     chunk 1
    Error in match.fun(FUN) : object 'scale_clone' not found
    Execution halted
Flavors: r-devel-linux-x86_64-fedora-clang, r-devel-linux-x86_64-fedora-gcc, r-devel-osx-x86_64-clang, r-devel-windows-ix86+x86_64

Version: 1.2.7
Check: package dependencies
Result: NOTE
    Package suggested but not available for checking: 'synchronicity'
Flavors: r-devel-windows-ix86+x86_64, r-patched-solaris-sparc, r-release-windows-ix86+x86_64, r-oldrel-windows-ix86+x86_64