CRAN Package Check Results for Package SamplerCompare

Last updated on 2018-06-19 00:47:57 CEST.

Flavor Version Tinstall Tcheck Ttotal Status Flags
r-devel-linux-x86_64-debian-clang 1.2.9 4.36 67.61 71.97 OK
r-devel-linux-x86_64-debian-gcc 1.2.9 3.92 57.19 61.11 OK
r-devel-linux-x86_64-fedora-clang 1.2.9 91.51 OK
r-devel-linux-x86_64-fedora-gcc 1.2.9 87.71 OK
r-devel-windows-ix86+x86_64 1.2.9 23.00 158.00 181.00 NOTE
r-patched-linux-x86_64 1.2.9 4.06 72.14 76.20 OK
r-patched-solaris-x86 1.2.9 116.70 OK
r-release-linux-x86_64 1.2.9 4.57 71.06 75.63 OK
r-release-windows-ix86+x86_64 1.2.9 13.00 136.00 149.00 NOTE
r-release-osx-x86_64 1.2.9 OK
r-oldrel-windows-ix86+x86_64 1.2.9 11.00 151.00 162.00 NOTE
r-oldrel-osx-x86_64 1.2.9 OK

Check Details

Version: 1.2.9
Check: package dependencies
Result: NOTE
    Package suggested but not available for checking: 'synchronicity'
Flavors: r-devel-windows-ix86+x86_64, r-release-windows-ix86+x86_64, r-oldrel-windows-ix86+x86_64