CRAN Package Check Results for Package SamplerCompare

Last updated on 2016-12-07 19:48:48.

Flavor Version Tinstall Tcheck Ttotal Status Flags
r-devel-linux-x86_64-debian-clang 1.2.7 2.10 38.28 40.39 OK
r-devel-linux-x86_64-debian-gcc 1.2.7 2.34 37.02 39.36 OK
r-devel-linux-x86_64-fedora-clang 1.2.7 91.19 OK --no-stop-on-test-error
r-devel-linux-x86_64-fedora-gcc 1.2.7 89.05 OK --no-stop-on-test-error
r-devel-macos-x86_64-clang 1.2.7 72.09 OK --no-stop-on-test-error
r-devel-windows-ix86+x86_64 1.2.7 14.00 156.00 170.00 NOTE
r-patched-linux-x86_64 1.2.7 2.03 30.32 32.35 OK
r-patched-solaris-sparc 1.2.7 412.70 OK
r-patched-solaris-x86 1.2.7 81.70 OK
r-release-linux-x86_64 1.2.7 1.99 29.98 31.97 OK
r-release-osx-x86_64-mavericks 1.2.7 OK
r-release-windows-ix86+x86_64 1.2.7 10.00 102.00 112.00 NOTE
r-oldrel-windows-ix86+x86_64 1.2.7 19.00 107.00 126.00 NOTE

Check Details

Version: 1.2.7
Check: package dependencies
Result: NOTE
    Package suggested but not available for checking: 'synchronicity'
Flavors: r-devel-windows-ix86+x86_64, r-release-windows-ix86+x86_64, r-oldrel-windows-ix86+x86_64