CRAN Package Check Results for Package SamplerCompare

Last updated on 2016-07-26 07:47:21.

Flavor Version Tinstall Tcheck Ttotal Status Flags
r-devel-linux-x86_64-debian-clang 1.2.7 2.51 35.91 38.41 OK
r-devel-linux-x86_64-debian-gcc 1.2.7 2.58 35.85 38.43 OK
r-devel-linux-x86_64-fedora-clang 1.2.7 71.34 OK
r-devel-linux-x86_64-fedora-gcc 1.2.7 65.46 OK
r-devel-osx-x86_64-clang 1.2.7 61.39 OK
r-devel-windows-ix86+x86_64 1.2.7 19.00 108.00 127.00 NOTE
r-patched-linux-x86_64 1.2.7 2.39 33.15 35.54 OK
r-patched-solaris-sparc 1.2.7 412.70 OK
r-patched-solaris-x86 1.2.7 81.40 OK
r-release-linux-x86_64 1.2.7 2.33 34.22 36.55 OK
r-release-osx-x86_64-mavericks 1.2.7 OK
r-release-windows-ix86+x86_64 1.2.7 15.00 108.00 123.00 NOTE
r-oldrel-windows-ix86+x86_64 1.2.7 22.00 102.00 124.00 NOTE

Check Details

Version: 1.2.7
Check: package dependencies
Result: NOTE
    Package suggested but not available for checking: 'synchronicity'
Flavors: r-devel-windows-ix86+x86_64, r-release-windows-ix86+x86_64, r-oldrel-windows-ix86+x86_64