CRAN Package Check Results for Package SamplerCompare

Last updated on 2015-05-23 02:47:00.

Flavor Version Tinstall Tcheck Ttotal Status Flags
r-devel-linux-x86_64-debian-clang 1.2.6 1.70 33.68 35.38 OK
r-devel-linux-x86_64-debian-gcc 1.2.6 1.86 33.04 34.90 OK
r-devel-linux-x86_64-fedora-clang 1.2.6 81.73 OK
r-devel-linux-x86_64-fedora-gcc 1.2.6 76.38 OK
r-devel-osx-x86_64-clang 1.2.6 74.32 OK
r-devel-windows-ix86+x86_64 1.2.6 10.00 84.00 94.00 NOTE
r-patched-linux-x86_64 1.2.6 1.81 32.38 34.19 OK
r-patched-solaris-sparc 1.2.6 456.80 NOTE
r-patched-solaris-x86 1.2.6 99.90 OK
r-release-linux-x86_64 1.2.6 1.85 32.42 34.27 OK
r-release-osx-x86_64-mavericks 1.2.6 OK
r-release-osx-x86_64-snowleopard 1.2.6 WARN
r-release-windows-ix86+x86_64 1.2.6 11.00 86.00 97.00 NOTE
r-oldrel-windows-ix86+x86_64 1.2.6 12.00 91.00 103.00 NOTE

Check Details

Version: 1.2.6
Check: package dependencies
Result: NOTE
    Package suggested but not available for checking: 'synchronicity'
Flavors: r-devel-windows-ix86+x86_64, r-patched-solaris-sparc, r-release-windows-ix86+x86_64, r-oldrel-windows-ix86+x86_64

Version: 1.2.6
Check: package dependencies
Result: NOTE
    Package suggested but not available for checking: ‘ggplot2’
Flavor: r-release-osx-x86_64-snowleopard

Version: 1.2.6
Check: running R code from vignettes
Result: WARN
    Errors in running code in vignettes:
    when running code in ‘sc-intro.Rnw’
     ...
    + file = "Figures/ex-compare-results.txt")
    
    > pdf("Figures/ex-comparison-plot.pdf", height = 4,
    + width = 4)
    
    > print(comparison.plot(sampler.comparison, base_size = 8))
    
     When sourcing ‘sc-intro.R’:
    Error: there is no package called ‘ggplot2’
    Execution halted
Flavor: r-release-osx-x86_64-snowleopard

Version: 1.2.6
Check: re-building of vignette outputs
Result: NOTE
    Error in re-building vignettes:
     ...
    Loading required package: mvtnorm
    
    Error: processing vignette 'sc-intro.Rnw' failed with diagnostics:
     chunk 1
    Error in loadNamespace(name) : there is no package called ‘ggplot2’
    Execution halted
Flavor: r-release-osx-x86_64-snowleopard