CRAN Package Check Results for Package SamplerCompare

Last updated on 2015-01-31 08:49:53.

Flavor Version Tinstall Tcheck Ttotal Status Flags
r-devel-linux-x86_64-debian-clang 1.2.5 1.67 32.58 34.25 NOTE
r-devel-linux-x86_64-debian-gcc 1.2.5 1.84 32.56 34.40 NOTE
r-devel-linux-x86_64-fedora-clang 1.2.5 85.16 NOTE
r-devel-linux-x86_64-fedora-gcc 1.2.5 81.91 NOTE
r-devel-osx-x86_64-clang 1.2.5 76.92 NOTE
r-devel-windows-ix86+x86_64 1.2.5 19.00 86.00 105.00 NOTE
r-patched-linux-x86_64 1.2.5 2.04 36.40 38.44 NOTE
r-patched-solaris-sparc 1.2.5 505.40 NOTE
r-patched-solaris-x86 1.2.5 105.30 NOTE
r-release-linux-ix86 1.2.5 2.82 49.61 52.42 NOTE
r-release-linux-x86_64 1.2.5 1.90 36.06 37.96 NOTE
r-release-osx-x86_64-mavericks 1.2.5 NOTE
r-release-osx-x86_64-snowleopard 1.2.5 OK
r-release-windows-ix86+x86_64 1.2.5 12.00 97.00 109.00 NOTE
r-oldrel-windows-ix86+x86_64 1.2.5 12.00 94.00 106.00 NOTE

Check Details

Version: 1.2.5
Check: dependencies in R code
Result: NOTE
    Package in Depends field not imported from: ‘mvtnorm’
     These packages need to be imported from (in the NAMESPACE file)
     for when this namespace is loaded but not attached.
Flavors: r-devel-linux-x86_64-debian-clang, r-devel-linux-x86_64-debian-gcc, r-devel-linux-x86_64-fedora-clang, r-devel-linux-x86_64-fedora-gcc, r-devel-osx-x86_64-clang, r-devel-windows-ix86+x86_64

Version: 1.2.5
Check: R code for possible problems
Result: NOTE
    ar.act1: no visible global function definition for ‘rmvnorm’
    make.gaussian : initial: no visible global function definition for
     ‘rmvnorm’
Flavors: r-devel-linux-x86_64-debian-clang, r-devel-linux-x86_64-debian-gcc, r-devel-linux-x86_64-fedora-clang, r-devel-linux-x86_64-fedora-gcc, r-devel-osx-x86_64-clang, r-devel-windows-ix86+x86_64, r-patched-linux-x86_64, r-patched-solaris-sparc, r-patched-solaris-x86, r-release-linux-ix86, r-release-linux-x86_64, r-release-osx-x86_64-mavericks, r-release-windows-ix86+x86_64

Version: 1.2.5
Check: package dependencies
Result: NOTE
    Package suggested but not available for checking: 'synchronicity'
Flavors: r-devel-windows-ix86+x86_64, r-release-windows-ix86+x86_64, r-oldrel-windows-ix86+x86_64

Version: 1.2.5
Check: dependencies in R code
Result: NOTE
    Package in Depends field not imported from: ‘mvtnorm’
     These packages need to be imported from (in the NAMESPACE file)
     for when this namespace is loaded but not attached.
    See the information on DESCRIPTION files in the chapter ‘Creating R
    packages’ of the ‘Writing R Extensions’ manual.
Flavors: r-patched-linux-x86_64, r-patched-solaris-sparc, r-patched-solaris-x86, r-release-linux-ix86, r-release-linux-x86_64, r-release-osx-x86_64-mavericks, r-release-windows-ix86+x86_64, r-oldrel-windows-ix86+x86_64