CRAN Package Check Results for Package SamplerCompare

Last updated on 2017-02-27 11:48:50.

Flavor Version Tinstall Tcheck Ttotal Status Flags
r-devel-linux-x86_64-debian-clang 1.2.7 2.20 38.05 40.25 NOTE
r-devel-linux-x86_64-debian-gcc 1.2.7 2.27 36.95 39.22 NOTE
r-devel-linux-x86_64-fedora-clang 1.2.7 87.52 NOTE --no-stop-on-test-error
r-devel-linux-x86_64-fedora-gcc 1.2.7 86.89 NOTE --no-stop-on-test-error
r-devel-macos-x86_64-clang 1.2.7 73.84 NOTE --no-stop-on-test-error
r-devel-windows-ix86+x86_64 1.2.7 16.00 145.00 161.00 NOTE
r-patched-linux-x86_64 1.2.7 2.15 30.85 33.00 OK
r-patched-solaris-sparc 1.2.7 422.50 OK
r-patched-solaris-x86 1.2.7 82.90 OK
r-release-linux-x86_64 1.2.7 2.20 30.52 32.72 OK
r-release-osx-x86_64-mavericks 1.2.7 OK
r-release-windows-ix86+x86_64 1.2.7 29.00 203.00 232.00 NOTE
r-oldrel-windows-ix86+x86_64 1.2.7 25.00 144.00 169.00 NOTE

Check Details

Version: 1.2.7
Check: compiled code
Result: NOTE
    File ‘SamplerCompare/libs/SamplerCompare.so’:
     Found no calls to: ‘R_registerRoutines’, ‘R_useDynamicSymbols’
    
    It is good practice to register native routines and to disable symbol
    search.
    
    See ‘Writing portable packages’ in the ‘Writing R Extensions’ manual.
Flavors: r-devel-linux-x86_64-debian-clang, r-devel-linux-x86_64-debian-gcc

Version: 1.2.7
Flags: --no-stop-on-test-error
Check: compiled code
Result: NOTE
    File ‘SamplerCompare/libs/SamplerCompare.so’:
     Found no calls to: ‘R_registerRoutines’, ‘R_useDynamicSymbols’
    
    It is good practice to register native routines and to disable symbol
    search.
    
    See ‘Writing portable packages’ in the ‘Writing R Extensions’ manual.
Flavors: r-devel-linux-x86_64-fedora-clang, r-devel-linux-x86_64-fedora-gcc, r-devel-macos-x86_64-clang

Version: 1.2.7
Check: package dependencies
Result: NOTE
    Package suggested but not available for checking: 'synchronicity'
Flavors: r-devel-windows-ix86+x86_64, r-release-windows-ix86+x86_64, r-oldrel-windows-ix86+x86_64