CRAN Package Check Results for Package SamplerCompare

Last updated on 2016-02-10 11:55:28.

Flavor Version Tinstall Tcheck Ttotal Status Flags
r-devel-linux-x86_64-debian-gcc 1.2.7 1.91 33.11 35.02 NOTE
r-devel-linux-x86_64-fedora-clang 1.2.7 66.25 NOTE
r-devel-linux-x86_64-fedora-gcc 1.2.7 62.90 NOTE
r-devel-osx-x86_64-clang 1.2.7 74.89 NOTE
r-devel-windows-ix86+x86_64 1.2.7 16.00 94.00 110.00 NOTE
r-patched-linux-x86_64 1.2.7 2.04 38.85 40.89 NOTE
r-patched-solaris-sparc 1.2.7 443.60 NOTE
r-patched-solaris-x86 1.2.7 85.90 NOTE
r-release-linux-x86_64 1.2.7 1.84 38.33 40.17 NOTE
r-release-osx-x86_64-mavericks 1.2.7 OK
r-release-windows-ix86+x86_64 1.2.7 17.00 94.00 111.00 NOTE
r-oldrel-windows-ix86+x86_64 1.2.7 19.00 107.00 126.00 NOTE

Check Details

Version: 1.2.7
Check: package dependencies
Result: NOTE
    Package suggested but not available for checking: ‘synchronicity’
Flavors: r-devel-linux-x86_64-debian-gcc, r-devel-linux-x86_64-fedora-clang, r-devel-linux-x86_64-fedora-gcc, r-devel-osx-x86_64-clang, r-devel-windows-ix86+x86_64, r-patched-linux-x86_64, r-patched-solaris-sparc, r-patched-solaris-x86, r-release-linux-x86_64, r-release-windows-ix86+x86_64, r-oldrel-windows-ix86+x86_64