CRAN Package Check Results for Package SamplerCompare

Last updated on 2017-12-14 15:48:51 CET.

Flavor Version Tinstall Tcheck Ttotal Status Flags
r-devel-linux-x86_64-debian-clang 1.2.7 2.60 17.78 20.38 FAIL
r-devel-linux-x86_64-debian-gcc 1.2.7 2.66 16.11 18.77 FAIL
r-devel-linux-x86_64-fedora-clang 1.2.7 89.77 NOTE
r-devel-linux-x86_64-fedora-gcc 1.2.7 91.51 NOTE
r-devel-windows-ix86+x86_64 1.2.7 17.00 155.00 172.00 NOTE
r-patched-linux-x86_64 1.2.7 2.77 67.09 69.86 NOTE
r-patched-solaris-x86 1.2.7 99.70 OK
r-release-linux-x86_64 1.2.7 3.14 65.92 69.06 NOTE
r-release-windows-ix86+x86_64 1.2.7 12.00 103.00 115.00 NOTE
r-release-osx-x86_64 1.2.7 OK
r-oldrel-windows-ix86+x86_64 1.2.7 17.00 131.00 148.00 NOTE
r-oldrel-osx-x86_64 1.2.7 OK

Additional issues

rchk

Check Details

Version: 1.2.7
Check: pragmas in C/C++ headers and code
Result: FAIL
    
Flavors: r-devel-linux-x86_64-debian-clang, r-devel-linux-x86_64-debian-gcc

Version: 1.2.7
Check: compiled code
Result: NOTE
    File ‘SamplerCompare/libs/SamplerCompare.so’:
     Found no calls to: ‘R_registerRoutines’, ‘R_useDynamicSymbols’
    
    It is good practice to register native routines and to disable symbol
    search.
    
    See ‘Writing portable packages’ in the ‘Writing R Extensions’ manual.
Flavors: r-devel-linux-x86_64-fedora-clang, r-devel-linux-x86_64-fedora-gcc, r-patched-linux-x86_64, r-release-linux-x86_64

Version: 1.2.7
Check: package dependencies
Result: NOTE
    Package suggested but not available for checking: 'synchronicity'
Flavors: r-devel-windows-ix86+x86_64, r-release-windows-ix86+x86_64, r-oldrel-windows-ix86+x86_64