CRAN Package Check Results for Package SamplerCompare

Last updated on 2018-04-24 19:54:37 CEST.

Flavor Version Tinstall Tcheck Ttotal Status Flags
r-devel-linux-x86_64-debian-clang 1.2.9 4.43 70.67 75.10 OK
r-devel-linux-x86_64-debian-gcc 1.2.9 3.55 55.04 58.59 OK
r-devel-linux-x86_64-fedora-clang 1.2.9 91.09 OK
r-devel-linux-x86_64-fedora-gcc 1.2.9 89.08 OK
r-devel-windows-ix86+x86_64 1.2.9 20.00 120.00 140.00 NOTE
r-patched-linux-x86_64 1.2.9 4.50 70.80 75.30 OK
r-patched-solaris-x86 1.2.9 117.60 OK
r-release-linux-x86_64 1.2.9 4.41 70.47 74.88 OK
r-release-windows-ix86+x86_64 1.2.9 20.00 120.00 140.00 NOTE
r-release-osx-x86_64 1.2.9 OK
r-oldrel-windows-ix86+x86_64 1.2.9 13.00 123.00 136.00 NOTE
r-oldrel-osx-x86_64 1.2.9 OK

Check Details

Version: 1.2.9
Check: package dependencies
Result: NOTE
    Package suggested but not available for checking: 'synchronicity'
Flavors: r-devel-windows-ix86+x86_64, r-release-windows-ix86+x86_64, r-oldrel-windows-ix86+x86_64