CRAN Package Check Results for Package SamplerCompare

Last updated on 2016-09-30 06:47:46.

Flavor Version Tinstall Tcheck Ttotal Status Flags
r-devel-linux-x86_64-debian-clang 1.2.7 2.05 35.15 37.20 OK
r-devel-linux-x86_64-debian-gcc 1.2.7 2.22 33.71 35.93 OK
r-devel-linux-x86_64-fedora-clang 1.2.7 77.45 OK
r-devel-linux-x86_64-fedora-gcc 1.2.7 69.77 OK
r-devel-macos-x86_64-clang 1.2.7 61.49 OK
r-devel-windows-ix86+x86_64 1.2.7 10.00 135.00 145.00 NOTE
r-patched-linux-x86_64 1.2.7 2.09 31.31 33.40 OK
r-patched-solaris-sparc 1.2.7 412.70 OK
r-patched-solaris-x86 1.2.7 81.10 OK
r-release-linux-x86_64 1.2.7 2.12 31.56 33.68 OK
r-release-osx-x86_64-mavericks 1.2.7 OK
r-release-windows-ix86+x86_64 1.2.7 10.00 98.00 108.00 NOTE
r-oldrel-windows-ix86+x86_64 1.2.7 25.00 137.00 162.00 NOTE

Check Details

Version: 1.2.7
Check: package dependencies
Result: NOTE
    Package suggested but not available for checking: 'synchronicity'
Flavors: r-devel-windows-ix86+x86_64, r-release-windows-ix86+x86_64, r-oldrel-windows-ix86+x86_64