CRAN Package Check Results for Package SamplerCompare

Last updated on 2014-12-21 18:52:15.

Flavor Version Tinstall Tcheck Ttotal Status Flags
r-devel-linux-x86_64-debian-clang 1.2.5 1.67 34.74 36.42 NOTE
r-devel-linux-x86_64-debian-gcc 1.2.5 1.93 34.77 36.70 NOTE
r-devel-linux-x86_64-fedora-clang 1.2.5 92.49 NOTE
r-devel-linux-x86_64-fedora-gcc 1.2.5 82.71 NOTE
r-devel-osx-x86_64-clang 1.2.5 76.31 NOTE
r-devel-windows-ix86+x86_64 1.2.5 13.00 88.00 101.00 NOTE
r-patched-linux-x86_64 1.2.5 1.86 37.33 39.19 NOTE
r-patched-solaris-sparc 1.2.5 481.70 NOTE
r-patched-solaris-x86 1.2.5 104.10 NOTE
r-release-linux-ix86 1.2.5 2.77 49.25 52.02 NOTE
r-release-linux-x86_64 1.2.5 1.97 36.03 38.00 NOTE
r-release-osx-x86_64-mavericks 1.2.5 NOTE
r-release-osx-x86_64-snowleopard 1.2.5 OK
r-release-windows-ix86+x86_64 1.2.5 13.00 101.00 114.00 NOTE
r-oldrel-windows-ix86+x86_64 1.2.5 13.00 99.00 112.00 NOTE

Check Details

Version: 1.2.5
Check: dependencies in R code
Result: NOTE
    Package in Depends field not imported from: ‘mvtnorm’
     These packages need to be imported from (in the NAMESPACE file)
     for when this namespace is loaded but not attached.
    See the information on DESCRIPTION files in the chapter ‘Creating R
    packages’ of the ‘Writing R Extensions’ manual.
Flavors: r-devel-linux-x86_64-debian-clang, r-devel-linux-x86_64-debian-gcc, r-devel-linux-x86_64-fedora-clang, r-devel-linux-x86_64-fedora-gcc, r-devel-osx-x86_64-clang, r-devel-windows-ix86+x86_64, r-patched-linux-x86_64, r-patched-solaris-sparc, r-patched-solaris-x86, r-release-linux-ix86, r-release-linux-x86_64, r-release-osx-x86_64-mavericks, r-release-windows-ix86+x86_64, r-oldrel-windows-ix86+x86_64

Version: 1.2.5
Check: R code for possible problems
Result: NOTE
    ar.act1: no visible global function definition for ‘rmvnorm’
    make.gaussian : initial: no visible global function definition for
     ‘rmvnorm’
Flavors: r-devel-linux-x86_64-debian-clang, r-devel-linux-x86_64-debian-gcc, r-devel-linux-x86_64-fedora-clang, r-devel-linux-x86_64-fedora-gcc, r-devel-osx-x86_64-clang, r-devel-windows-ix86+x86_64, r-patched-linux-x86_64, r-patched-solaris-sparc, r-patched-solaris-x86, r-release-linux-ix86, r-release-linux-x86_64, r-release-windows-ix86+x86_64

Version: 1.2.5
Check: package dependencies
Result: NOTE
    Package suggested but not available for checking: 'synchronicity'
Flavors: r-devel-windows-ix86+x86_64, r-release-windows-ix86+x86_64, r-oldrel-windows-ix86+x86_64