CRAN Package Check Results for Package SamplerCompare

Last updated on 2014-10-22 13:48:49.

Flavor Version Tinstall Tcheck Ttotal Status Flags
r-devel-linux-x86_64-debian-clang 1.2.5 1.99 34.87 36.86 NOTE
r-devel-linux-x86_64-debian-gcc 1.2.5 1.85 34.71 36.56 NOTE
r-devel-linux-x86_64-fedora-clang 1.2.5 88.26 NOTE
r-devel-linux-x86_64-fedora-gcc 1.2.5 81.80 NOTE
r-devel-osx-x86_64-clang 1.2.5 74.84 NOTE
r-devel-windows-ix86+x86_64 1.2.5 11.00 81.00 92.00 NOTE
r-patched-linux-x86_64 1.2.5 2.02 36.78 38.80 NOTE
r-patched-solaris-sparc 1.2.5 481.70 NOTE
r-patched-solaris-x86 1.2.5 104.80 NOTE
r-release-linux-ix86 1.2.5 2.88 52.72 55.60 NOTE
r-release-linux-x86_64 1.2.5 1.86 37.18 39.03 NOTE
r-release-osx-x86_64-mavericks 1.2.5 NOTE
r-release-osx-x86_64-snowleopard 1.2.5 OK
r-release-windows-ix86+x86_64 1.2.5 12.00 94.00 106.00 NOTE
r-oldrel-windows-ix86+x86_64 1.2.5 11.00 91.00 102.00 NOTE

Check Details

Version: 1.2.5
Check: dependencies in R code
Result: NOTE
    Package in Depends field not imported from: ‘mvtnorm’
     These packages need to be imported from (in the NAMESPACE file)
     for when this namespace is loaded but not attached.
    See the information on DESCRIPTION files in the chapter ‘Creating R
    packages’ of the ‘Writing R Extensions’ manual.
Flavors: r-devel-linux-x86_64-debian-clang, r-devel-linux-x86_64-debian-gcc, r-devel-linux-x86_64-fedora-clang, r-devel-linux-x86_64-fedora-gcc, r-devel-osx-x86_64-clang, r-devel-windows-ix86+x86_64, r-patched-linux-x86_64, r-patched-solaris-sparc, r-patched-solaris-x86, r-release-linux-ix86, r-release-linux-x86_64, r-release-osx-x86_64-mavericks, r-release-windows-ix86+x86_64, r-oldrel-windows-ix86+x86_64

Version: 1.2.5
Check: R code for possible problems
Result: NOTE
    ar.act1: no visible global function definition for ‘rmvnorm’
    make.gaussian : initial: no visible global function definition for
     ‘rmvnorm’
Flavors: r-devel-linux-x86_64-debian-clang, r-devel-linux-x86_64-debian-gcc, r-devel-linux-x86_64-fedora-clang, r-devel-linux-x86_64-fedora-gcc, r-devel-osx-x86_64-clang, r-devel-windows-ix86+x86_64, r-patched-linux-x86_64, r-patched-solaris-sparc, r-patched-solaris-x86

Version: 1.2.5
Check: package dependencies
Result: NOTE
    Package suggested but not available for checking: 'synchronicity'
Flavors: r-devel-windows-ix86+x86_64, r-release-windows-ix86+x86_64, r-oldrel-windows-ix86+x86_64