CRAN Package Check Results for Package SamplerCompare

Last updated on 2018-02-17 19:46:44 CET.

Flavor Version Tinstall Tcheck Ttotal Status Flags
r-devel-linux-x86_64-debian-clang 1.2.9 4.13 70.35 74.48 OK
r-devel-linux-x86_64-debian-gcc 1.2.9 4.04 55.23 59.27 OK
r-devel-linux-x86_64-fedora-clang 1.2.9 90.53 OK
r-devel-linux-x86_64-fedora-gcc 1.2.9 87.90 OK
r-devel-windows-ix86+x86_64 1.2.9 15.00 113.00 128.00 NOTE
r-patched-linux-x86_64 1.2.9 3.28 67.26 70.54 OK
r-patched-solaris-x86 1.2.9 99.50 OK
r-release-linux-x86_64 1.2.9 3.40 67.22 70.62 OK
r-release-windows-ix86+x86_64 1.2.9 14.00 149.00 163.00 NOTE
r-release-osx-x86_64 1.2.9 OK
r-oldrel-windows-ix86+x86_64 1.2.9 12.00 127.00 139.00 NOTE
r-oldrel-osx-x86_64 1.2.7 OK

Check Details

Version: 1.2.9
Check: package dependencies
Result: NOTE
    Package suggested but not available for checking: 'synchronicity'
Flavors: r-devel-windows-ix86+x86_64, r-release-windows-ix86+x86_64, r-oldrel-windows-ix86+x86_64