CRAN Package Check Results for Package SamplerCompare

Last updated on 2014-08-22 13:47:02.

Flavor Version Tinstall Tcheck Ttotal Status Flags
r-devel-linux-x86_64-debian-clang 1.2.5 1.64 34.28 35.92 NOTE
r-devel-linux-x86_64-debian-gcc 1.2.5 1.84 34.12 35.96 NOTE
r-devel-linux-x86_64-fedora-clang 1.2.5 86.72 NOTE
r-devel-linux-x86_64-fedora-gcc 1.2.5 84.06 NOTE
r-devel-osx-x86_64-clang 1.2.5 69.36 NOTE
r-devel-windows-ix86+x86_64 1.2.5 10.00 89.00 99.00 NOTE
r-patched-linux-x86_64 1.2.5 1.83 35.53 37.36 NOTE
r-patched-solaris-sparc 1.2.5 331.40 ERROR
r-patched-solaris-x86 1.2.5 75.20 ERROR
r-release-linux-ix86 1.2.5 2.88 52.60 55.47 NOTE
r-release-linux-x86_64 1.2.5 1.86 35.97 37.83 NOTE
r-release-osx-x86_64-mavericks 1.2.5 NOTE
r-release-osx-x86_64-snowleopard 1.2.5 OK
r-release-windows-ix86+x86_64 1.2.5 10.00 84.00 94.00 NOTE
r-oldrel-windows-ix86+x86_64 1.2.5 11.00 97.00 108.00 NOTE

Check Details

Version: 1.2.5
Check: dependencies in R code
Result: NOTE
    Package in Depends field not imported from: ‘mvtnorm’
     These packages need to be imported from (in the NAMESPACE file)
     for when this namespace is loaded but not attached.
    See the information on DESCRIPTION files in the chapter ‘Creating R
    packages’ of the ‘Writing R Extensions’ manual.
Flavors: r-devel-linux-x86_64-debian-clang, r-devel-linux-x86_64-debian-gcc, r-devel-linux-x86_64-fedora-clang, r-devel-linux-x86_64-fedora-gcc, r-devel-osx-x86_64-clang, r-devel-windows-ix86+x86_64, r-patched-linux-x86_64, r-patched-solaris-sparc, r-patched-solaris-x86, r-release-linux-ix86, r-release-linux-x86_64, r-release-osx-x86_64-mavericks, r-release-windows-ix86+x86_64, r-oldrel-windows-ix86+x86_64

Version: 1.2.5
Check: R code for possible problems
Result: NOTE
    ar.act1: no visible global function definition for ‘rmvnorm’
    make.gaussian : initial: no visible global function definition for
     ‘rmvnorm’
Flavors: r-devel-linux-x86_64-fedora-clang, r-devel-linux-x86_64-fedora-gcc, r-devel-osx-x86_64-clang

Version: 1.2.5
Check: package dependencies
Result: NOTE
    Package suggested but not available for checking: 'synchronicity'
Flavors: r-devel-windows-ix86+x86_64, r-release-windows-ix86+x86_64, r-oldrel-windows-ix86+x86_64

Version: 1.2.5
Check: tests
Result: ERROR
    Running the tests in ‘tests/test-samplers.R’ failed.
    Last 13 lines of output:
     Gauss2-C Multivariate Metropolis: 18.9 (12.7,29.2) evals tuning=1; act.y=5.62
     Gauss2-C Cov. Matching: 28 (20.3,45.5) evals tuning=1; act.y=3
     Gauss2-C Univariate Metropolis: 50.9 (28.2,138) evals tuning=1; act.y=9.62
     Gauss2-C Adaptive Metropolis: 15.9 (8.19,35.8) evals tuning=1; act.y=3.35
     Gauss2-C Univar Eigen: 40.4 (31.2,53.2) evals tuning=1; act.y=1.64
     Gauss2-C Cheat Univar Eigen: 37.4 (28.1,51.2) evals tuning=1; act.y=2.67
     Gauss2-C Oblique Hyperrect: 11.4 (6.74,19) evals tuning=1; act.y=3.16
     Gauss2-C Cheat Oblique Hyperrect: 17.2 (11.7,27) evals tuning=1; act.y=10.2
     Simulation finished at 2014-07-31 20:00:52, 28.2s elapsed.
     > stopifnot(max(RS$err)<1)
     > plerCompare, (c) 2010 Madeleine Thompson
     Error: unexpected ',' in "plerCompare,"
     Execution halted
Flavor: r-patched-solaris-sparc

Version: 1.2.5
Check: tests
Result: ERROR
    Running the tests in ‘tests/test-samplers.R’ failed.
    Last 13 lines of output:
     Gauss2-C Multivariate Metropolis: 18.9 (12.7,29.2) evals tuning=1; act.y=5.62
     Gauss2-C Cov. Matching: 28 (20.3,45.5) evals tuning=1; act.y=3
     Gauss2-C Univariate Metropolis: 50.9 (28.2,138) evals tuning=1; act.y=9.62
     Gauss2-C Adaptive Metropolis: 15.9 (8.19,35.8) evals tuning=1; act.y=3.35
     Gauss2-C Cheat Univar Eigen: 37.4 (28.1,51.2) evals tuning=1; act.y=2.67
     Gauss2-C Univar Eigen: 40.4 (31.2,53.2) evals tuning=1; act.y=1.64
     Gauss2-C Oblique Hyperrect: 11.4 (6.74,19) evals tuning=1; act.y=3.16
     Gauss2-C Cheat Oblique Hyperrect: 17.2 (11.7,27) evals tuning=1; act.y=10.2
     Simulation finished at 2014-08-21 20:01:40, 5.97s elapsed.
     > stopifnot(max(RS$err)<1)
     > plerCompare, (c) 2010 Madeleine Thompson
     Error: unexpected ',' in "plerCompare,"
     Execution halted
Flavor: r-patched-solaris-x86