CRAN Package Check Results for Package SamplerCompare

Last updated on 2015-09-03 12:49:57.

Flavor Version Tinstall Tcheck Ttotal Status Flags
r-devel-linux-x86_64-debian-clang 1.2.7 1.61 32.25 33.86 OK
r-devel-linux-x86_64-debian-gcc 1.2.7 1.75 32.09 33.84 OK
r-devel-linux-x86_64-fedora-clang 1.2.7 78.33 OK
r-devel-linux-x86_64-fedora-gcc 1.2.7 74.27 OK
r-devel-osx-x86_64-clang 1.2.7 58.24 OK
r-devel-windows-ix86+x86_64 1.2.7 16.00 100.00 116.00 NOTE
r-patched-linux-x86_64 1.2.7 1.74 33.00 34.75 OK
r-patched-solaris-sparc 1.2.7 484.30 NOTE
r-patched-solaris-x86 1.2.7 98.90 OK
r-release-linux-x86_64 1.2.7 1.87 34.69 36.56 OK
r-release-osx-x86_64-mavericks 1.2.7 OK
r-release-windows-ix86+x86_64 1.2.7 16.00 98.00 114.00 NOTE
r-oldrel-windows-ix86+x86_64 1.2.7 19.00 113.00 132.00 NOTE

Check Details

Version: 1.2.7
Check: package dependencies
Result: NOTE
    Package suggested but not available for checking: 'synchronicity'
Flavors: r-devel-windows-ix86+x86_64, r-patched-solaris-sparc, r-release-windows-ix86+x86_64, r-oldrel-windows-ix86+x86_64