CRAN Package Check Results for Package SamplerCompare

Last updated on 2017-08-17 09:47:24.

Flavor Version Tinstall Tcheck Ttotal Status Flags
r-devel-linux-x86_64-debian-clang 1.2.7 2.22 40.13 42.35 NOTE
r-devel-linux-x86_64-debian-gcc 1.2.7 2.34 37.82 40.16 NOTE
r-devel-linux-x86_64-fedora-clang 1.2.7 88.34 NOTE
r-devel-linux-x86_64-fedora-gcc 1.2.7 89.40 NOTE
r-devel-windows-ix86+x86_64 1.2.7 12.00 115.00 127.00 NOTE
r-patched-linux-x86_64 1.2.7 2.21 35.25 37.47 NOTE
r-patched-solaris-x86 1.2.7 98.90 OK
r-release-linux-x86_64 1.2.7 2.21 35.95 38.16 NOTE
r-release-windows-ix86+x86_64 1.2.7 14.00 113.00 127.00 NOTE
r-release-osx-x86_64 1.2.7 OK
r-oldrel-windows-ix86+x86_64 1.2.7 17.00 96.00 113.00 NOTE
r-oldrel-osx-x86_64 1.2.7 OK

Additional issues

rchk

Check Details

Version: 1.2.7
Check: compiled code
Result: NOTE
    File ‘SamplerCompare/libs/SamplerCompare.so’:
     Found no calls to: ‘R_registerRoutines’, ‘R_useDynamicSymbols’
    
    It is good practice to register native routines and to disable symbol
    search.
    
    See ‘Writing portable packages’ in the ‘Writing R Extensions’ manual.
Flavors: r-devel-linux-x86_64-debian-clang, r-devel-linux-x86_64-debian-gcc, r-devel-linux-x86_64-fedora-clang, r-devel-linux-x86_64-fedora-gcc, r-patched-linux-x86_64, r-release-linux-x86_64

Version: 1.2.7
Check: package dependencies
Result: NOTE
    Package suggested but not available for checking: 'synchronicity'
Flavors: r-devel-windows-ix86+x86_64, r-release-windows-ix86+x86_64, r-oldrel-windows-ix86+x86_64