CRAN Package Check Results for Package SamplerCompare

Last updated on 2015-03-31 03:48:41.

Flavor Version Tinstall Tcheck Ttotal Status Flags
r-devel-linux-x86_64-debian-clang 1.2.6 1.72 33.75 35.46 OK
r-devel-linux-x86_64-debian-gcc 1.2.6 1.75 32.57 34.32 OK
r-devel-linux-x86_64-fedora-clang 1.2.6 80.52 OK
r-devel-linux-x86_64-fedora-gcc 1.2.6 76.49 OK
r-devel-osx-x86_64-clang 1.2.6 80.03 OK
r-prerel-windows-ix86+x86_64 1.2.6 16.00 81.00 97.00 NOTE
r-prerel-linux-x86_64 1.2.6 1.73 32.70 34.43 OK
r-prerel-solaris-sparc 1.2.6 494.70 OK
r-prerel-solaris-x86 1.2.6 97.70 OK
r-release-linux-x86_64 1.2.6 1.97 37.07 39.04 OK
r-release-osx-x86_64-mavericks 1.2.6 OK
r-release-osx-x86_64-snowleopard 1.2.6 OK
r-release-windows-ix86+x86_64 1.2.6 12.00 97.00 109.00 NOTE
r-oldrel-windows-ix86+x86_64 1.2.6 12.00 95.00 107.00 NOTE

Check Details

Version: 1.2.6
Check: package dependencies
Result: NOTE
    Package suggested but not available for checking: 'synchronicity'
Flavors: r-prerel-windows-ix86+x86_64, r-release-windows-ix86+x86_64, r-oldrel-windows-ix86+x86_64