CRAN Package Check Results for Package SamplerCompare

Last updated on 2014-04-25 09:52:23.

Flavor Version Tinstall Tcheck Ttotal Status Flags
r-devel-linux-x86_64-debian-clang 1.2.5 1.70 38.18 39.88 NOTE
r-devel-linux-x86_64-debian-gcc 1.2.5 1.87 37.73 39.60 NOTE
r-devel-linux-x86_64-fedora-clang 1.2.5 92.98 NOTE
r-devel-linux-x86_64-fedora-gcc 1.2.5 90.64 NOTE
r-devel-osx-x86_64-clang 1.2.5 66.14 NOTE
r-devel-osx-x86_64-gcc 1.2.5 WARN
r-devel-windows-ix86+x86_64 1.2.5 10.00 86.00 96.00 NOTE
r-patched-linux-x86_64 1.2.5 1.85 37.82 39.67 NOTE
r-patched-solaris-sparc 1.2.5 381.70 ERROR
r-patched-solaris-x86 1.2.5 74.50 ERROR
r-release-linux-ix86 1.2.5 4.00 69.00 73.00 NOTE
r-release-linux-x86_64 1.2.5 1.86 37.47 39.34 NOTE
r-release-osx-x86_64-mavericks 1.2.5 WARN
r-release-osx-x86_64-snowleopard 1.2.5 OK
r-release-windows-ix86+x86_64 1.2.5 9.00 90.00 99.00 NOTE
r-oldrel-windows-ix86+x86_64 1.2.5 11.00 89.00 100.00 NOTE

Check Details

Version: 1.2.5
Check: dependencies in R code
Result: NOTE
    Package in Depends field not imported from: ‘mvtnorm’
     These packages need to be imported from (in the NAMESPACE file)
     for when this namespace is loaded but not attached.
    See the information on DESCRIPTION files in the chapter ‘Creating R
    packages’ of the ‘Writing R Extensions’ manual.
Flavors: r-devel-linux-x86_64-debian-clang, r-devel-linux-x86_64-debian-gcc, r-devel-linux-x86_64-fedora-clang, r-devel-linux-x86_64-fedora-gcc, r-devel-osx-x86_64-clang, r-devel-osx-x86_64-gcc, r-devel-windows-ix86+x86_64, r-patched-linux-x86_64, r-patched-solaris-sparc, r-patched-solaris-x86, r-release-linux-ix86, r-release-linux-x86_64, r-release-osx-x86_64-mavericks, r-release-windows-ix86+x86_64, r-oldrel-windows-ix86+x86_64

Version: 1.2.5
Check: package dependencies
Result: NOTE
    Package suggested but not available for checking: ‘ggplot2’
Flavor: r-devel-osx-x86_64-gcc

Version: 1.2.5
Check: running R code from vignettes
Result: WARNING
    Errors in running code in vignettes:
    when running code in ‘sc-intro.Rnw’
     ...
    + file = "Figures/ex-compare-results.txt")
    
    > pdf("Figures/ex-comparison-plot.pdf", height = 4,
    + width = 4)
    
    > print(comparison.plot(sampler.comparison, base_size = 8))
    
     When sourcing ‘sc-intro.R’:
    Error: there is no package called ‘ggplot2’
    Execution halted
Flavor: r-devel-osx-x86_64-gcc

Version: 1.2.5
Check: re-building of vignette outputs
Result: NOTE
    Error in re-building vignettes:
     ...
    Loading required package: mvtnorm
    
    Error: processing vignette 'sc-intro.Rnw' failed with diagnostics:
     chunk 1
    Error in loadNamespace(name) : there is no package called ‘ggplot2’
    Execution halted
Flavor: r-devel-osx-x86_64-gcc

Version: 1.2.5
Check: package dependencies
Result: NOTE
    Package suggested but not available for checking: 'synchronicity'
Flavors: r-devel-windows-ix86+x86_64, r-release-windows-ix86+x86_64, r-oldrel-windows-ix86+x86_64

Version: 1.2.5
Check: tests
Result: ERROR
    Running the tests in ‘tests/test-samplers.R’ failed.
    Last 13 lines of output:
     Gauss2-C Multivariate Metropolis: 18.9 (12.7,29.2) evals tuning=1; act.y=5.62
     Gauss2-C Cov. Matching: 28 (20.3,45.5) evals tuning=1; act.y=3
     Gauss2-C Univariate Metropolis: 50.9 (28.2,138) evals tuning=1; act.y=9.62
     Gauss2-C Adaptive Metropolis: 15.9 (8.19,35.8) evals tuning=1; act.y=3.35
     Gauss2-C Univar Eigen: 40.4 (31.2,53.2) evals tuning=1; act.y=1.64
     Gauss2-C Cheat Univar Eigen: 37.4 (28.1,51.2) evals tuning=1; act.y=2.67
     Gauss2-C Oblique Hyperrect: 11.4 (6.74,19) evals tuning=1; act.y=3.16
     Gauss2-C Cheat Oblique Hyperrect: 17.2 (11.7,27) evals tuning=1; act.y=10.2
     Simulation finished at 2014-03-09 12:26:40, 30.6s elapsed.
     > stopifnot(max(RS$err)<1)
     > plerCompare, (c) 2010 Madeleine Thompson
     Error: unexpected ',' in "plerCompare,"
     Execution halted
Flavor: r-patched-solaris-sparc

Version: 1.2.5
Check: tests
Result: ERROR
    Running the tests in ‘tests/test-samplers.R’ failed.
    Last 13 lines of output:
     Gauss2-C Multivariate Metropolis: 18.9 (12.7,29.2) evals tuning=1; act.y=5.62
     Gauss2-C Cov. Matching: 28 (20.3,45.5) evals tuning=1; act.y=3
     Gauss2-C Univariate Metropolis: 50.9 (28.2,138) evals tuning=1; act.y=9.62
     Gauss2-C Adaptive Metropolis: 15.9 (8.19,35.8) evals tuning=1; act.y=3.35
     Gauss2-C Cheat Univar Eigen: 37.4 (28.1,51.2) evals tuning=1; act.y=2.67
     Gauss2-C Univar Eigen: 40.4 (31.2,53.2) evals tuning=1; act.y=1.64
     Gauss2-C Oblique Hyperrect: 11.4 (6.74,19) evals tuning=1; act.y=3.16
     Gauss2-C Cheat Oblique Hyperrect: 17.2 (11.7,27) evals tuning=1; act.y=10.2
     Simulation finished at 2014-04-21 12:12:53, 5.88s elapsed.
     > stopifnot(max(RS$err)<1)
     > plerCompare, (c) 2010 Madeleine Thompson
     Error: unexpected ',' in "plerCompare,"
     Execution halted
Flavor: r-patched-solaris-x86

Version: 1.2.5
Check: PDF version of manual
Result: WARNING
    LaTeX errors when creating PDF version.
    This typically indicates Rd problems.
    LaTeX errors found:
    ! LaTeX Error: File `upquote.sty' not found.
    
    Type X to quit or <RETURN> to proceed,
    or enter new name. (Default extension: sty)
    
    9dbcf9a/Rd2.tex:8: ==> Fatal error occurred, no output PDF file produced!
Flavor: r-release-osx-x86_64-mavericks