CRAN Package Check Results for Package SamplerCompare

Last updated on 2015-02-28 02:48:57.

Flavor Version Tinstall Tcheck Ttotal Status Flags
r-devel-linux-x86_64-debian-clang 1.2.6 1.64 33.38 35.02 OK
r-devel-linux-x86_64-debian-gcc 1.2.6 1.79 32.07 33.86 OK
r-devel-linux-x86_64-fedora-clang 1.2.6 81.43 OK
r-devel-linux-x86_64-fedora-gcc 1.2.6 76.14 OK
r-devel-osx-x86_64-clang 1.2.6 74.48 OK
r-devel-windows-ix86+x86_64 1.2.6 19.00 84.00 103.00 NOTE
r-patched-linux-x86_64 1.2.6 1.88 37.14 39.01 OK
r-patched-solaris-sparc 1.2.6 572.90 OK
r-release-linux-ix86 1.2.6 3.08 66.68 69.77 OK
r-release-linux-x86_64 1.2.6 2.07 36.26 38.33 OK
r-release-osx-x86_64-mavericks 1.2.6 OK
r-release-osx-x86_64-snowleopard 1.2.6 OK
r-release-windows-ix86+x86_64 1.2.6 12.00 89.00 101.00 NOTE
r-oldrel-windows-ix86+x86_64 1.2.6 13.00 99.00 112.00 NOTE

Check Details

Version: 1.2.6
Check: package dependencies
Result: NOTE
    Package suggested but not available for checking: 'synchronicity'
Flavors: r-devel-windows-ix86+x86_64, r-release-windows-ix86+x86_64, r-oldrel-windows-ix86+x86_64