CRAN Package Check Results for Package SamplerCompare

Last updated on 2017-01-22 14:52:06.

Flavor Version Tinstall Tcheck Ttotal Status Flags
r-devel-linux-x86_64-debian-clang 1.2.7 2.08 37.88 39.96 OK
r-devel-linux-x86_64-debian-gcc 1.2.7 2.18 36.29 38.47 OK
r-devel-linux-x86_64-fedora-clang 1.2.7 87.81 OK --no-stop-on-test-error
r-devel-linux-x86_64-fedora-gcc 1.2.7 85.83 OK --no-stop-on-test-error
r-devel-macos-x86_64-clang 1.2.7 72.11 OK --no-stop-on-test-error
r-devel-windows-ix86+x86_64 1.2.7 12.00 115.00 127.00 NOTE
r-patched-linux-x86_64 1.2.7 2.20 30.12 32.33 OK
r-patched-solaris-sparc 1.2.7 422.50 OK
r-patched-solaris-x86 1.2.7 83.00 OK
r-release-linux-x86_64 1.2.7 1.86 30.85 32.71 OK
r-release-osx-x86_64-mavericks 1.2.7 OK
r-release-windows-ix86+x86_64 1.2.7 27.00 99.00 126.00 NOTE
r-oldrel-windows-ix86+x86_64 1.2.7 31.00 200.00 231.00 NOTE

Check Details

Version: 1.2.7
Check: package dependencies
Result: NOTE
    Package suggested but not available for checking: 'synchronicity'
Flavors: r-devel-windows-ix86+x86_64, r-release-windows-ix86+x86_64, r-oldrel-windows-ix86+x86_64