CRAN Package Check Results for Package SamplerCompare

Last updated on 2015-08-02 05:48:01.

Flavor Version Tinstall Tcheck Ttotal Status Flags
r-devel-linux-x86_64-debian-clang 1.2.7 1.61 33.48 35.09 OK
r-devel-linux-x86_64-debian-gcc 1.2.7 1.92 32.88 34.80 OK
r-devel-linux-x86_64-fedora-clang 1.2.7 80.58 OK
r-devel-linux-x86_64-fedora-gcc 1.2.7 76.88 OK
r-devel-osx-x86_64-clang 1.2.7 64.88 OK
r-devel-windows-ix86+x86_64 1.2.7 12.00 93.00 105.00 NOTE
r-patched-linux-x86_64 1.2.7 1.80 33.04 34.83 OK
r-patched-solaris-sparc 1.2.7 484.30 NOTE
r-patched-solaris-x86 1.2.7 99.90 OK
r-release-linux-x86_64 1.2.7 1.78 33.11 34.89 OK
r-release-osx-x86_64-mavericks 1.2.7 OK
r-release-windows-ix86+x86_64 1.2.7 14.00 95.00 109.00 NOTE
r-oldrel-windows-ix86+x86_64 1.2.7 19.00 109.00 128.00 NOTE

Check Details

Version: 1.2.7
Check: package dependencies
Result: NOTE
    Package suggested but not available for checking: 'synchronicity'
Flavors: r-devel-windows-ix86+x86_64, r-patched-solaris-sparc, r-release-windows-ix86+x86_64, r-oldrel-windows-ix86+x86_64