CRAN Package Check Results for Package SamplerCompare

Last updated on 2016-05-04 09:48:40.

Flavor Version Tinstall Tcheck Ttotal Status Flags
r-devel-linux-x86_64-debian-gcc 1.2.7 1.84 30.56 32.40 OK
r-devel-linux-x86_64-fedora-clang 1.2.7 72.59 OK
r-devel-linux-x86_64-fedora-gcc 1.2.7 67.64 OK
r-devel-osx-x86_64-clang 1.2.7 69.67 OK
r-devel-windows-ix86+x86_64 1.2.7 11.00 95.00 106.00 NOTE
r-patched-linux-x86_64 1.2.7 1.80 29.50 31.30 OK
r-patched-solaris-sparc 1.2.7 406.20 OK
r-patched-solaris-x86 1.2.7 84.20 OK
r-release-linux-x86_64 1.2.7 1.90 35.50 37.41 OK
r-release-osx-x86_64-mavericks 1.2.7 OK
r-release-windows-ix86+x86_64 1.2.7 14.00 105.00 119.00 NOTE
r-oldrel-windows-ix86+x86_64 1.2.7 11.00 98.00 109.00 NOTE

Check Details

Version: 1.2.7
Check: package dependencies
Result: NOTE
    Package suggested but not available for checking: 'synchronicity'
Flavors: r-devel-windows-ix86+x86_64, r-release-windows-ix86+x86_64, r-oldrel-windows-ix86+x86_64