CRAN Package Check Results for Package SamplerCompare

Last updated on 2016-08-24 10:49:44.

Flavor Version Tinstall Tcheck Ttotal Status Flags
r-devel-linux-x86_64-debian-clang 1.2.7 1.80 32.18 33.98 OK
r-devel-linux-x86_64-debian-gcc 1.2.7 2.05 30.51 32.56 OK
r-devel-linux-x86_64-fedora-clang 1.2.7 72.99 OK
r-devel-linux-x86_64-fedora-gcc 1.2.7 70.02 OK
r-devel-osx-x86_64-clang 1.2.7 61.67 OK
r-devel-windows-ix86+x86_64 1.2.7 16.00 95.00 111.00 NOTE
r-patched-linux-x86_64 1.2.7 1.92 29.32 31.24 OK
r-patched-solaris-sparc 1.2.7 412.70 OK
r-patched-solaris-x86 1.2.7 82.50 OK
r-release-linux-x86_64 1.2.7 2.05 29.93 31.98 OK
r-release-osx-x86_64-mavericks 1.2.7 OK
r-release-windows-ix86+x86_64 1.2.7 14.00 102.00 116.00 NOTE
r-oldrel-windows-ix86+x86_64 1.2.7 18.00 135.00 153.00 NOTE

Check Details

Version: 1.2.7
Check: package dependencies
Result: NOTE
    Package suggested but not available for checking: 'synchronicity'
Flavors: r-devel-windows-ix86+x86_64, r-release-windows-ix86+x86_64, r-oldrel-windows-ix86+x86_64