CRAN Package Check Results for Package SamplerCompare

Last updated on 2017-03-29 22:47:28.

Flavor Version Tinstall Tcheck Ttotal Status Flags
r-devel-linux-x86_64-debian-clang 1.2.7 2.31 37.26 39.57 NOTE
r-devel-linux-x86_64-debian-gcc 1.2.7 2.22 34.89 37.11 NOTE
r-devel-linux-x86_64-fedora-clang 1.2.7 83.09 NOTE --no-stop-on-test-error
r-devel-linux-x86_64-fedora-gcc 1.2.7 80.61 NOTE --no-stop-on-test-error
r-devel-macos-x86_64-clang 1.2.7 66.92 NOTE --no-stop-on-test-error
r-devel-windows-ix86+x86_64 1.2.7 14.00 105.00 119.00 NOTE
r-patched-linux-x86_64 1.2.7 2.26 35.34 37.60 NOTE
r-patched-solaris-sparc 1.2.7 500.50 OK
r-patched-solaris-x86 1.2.7 97.10 OK
r-release-linux-x86_64 1.2.7 2.00 29.67 31.67 OK
r-release-osx-x86_64-mavericks 1.2.7 OK
r-release-windows-ix86+x86_64 1.2.7 15.00 101.00 116.00 NOTE
r-oldrel-windows-ix86+x86_64 1.2.7 31.00 138.00 169.00 NOTE

Check Details

Version: 1.2.7
Check: compiled code
Result: NOTE
    File ‘SamplerCompare/libs/SamplerCompare.so’:
     Found no calls to: ‘R_registerRoutines’, ‘R_useDynamicSymbols’
    
    It is good practice to register native routines and to disable symbol
    search.
    
    See ‘Writing portable packages’ in the ‘Writing R Extensions’ manual.
Flavors: r-devel-linux-x86_64-debian-clang, r-devel-linux-x86_64-debian-gcc, r-patched-linux-x86_64

Version: 1.2.7
Flags: --no-stop-on-test-error
Check: compiled code
Result: NOTE
    File ‘SamplerCompare/libs/SamplerCompare.so’:
     Found no calls to: ‘R_registerRoutines’, ‘R_useDynamicSymbols’
    
    It is good practice to register native routines and to disable symbol
    search.
    
    See ‘Writing portable packages’ in the ‘Writing R Extensions’ manual.
Flavors: r-devel-linux-x86_64-fedora-clang, r-devel-linux-x86_64-fedora-gcc, r-devel-macos-x86_64-clang

Version: 1.2.7
Check: package dependencies
Result: NOTE
    Package suggested but not available for checking: 'synchronicity'
Flavors: r-devel-windows-ix86+x86_64, r-release-windows-ix86+x86_64, r-oldrel-windows-ix86+x86_64