CRAN Package Check Results for Package SamplerCompare

Last updated on 2016-06-27 21:47:20.

Flavor Version Tinstall Tcheck Ttotal Status Flags
r-devel-linux-x86_64-debian-gcc 1.2.7 1.86 29.78 31.64 OK
r-devel-linux-x86_64-fedora-clang 1.2.7 71.87 OK
r-devel-linux-x86_64-fedora-gcc 1.2.7 67.94 OK
r-devel-osx-x86_64-clang 1.2.7 60.72 OK
r-devel-windows-ix86+x86_64 1.2.7 9.00 90.00 99.00 NOTE
r-patched-linux-x86_64 1.2.7 2.00 29.82 31.82 OK
r-patched-solaris-sparc 1.2.7 412.70 OK
r-patched-solaris-x86 1.2.7 85.30 OK
r-release-linux-x86_64 1.2.7 1.91 29.82 31.73 OK
r-release-osx-x86_64-mavericks 1.2.7 OK
r-release-windows-ix86+x86_64 1.2.7 16.00 98.00 114.00 NOTE
r-oldrel-windows-ix86+x86_64 1.2.7 17.00 141.00 158.00 NOTE

Check Details

Version: 1.2.7
Check: package dependencies
Result: NOTE
    Package suggested but not available for checking: 'synchronicity'
Flavors: r-devel-windows-ix86+x86_64, r-release-windows-ix86+x86_64, r-oldrel-windows-ix86+x86_64