CRAN Package Check Results for Package SamplerCompare

Last updated on 2017-05-24 07:50:08.

Flavor Version Tinstall Tcheck Ttotal Status Flags
r-devel-linux-x86_64-debian-clang 1.2.7 2.10 39.82 41.93 NOTE
r-devel-linux-x86_64-debian-gcc 1.2.7 2.32 36.99 39.31 NOTE
r-devel-linux-x86_64-fedora-clang 1.2.7 90.55 NOTE --no-stop-on-test-error
r-devel-linux-x86_64-fedora-gcc 1.2.7 80.90 NOTE --no-stop-on-test-error
r-devel-windows-ix86+x86_64 1.2.7 14.00 124.00 138.00 NOTE
r-patched-linux-x86_64 1.2.7 2.30 35.62 37.92 NOTE
r-patched-solaris-sparc 1.2.7 500.50 OK
r-patched-solaris-x86 1.2.7 96.90 OK
r-release-linux-x86_64 1.2.7 2.13 35.87 38.00 NOTE
r-release-windows-ix86+x86_64 1.2.7 10.00 145.00 155.00 NOTE
r-release-osx-x86_64 1.2.7 OK
r-oldrel-windows-ix86+x86_64 1.2.7 17.00 131.00 148.00 NOTE
r-oldrel-osx-x86_64 1.2.7 OK

Check Details

Version: 1.2.7
Check: compiled code
Result: NOTE
    File ‘SamplerCompare/libs/SamplerCompare.so’:
     Found no calls to: ‘R_registerRoutines’, ‘R_useDynamicSymbols’
    
    It is good practice to register native routines and to disable symbol
    search.
    
    See ‘Writing portable packages’ in the ‘Writing R Extensions’ manual.
Flavors: r-devel-linux-x86_64-debian-clang, r-devel-linux-x86_64-debian-gcc, r-patched-linux-x86_64, r-release-linux-x86_64

Version: 1.2.7
Flags: --no-stop-on-test-error
Check: compiled code
Result: NOTE
    File ‘SamplerCompare/libs/SamplerCompare.so’:
     Found no calls to: ‘R_registerRoutines’, ‘R_useDynamicSymbols’
    
    It is good practice to register native routines and to disable symbol
    search.
    
    See ‘Writing portable packages’ in the ‘Writing R Extensions’ manual.
Flavors: r-devel-linux-x86_64-fedora-clang, r-devel-linux-x86_64-fedora-gcc

Version: 1.2.7
Check: package dependencies
Result: NOTE
    Package suggested but not available for checking: 'synchronicity'
Flavors: r-devel-windows-ix86+x86_64, r-release-windows-ix86+x86_64, r-oldrel-windows-ix86+x86_64