CRAN Package Check Results for Package SamplerCompare

Last updated on 2014-11-27 09:48:04.

Flavor Version Tinstall Tcheck Ttotal Status Flags
r-devel-linux-x86_64-debian-clang 1.2.5 1.72 34.65 36.38 NOTE
r-devel-linux-x86_64-debian-gcc 1.2.5 1.90 34.23 36.13 NOTE
r-devel-linux-x86_64-fedora-clang 1.2.5 89.17 NOTE
r-devel-linux-x86_64-fedora-gcc 1.2.5 89.58 NOTE
r-devel-osx-x86_64-clang 1.2.5 71.34 NOTE
r-devel-windows-ix86+x86_64 1.2.5 10.00 83.00 93.00 NOTE
r-patched-linux-x86_64 1.2.5 2.01 36.44 38.44 NOTE
r-patched-solaris-sparc 1.2.5 481.70 NOTE
r-patched-solaris-x86 1.2.5 104.80 NOTE
r-release-linux-ix86 1.2.5 2.79 49.63 52.42 NOTE
r-release-linux-x86_64 1.2.5 1.97 36.46 38.44 NOTE
r-release-osx-x86_64-mavericks 1.2.5 NOTE
r-release-osx-x86_64-snowleopard 1.2.5 OK
r-release-windows-ix86+x86_64 1.2.5 11.00 95.00 106.00 NOTE
r-oldrel-windows-ix86+x86_64 1.2.5 10.00 98.00 108.00 NOTE

Check Details

Version: 1.2.5
Check: dependencies in R code
Result: NOTE
    Package in Depends field not imported from: ‘mvtnorm’
     These packages need to be imported from (in the NAMESPACE file)
     for when this namespace is loaded but not attached.
    See the information on DESCRIPTION files in the chapter ‘Creating R
    packages’ of the ‘Writing R Extensions’ manual.
Flavors: r-devel-linux-x86_64-debian-clang, r-devel-linux-x86_64-debian-gcc, r-devel-linux-x86_64-fedora-clang, r-devel-linux-x86_64-fedora-gcc, r-devel-osx-x86_64-clang, r-devel-windows-ix86+x86_64, r-patched-linux-x86_64, r-patched-solaris-sparc, r-patched-solaris-x86, r-release-linux-ix86, r-release-linux-x86_64, r-release-osx-x86_64-mavericks, r-release-windows-ix86+x86_64, r-oldrel-windows-ix86+x86_64

Version: 1.2.5
Check: R code for possible problems
Result: NOTE
    ar.act1: no visible global function definition for ‘rmvnorm’
    make.gaussian : initial: no visible global function definition for
     ‘rmvnorm’
Flavors: r-devel-linux-x86_64-debian-clang, r-devel-linux-x86_64-debian-gcc, r-devel-linux-x86_64-fedora-clang, r-devel-linux-x86_64-fedora-gcc, r-devel-osx-x86_64-clang, r-devel-windows-ix86+x86_64, r-patched-linux-x86_64, r-patched-solaris-sparc, r-patched-solaris-x86, r-release-linux-ix86, r-release-linux-x86_64, r-release-windows-ix86+x86_64

Version: 1.2.5
Check: package dependencies
Result: NOTE
    Package suggested but not available for checking: 'synchronicity'
Flavors: r-devel-windows-ix86+x86_64, r-release-windows-ix86+x86_64, r-oldrel-windows-ix86+x86_64