CRAN Package Check Results for Package SamplerCompare

Last updated on 2017-06-28 20:48:58.

Flavor Version Tinstall Tcheck Ttotal Status Flags
r-devel-linux-x86_64-debian-clang 1.2.7 2.17 37.96 40.13 NOTE
r-devel-linux-x86_64-debian-gcc 1.2.7 2.25 39.83 42.08 NOTE
r-devel-linux-x86_64-fedora-clang 1.2.7 90.19 NOTE
r-devel-linux-x86_64-fedora-gcc 1.2.7 86.47 NOTE
r-devel-windows-ix86+x86_64 1.2.7 16.00 116.00 132.00 NOTE
r-patched-linux-x86_64 1.2.7 2.36 35.89 38.24 NOTE
r-patched-solaris-sparc 1.2.7 500.50 OK
r-patched-solaris-x86 1.2.7 96.90 OK
r-release-linux-x86_64 1.2.7 2.25 36.22 38.47 NOTE
r-release-windows-ix86+x86_64 1.2.7 14.00 136.00 150.00 NOTE
r-release-osx-x86_64 1.2.7 OK
r-oldrel-windows-ix86+x86_64 1.2.7 17.00 137.00 154.00 NOTE
r-oldrel-osx-x86_64 1.2.7 OK

Additional issues

rchk

Check Details

Version: 1.2.7
Check: compiled code
Result: NOTE
    File ‘SamplerCompare/libs/SamplerCompare.so’:
     Found no calls to: ‘R_registerRoutines’, ‘R_useDynamicSymbols’
    
    It is good practice to register native routines and to disable symbol
    search.
    
    See ‘Writing portable packages’ in the ‘Writing R Extensions’ manual.
Flavors: r-devel-linux-x86_64-debian-clang, r-devel-linux-x86_64-debian-gcc, r-devel-linux-x86_64-fedora-clang, r-devel-linux-x86_64-fedora-gcc, r-patched-linux-x86_64, r-release-linux-x86_64

Version: 1.2.7
Check: package dependencies
Result: NOTE
    Package suggested but not available for checking: 'synchronicity'
Flavors: r-devel-windows-ix86+x86_64, r-release-windows-ix86+x86_64, r-oldrel-windows-ix86+x86_64