CRAN Package Check Results for Package SamplerCompare

Last updated on 2017-10-17 02:48:53.

Flavor Version Tinstall Tcheck Ttotal Status Flags
r-devel-linux-x86_64-debian-clang 1.2.7 2.11 39.41 41.52 NOTE
r-devel-linux-x86_64-debian-gcc 1.2.7 2.72 40.28 42.99 NOTE
r-devel-linux-x86_64-fedora-clang 1.2.7 91.68 NOTE
r-devel-linux-x86_64-fedora-gcc 1.2.7 94.06 NOTE
r-devel-windows-ix86+x86_64 1.2.7 13.00 111.00 124.00 NOTE
r-patched-linux-x86_64 1.2.7 2.23 36.56 38.80 NOTE
r-patched-solaris-x86 1.2.7 101.00 OK
r-release-linux-x86_64 1.2.7 2.29 36.15 38.43 NOTE
r-release-windows-ix86+x86_64 1.2.7 14.00 141.00 155.00 NOTE
r-release-osx-x86_64 1.2.7 OK
r-oldrel-windows-ix86+x86_64 1.2.7 16.00 142.00 158.00 NOTE
r-oldrel-osx-x86_64 1.2.7 OK

Additional issues

rchk

Check Details

Version: 1.2.7
Check: compiled code
Result: NOTE
    File ‘SamplerCompare/libs/SamplerCompare.so’:
     Found no calls to: ‘R_registerRoutines’, ‘R_useDynamicSymbols’
    
    It is good practice to register native routines and to disable symbol
    search.
    
    See ‘Writing portable packages’ in the ‘Writing R Extensions’ manual.
Flavors: r-devel-linux-x86_64-debian-clang, r-devel-linux-x86_64-debian-gcc, r-devel-linux-x86_64-fedora-clang, r-devel-linux-x86_64-fedora-gcc, r-patched-linux-x86_64, r-release-linux-x86_64

Version: 1.2.7
Check: package dependencies
Result: NOTE
    Package suggested but not available for checking: 'synchronicity'
Flavors: r-devel-windows-ix86+x86_64, r-release-windows-ix86+x86_64, r-oldrel-windows-ix86+x86_64