CRAN Package Check Results for Package SamplingStrata

Last updated on 2017-10-20 04:47:29.

Flavor Version Tinstall Tcheck Ttotal Status Flags
r-devel-linux-x86_64-debian-clang 1.1 0.78 262.11 262.88 OK
r-devel-linux-x86_64-debian-gcc 1.1 1.12 254.23 255.35 OK
r-devel-linux-x86_64-fedora-clang 1.1 503.24 OK
r-devel-linux-x86_64-fedora-gcc 1.1 514.89 OK
r-devel-windows-ix86+x86_64 1.1 4.00 37.00 41.00 OK --no-vignettes
r-patched-linux-x86_64 1.1 0.94 244.43 245.37 OK
r-patched-solaris-x86 1.1 549.20 OK
r-release-linux-x86_64 1.1 0.84 257.46 258.30 OK
r-release-windows-ix86+x86_64 1.1 4.00 35.00 39.00 OK --no-vignettes
r-release-osx-x86_64 1.1 NOTE
r-oldrel-windows-ix86+x86_64 1.1 2.00 65.00 67.00 OK --no-vignettes
r-oldrel-osx-x86_64 1.1 OK

Check Details

Version: 1.1
Check: re-building of vignette outputs
Result: NOTE
    Error in re-building vignettes:
     ...
     Population size = 10
     Number of Generations = 40
     Elitism = 2
     Mutation Chance = 0.05
    
    
    Warning in sink() : no sink to remove
    
     *** Sample size : 409.6178
     *** Number of strata : 203
    ---------------------------
    ...written output to outstrata.txt
    Warning in sink() : no sink to remove
    Error in texi2dvi(file = file, pdf = TRUE, clean = clean, quiet = quiet, :
     Running 'texi2dvi' on 'SamplingStrataVignette.tex' failed.
    BibTeX errors:
    The top-level auxiliary file: SamplingStrataVignette.aux
    I couldn't open style file chicago.bst
    ---line 23 of file SamplingStrataVignette.aux
     : \bibstyle{chicago
     : }
    I'm skipping whatever remains of this command
    I found no style file---while reading file SamplingStrataVignette.aux
    Calls: buildVignettes -> texi2pdf -> texi2dvi
    Execution halted
Flavor: r-release-osx-x86_64