CRAN Package Check Results for Package SamplingStrata

Last updated on 2014-12-19 08:48:41.

Flavor Version Tinstall Tcheck Ttotal Status Flags
r-devel-linux-x86_64-debian-clang 1.0-3 0.82 251.06 251.88 OK
r-devel-linux-x86_64-debian-gcc 1.0-3 0.86 226.90 227.76 OK
r-devel-linux-x86_64-fedora-clang 1.0-3 501.41 OK
r-devel-linux-x86_64-fedora-gcc 1.0-3 440.20 OK
r-devel-osx-x86_64-clang 1.0-3 415.38 OK
r-devel-windows-ix86+x86_64 1.0-3 6.00 496.00 502.00 OK
r-patched-linux-x86_64 1.0-3 0.82 310.94 311.76 OK
r-patched-solaris-sparc 1.0-3 170.70 OK --no-vignettes
r-patched-solaris-x86 1.0-3 594.10 OK
r-release-linux-ix86 1.0-3 1.15 324.84 325.99 OK
r-release-linux-x86_64 1.0-3 0.82 287.96 288.78 OK
r-release-osx-x86_64-mavericks 1.0-3 NOTE
r-release-osx-x86_64-snowleopard 1.0-3 OK
r-release-windows-ix86+x86_64 1.0-3 3.00 415.00 418.00 OK
r-oldrel-windows-ix86+x86_64 1.0-3 4.00 348.00 352.00 OK

Check Details

Version: 1.0-3
Check: re-building of vignette outputs
Result: NOTE
    Error in re-building vignettes:
     ...
     Population size = 10
     Number of Generations = 40
     Elitism = 2
     Mutation Chance = 0.05
    
    
    Warning in sink() : no sink to remove
    
     *** Sample size : 420.7109
     *** Number of strata : 83
    ---------------------------
    ...written output to outstrata.txt
    Warning in sink() : no sink to remove
    Error in texi2dvi(file = file, pdf = TRUE, clean = clean, quiet = quiet, :
     Running 'texi2dvi' on 'SamplingStrataVignette.tex' failed.
    BibTeX errors:
    The top-level auxiliary file: SamplingStrataVignette.aux
    I couldn't open style file chicago.bst
    ---line 22 of file SamplingStrataVignette.aux
     : \bibstyle{chicago
     : }
    I'm skipping whatever remains of this command
    I found no style file---while reading file SamplingStrataVignette.aux
    Calls: buildVignettes -> texi2pdf -> texi2dvi
    Execution halted
Flavor: r-release-osx-x86_64-mavericks