CRAN Package Check Results for Package SamplingStrata

Last updated on 2022-01-29 07:53:29 CET.

Flavor Version Tinstall Tcheck Ttotal Status Flags
r-devel-linux-x86_64-debian-clang 1.5-2 12.07 93.65 105.72 OK
r-devel-linux-x86_64-debian-gcc 1.5-2 9.56 70.45 80.01 OK
r-devel-linux-x86_64-fedora-clang 1.5-2 120.13 OK
r-devel-linux-x86_64-fedora-gcc 1.5-2 111.68 OK
r-devel-windows-x86_64-new-UL 1.5-2 162.00 127.00 289.00 OK --no-vignettes
r-devel-windows-x86_64-new-TK 1.5-2 OK
r-patched-linux-x86_64 1.5-2 WARN
r-release-linux-x86_64 1.5-2 10.65 86.00 96.65 WARN
r-release-macos-arm64 1.5-2 OK
r-release-macos-x86_64 1.5-2 WARN --as-cran
r-release-windows-ix86+x86_64 1.5-2 18.00 59.00 77.00 OK --no-vignettes
r-oldrel-macos-x86_64 1.5-2 OK
r-oldrel-windows-ix86+x86_64 1.5-2 19.00 80.00 99.00 OK --no-vignettes

Check Details

Version: 1.5-2
Check: re-building of vignette outputs
Result: WARN
    Error(s) in re-building vignettes:
     ...
    --- re-building ‘SamplingStrata.Rmd’ using rmarkdown
    Loading required package: memoise
    Loading required package: doParallel
    Loading required package: foreach
    Loading required package: iterators
    Loading required package: parallel
    Loading required package: pbapply
    Loading required package: SamplingBigData
    Loading required package: glue
    
    Report issues at https://github.com/barcaroli/SamplingStrata/issues
    Get a complete documentation on https://barcaroli.github.io/SamplingStrata
    --- finished re-building ‘SamplingStrata.Rmd’
    
    --- re-building ‘models.Rmd’ using rmarkdown
    Loading required package: memoise
    Loading required package: doParallel
    Loading required package: foreach
    Loading required package: iterators
    Loading required package: parallel
    Loading required package: pbapply
    Loading required package: SamplingBigData
    Loading required package: glue
    
    Report issues at https://github.com/barcaroli/SamplingStrata/issues
    Get a complete documentation on https://barcaroli.github.io/SamplingStrata
    --- finished re-building ‘models.Rmd’
    
    --- re-building ‘spatial.Rmd’ using rmarkdown
    Error: processing vignette 'spatial.Rmd' failed with diagnostics:
    there is no package called ‘bookdown’
    --- failed re-building ‘spatial.Rmd’
    
    SUMMARY: processing the following file failed:
     ‘spatial.Rmd’
    
    Error: Vignette re-building failed.
    Execution halted
Flavors: r-patched-linux-x86_64, r-release-linux-x86_64

Version: 1.5-2
Flags: --as-cran
Check: CRAN incoming feasibility
Result: WARN
    Maintainer: ‘Giulio Barcaroli <gbarcaroli@gmail.com>’
    
    Insufficient package version (submitted: 1.5.2, existing: 1.5.2)
    
    Days since last update: 1
Flavor: r-release-macos-x86_64

Version: 1.5-2
Flags: --as-cran
Check: sizes of PDF files under ‘inst/doc’
Result: NOTE
    Unable to find GhostScript executable to run checks on size reduction
Flavor: r-release-macos-x86_64