CRAN Package Check Results for Package SamplingStrata

Last updated on 2014-07-29 03:48:46.

Flavor Version Tinstall Tcheck Ttotal Status Flags
r-devel-linux-x86_64-debian-clang 1.0-2 0.80 291.52 292.32 OK
r-devel-linux-x86_64-debian-gcc 1.0-2 0.78 285.13 285.91 OK
r-devel-linux-x86_64-fedora-clang 1.0-2 594.63 OK
r-devel-linux-x86_64-fedora-gcc 1.0-2 584.78 OK
r-devel-osx-x86_64-clang 1.0-2 415.02 OK
r-devel-windows-ix86+x86_64 1.0-2 3.00 419.00 422.00 OK
r-patched-linux-x86_64 1.0-2 0.90 294.94 295.84 OK
r-patched-solaris-sparc 1.0-2 203.80 OK --no-vignettes
r-patched-solaris-x86 1.0-2 594.90 OK
r-release-linux-ix86 1.0-2 1.17 348.82 349.99 OK
r-release-linux-x86_64 1.0-2 0.80 306.75 307.56 OK
r-release-osx-x86_64-mavericks 1.0-2 NOTE
r-release-osx-x86_64-snowleopard 1.0-2 OK
r-release-windows-ix86+x86_64 1.0-2 4.00 423.00 427.00 OK
r-oldrel-windows-ix86+x86_64 1.0-2 3.00 476.00 479.00 OK

Check Details

Version: 1.0-2
Check: re-building of vignette outputs
Result: NOTE
    Error in re-building vignettes:
     ...
     Name partially matched in data frame
    Warning in `$.data.frame`(samp, WEIGHT) :
     Name partially matched in data frame
    Warning in `$.data.frame`(samp, WEIGHT) :
     Name partially matched in data frame
    Warning in `$.data.frame`(samp, WEIGHT) :
     Name partially matched in data frame
    Warning in `$.data.frame`(samp, WEIGHT) :
     Name partially matched in data frame
    Warning in `$.data.frame`(samp, WEIGHT) :
     Name partially matched in data frame
    Warning in `$.data.frame`(samp, WEIGHT) :
     Name partially matched in data frame
    Error in texi2dvi(file = file, pdf = TRUE, clean = clean, quiet = quiet, :
     Running 'texi2dvi' on 'SamplingStrataVignette.tex' failed.
    BibTeX errors:
    The top-level auxiliary file: SamplingStrataVignette.aux
    I couldn't open style file chicago.bst
    ---line 21 of file SamplingStrataVignette.aux
     : \bibstyle{chicago
     : }
    I'm skipping whatever remains of this command
    I found no style file---while reading file SamplingStrataVignette.aux
    Calls: buildVignettes -> texi2pdf -> texi2dvi
    Execution halted
Flavor: r-release-osx-x86_64-mavericks