CRAN Package Check Results for Package SamplingStrata

Last updated on 2017-05-24 07:50:08.

Flavor Version Tinstall Tcheck Ttotal Status Flags
r-devel-linux-x86_64-debian-clang 1.1 0.85 262.26 263.10 OK
r-devel-linux-x86_64-debian-gcc 1.1 0.82 253.45 254.27 OK
r-devel-linux-x86_64-fedora-clang 1.1 492.38 OK --no-stop-on-test-error
r-devel-linux-x86_64-fedora-gcc 1.1 467.36 OK --no-stop-on-test-error
r-devel-windows-ix86+x86_64 1.1 3.00 54.00 57.00 OK --no-vignettes
r-patched-linux-x86_64 1.1 0.92 247.30 248.22 OK
r-patched-solaris-sparc 1.1 188.90 OK --no-vignettes
r-patched-solaris-x86 1.1 514.00 OK
r-release-linux-x86_64 1.1 0.82 248.43 249.24 OK
r-release-windows-ix86+x86_64 1.1 3.00 76.00 79.00 OK --no-vignettes
r-release-osx-x86_64 1.1 NOTE
r-oldrel-windows-ix86+x86_64 1.1 6.00 43.00 49.00 OK --no-vignettes
r-oldrel-osx-x86_64 1.1 OK

Check Details

Version: 1.1
Check: re-building of vignette outputs
Result: NOTE
    Error in re-building vignettes:
     ...
     Population size = 10
     Number of Generations = 40
     Elitism = 2
     Mutation Chance = 0.05
    
    
    Warning in sink() : no sink to remove
    
     *** Sample size : 409.6178
     *** Number of strata : 203
    ---------------------------
    ...written output to outstrata.txt
    Warning in sink() : no sink to remove
    Error in texi2dvi(file = file, pdf = TRUE, clean = clean, quiet = quiet, :
     Running 'texi2dvi' on 'SamplingStrataVignette.tex' failed.
    BibTeX errors:
    The top-level auxiliary file: SamplingStrataVignette.aux
    I couldn't open style file chicago.bst
    ---line 23 of file SamplingStrataVignette.aux
     : \bibstyle{chicago
     : }
    I'm skipping whatever remains of this command
    I found no style file---while reading file SamplingStrataVignette.aux
    Calls: buildVignettes -> texi2pdf -> texi2dvi
    Execution halted
Flavor: r-release-osx-x86_64