CRAN Package Check Results for Package SamplingStrata

Last updated on 2015-07-31 06:47:13.

Flavor Version Tinstall Tcheck Ttotal Status Flags
r-devel-linux-x86_64-debian-clang 1.0-3 0.70 243.82 244.52 NOTE
r-devel-linux-x86_64-debian-gcc 1.0-3 0.98 228.34 229.32 NOTE
r-devel-linux-x86_64-fedora-clang 1.0-3 467.05 NOTE
r-devel-linux-x86_64-fedora-gcc 1.0-3 457.64 NOTE
r-devel-osx-x86_64-clang 1.0-3 374.72 OK
r-devel-windows-ix86+x86_64 1.0-3 4.00 356.00 360.00 NOTE
r-patched-linux-x86_64 1.0-3 0.74 242.04 242.78 OK
r-patched-solaris-sparc 1.0-3 199.70 OK --no-vignettes
r-patched-solaris-x86 1.0-3 501.60 OK
r-release-linux-x86_64 1.0-3 0.76 226.66 227.42 OK
r-release-osx-x86_64-mavericks 1.0-3 OK
r-release-windows-ix86+x86_64 1.0-3 3.00 345.00 348.00 OK
r-oldrel-windows-ix86+x86_64 1.0-3 5.00 456.00 461.00 OK

Check Details

Version: 1.0-3
Check: R code for possible problems
Result: NOTE
    aggrStrata: no visible global function definition for ‘aggregate’
    buildStrataDF: no visible global function definition for ‘write.table’
    buildStrataDF: no visible global function definition for ‘read.delim’
    evalSolution: no visible global function definition for ‘sd’
    evalSolution: no visible global function definition for ‘write.table’
    evalSolution: no visible global function definition for ‘pdf’
    evalSolution: no visible global function definition for ‘boxplot’
    evalSolution: no visible global function definition for ‘dev.off’
    evalSolution: no visible global function definition for ‘split.screen’
    evalSolution: no visible global function definition for ‘close.screen’
    optimizeStrata: no visible global function definition for ‘write.table’
    plot.rbga: no visible global function definition for ‘plot’
    plot.rbga: no visible global function definition for ‘lines’
    rbga: no visible global function definition for ‘runif’
    selectSample: no visible global function definition for ‘write.table’
    strataGenalg : monitor: no visible global function definition for
     ‘plot’
    strataGenalg: no visible global function definition for ‘plot’
    strataGenalg: no visible global function definition for ‘title’
    strataGenalg: no visible global function definition for ‘dev.off’
    strataGenalg: no visible global function definition for ‘write.table’
    tuneParameters: no visible global function definition for ‘write.table’
    tuneParameters: no visible global function definition for
     ‘split.screen’
    tuneParameters: no visible global function definition for ‘screen’
    tuneParameters: no visible global function definition for ‘plot’
    tuneParameters: no visible global function definition for ‘title’
    tuneParameters: no visible global function definition for ‘lines’
    tuneParameters: no visible global function definition for
     ‘close.screen’
    tuneParameters: no visible global function definition for ‘dev.off’
    updateFrame: no visible global function definition for ‘write.table’
    updateStrata: no visible global function definition for ‘write.table’
    var.bin: no visible global function definition for ‘kmeans’
    Undefined global functions or variables:
     aggregate boxplot close.screen dev.off kmeans lines pdf plot
     read.delim runif screen sd split.screen title write.table
    Consider adding
     importFrom("grDevices", "dev.off", "pdf")
     importFrom("graphics", "boxplot", "close.screen", "lines", "plot",
     "screen", "split.screen", "title")
     importFrom("stats", "aggregate", "kmeans", "runif", "sd")
     importFrom("utils", "read.delim", "write.table")
    to your NAMESPACE.
Flavors: r-devel-linux-x86_64-debian-clang, r-devel-linux-x86_64-debian-gcc, r-devel-linux-x86_64-fedora-clang, r-devel-linux-x86_64-fedora-gcc, r-devel-windows-ix86+x86_64