CRAN Package Check Results for Package SamplingStrata

Last updated on 2017-12-12 12:46:55 CET.

Flavor Version Tinstall Tcheck Ttotal Status Flags
r-devel-linux-x86_64-debian-clang 1.1 1.01 436.18 437.19 OK
r-devel-linux-x86_64-debian-gcc 1.1 0.84 311.91 312.75 OK
r-devel-linux-x86_64-fedora-clang 1.1 491.71 OK
r-devel-linux-x86_64-fedora-gcc 1.1 472.59 OK
r-devel-windows-ix86+x86_64 1.1 4.00 72.00 76.00 OK --no-vignettes
r-patched-linux-x86_64 1.1 1.05 414.56 415.61 OK
r-patched-solaris-x86 1.1 522.60 OK
r-release-linux-x86_64 1.1 1.12 431.22 432.34 OK
r-release-windows-ix86+x86_64 1.1 3.00 85.00 88.00 OK --no-vignettes
r-release-osx-x86_64 1.1 NOTE
r-oldrel-windows-ix86+x86_64 1.1 4.00 43.00 47.00 OK --no-vignettes
r-oldrel-osx-x86_64 1.1 OK

Check Details

Version: 1.1
Check: re-building of vignette outputs
Result: NOTE
    Error in re-building vignettes:
     ...
     Population size = 10
     Number of Generations = 40
     Elitism = 2
     Mutation Chance = 0.05
    
    
    Warning in sink() : no sink to remove
    
     *** Sample size : 409.6178
     *** Number of strata : 203
    ---------------------------
    ...written output to outstrata.txt
    Warning in sink() : no sink to remove
    Error in texi2dvi(file = file, pdf = TRUE, clean = clean, quiet = quiet, :
     Running 'texi2dvi' on 'SamplingStrataVignette.tex' failed.
    BibTeX errors:
    The top-level auxiliary file: SamplingStrataVignette.aux
    I couldn't open style file chicago.bst
    ---line 23 of file SamplingStrataVignette.aux
     : \bibstyle{chicago
     : }
    I'm skipping whatever remains of this command
    I found no style file---while reading file SamplingStrataVignette.aux
    Calls: buildVignettes -> texi2pdf -> texi2dvi
    Execution halted
Flavor: r-release-osx-x86_64