CRAN Package Check Results for Package SanFranBeachWater

Last updated on 2020-09-24 04:57:31 CEST.

Flavor Version Tinstall Tcheck Ttotal Status Flags
r-devel-linux-x86_64-debian-clang 0.1.0 5.90 44.85 50.75 OK
r-devel-linux-x86_64-debian-gcc 0.1.0 4.79 33.79 38.58 OK
r-devel-linux-x86_64-fedora-clang 0.1.0 68.90 NOTE
r-devel-linux-x86_64-fedora-gcc 0.1.0 59.74 NOTE
r-devel-windows-ix86+x86_64 0.1.0 14.00 75.00 89.00 OK
r-patched-linux-x86_64 0.1.0 4.63 41.14 45.77 OK
r-patched-solaris-x86 0.1.0 86.10 NOTE
r-release-linux-x86_64 0.1.0 5.72 41.67 47.39 OK
r-release-macos-x86_64 0.1.0 NOTE
r-release-windows-ix86+x86_64 0.1.0 28.00 94.00 122.00 OK
r-oldrel-macos-x86_64 0.1.0 NOTE
r-oldrel-windows-ix86+x86_64 0.1.0 9.00 55.00 64.00 OK

Check Details

Version: 0.1.0
Check: dependencies in R code
Result: NOTE
    Namespace in Imports field not imported from: ‘tibble’
     All declared Imports should be used.
Flavors: r-devel-linux-x86_64-fedora-clang, r-devel-linux-x86_64-fedora-gcc, r-patched-solaris-x86, r-release-macos-x86_64, r-oldrel-macos-x86_64