CRAN Package Check Results for Package SciViews

Last updated on 2014-04-24 15:50:47.

Flavor Version Tinstall Tcheck Ttotal Status Flags
r-devel-linux-x86_64-debian-clang 0.9-5 0.80 14.04 14.84 OK
r-devel-linux-x86_64-debian-gcc 0.9-5 0.83 14.02 14.85 OK
r-devel-linux-x86_64-fedora-clang 0.9-5 28.03 OK
r-devel-linux-x86_64-fedora-gcc 0.9-5 27.19 OK
r-devel-osx-x86_64-clang 0.9-5 25.65 OK
r-devel-osx-x86_64-gcc 0.9-5 OK
r-devel-windows-ix86+x86_64 0.9-5 3.00 23.00 26.00 OK
r-patched-linux-x86_64 0.9-5 0.80 13.90 14.71 OK
r-patched-solaris-sparc 0.9-5 183.10 OK
r-patched-solaris-x86 0.9-5 39.20 OK
r-release-linux-ix86 0.9-5 1.00 28.00 29.00 OK
r-release-linux-x86_64 0.9-5 0.83 13.89 14.72 OK
r-release-osx-x86_64-mavericks 0.9-5 WARN
r-release-osx-x86_64-snowleopard 0.9-5 OK
r-release-windows-ix86+x86_64 0.9-5 3.00 23.00 26.00 OK
r-oldrel-windows-ix86+x86_64 0.9-5 3.00 23.00 26.00 OK

Check Details

Version: 0.9-5
Check: PDF version of manual
Result: WARNING
    LaTeX errors when creating PDF version.
    This typically indicates Rd problems.
    LaTeX errors found:
    ! LaTeX Error: File `upquote.sty' not found.
    
    Type X to quit or <RETURN> to proceed,
    or enter new name. (Default extension: sty)
    
    fd1c882/Rd2.tex:8: ==> Fatal error occurred, no output PDF file produced!
Flavor: r-release-osx-x86_64-mavericks