CRAN Package Check Results for Package SciViews

Last updated on 2016-07-28 19:50:19.

Flavor Version Tinstall Tcheck Ttotal Status Flags
r-devel-linux-x86_64-debian-clang 0.9-5 1.01 14.75 15.75 NOTE
r-devel-linux-x86_64-debian-gcc 0.9-5 0.75 14.69 15.44 NOTE
r-devel-linux-x86_64-fedora-clang 0.9-5 21.98 NOTE
r-devel-linux-x86_64-fedora-gcc 0.9-5 19.76 NOTE
r-devel-osx-x86_64-clang 0.9-5 20.24 NOTE
r-devel-windows-ix86+x86_64 0.9-5 4.00 46.00 50.00 NOTE
r-patched-linux-x86_64 0.9-5 0.89 14.37 15.26 NOTE
r-patched-solaris-sparc 0.9-5 144.10 NOTE
r-patched-solaris-x86 0.9-5 30.60 NOTE
r-release-linux-x86_64 0.9-5 0.73 14.37 15.11 NOTE
r-release-osx-x86_64-mavericks 0.9-5 NOTE
r-release-windows-ix86+x86_64 0.9-5 4.00 44.00 48.00 NOTE
r-oldrel-windows-ix86+x86_64 0.9-5 5.00 36.00 41.00 NOTE

Check Details

Version: 0.9-5
Check: DESCRIPTION meta-information
Result: NOTE
    Malformed Description field: should contain one or more complete sentences.
Flavors: r-devel-linux-x86_64-debian-clang, r-devel-linux-x86_64-debian-gcc, r-devel-linux-x86_64-fedora-clang, r-devel-linux-x86_64-fedora-gcc, r-devel-osx-x86_64-clang, r-devel-windows-ix86+x86_64, r-patched-linux-x86_64, r-patched-solaris-sparc, r-patched-solaris-x86, r-release-linux-x86_64, r-release-osx-x86_64-mavericks, r-release-windows-ix86+x86_64, r-oldrel-windows-ix86+x86_64