CRAN Package Check Results for Package SciViews

Last updated on 2016-12-02 23:48:20.

Flavor Version Tinstall Tcheck Ttotal Status Flags
r-devel-linux-x86_64-debian-clang 0.9-5 0.77 14.95 15.73 NOTE
r-devel-linux-x86_64-debian-gcc 0.9-5 0.76 14.75 15.51 NOTE
r-devel-linux-x86_64-fedora-clang 0.9-5 27.20 NOTE
r-devel-linux-x86_64-fedora-gcc 0.9-5 25.59 NOTE
r-devel-macos-x86_64-clang 0.9-5 23.62 NOTE
r-devel-windows-ix86+x86_64 0.9-5 3.00 48.00 51.00 NOTE
r-patched-linux-x86_64 0.9-5 0.73 12.23 12.96 NOTE
r-patched-solaris-sparc 0.9-5 144.10 NOTE
r-patched-solaris-x86 0.9-5 30.40 NOTE
r-release-linux-x86_64 0.9-5 0.74 12.37 13.11 NOTE
r-release-osx-x86_64-mavericks 0.9-5 NOTE
r-release-windows-ix86+x86_64 0.9-5 5.00 38.00 43.00 NOTE
r-oldrel-windows-ix86+x86_64 0.9-5 8.00 28.00 36.00 NOTE

Check Details

Version: 0.9-5
Check: DESCRIPTION meta-information
Result: NOTE
    Malformed Description field: should contain one or more complete sentences.
Flavors: r-devel-linux-x86_64-debian-clang, r-devel-linux-x86_64-debian-gcc, r-devel-linux-x86_64-fedora-clang, r-devel-linux-x86_64-fedora-gcc, r-devel-macos-x86_64-clang, r-devel-windows-ix86+x86_64, r-patched-linux-x86_64, r-patched-solaris-sparc, r-patched-solaris-x86, r-release-linux-x86_64, r-release-osx-x86_64-mavericks, r-release-windows-ix86+x86_64, r-oldrel-windows-ix86+x86_64