CRAN Package Check Results for Package SciViews

Last updated on 2015-03-04 03:46:59.

Flavor Version Tinstall Tcheck Ttotal Status Flags
r-devel-linux-x86_64-debian-clang 0.9-5 0.68 12.74 13.41 NOTE
r-devel-linux-x86_64-debian-gcc 0.9-5 0.67 12.51 13.18 NOTE
r-devel-linux-x86_64-fedora-clang 0.9-5 25.78 NOTE
r-devel-linux-x86_64-fedora-gcc 0.9-5 24.57 NOTE
r-devel-osx-x86_64-clang 0.9-5 29.33 NOTE
r-devel-windows-ix86+x86_64 0.9-5 2.00 22.00 24.00 NOTE
r-patched-linux-x86_64 0.9-5 0.82 14.45 15.27 OK
r-patched-solaris-sparc 0.9-5 188.20 OK
r-patched-solaris-x86 0.9-5 41.50 OK
r-release-linux-ix86 0.9-5 1.12 20.12 21.24 OK
r-release-linux-x86_64 0.9-5 0.77 14.26 15.03 OK
r-release-osx-x86_64-mavericks 0.9-5 OK
r-release-osx-x86_64-snowleopard 0.9-5 OK
r-release-windows-ix86+x86_64 0.9-5 7.00 34.00 41.00 OK
r-oldrel-windows-ix86+x86_64 0.9-5 3.00 27.00 30.00 OK

Check Details

Version: 0.9-5
Check: DESCRIPTION meta-information
Result: NOTE
    Malformed Description field: should contain one or more complete sentences.
Flavors: r-devel-linux-x86_64-debian-clang, r-devel-linux-x86_64-debian-gcc, r-devel-linux-x86_64-fedora-clang, r-devel-linux-x86_64-fedora-gcc, r-devel-osx-x86_64-clang, r-devel-windows-ix86+x86_64