CRAN Package Check Results for Package SciViews

Last updated on 2017-06-26 02:48:00.

Flavor Version Tinstall Tcheck Ttotal Status Flags
r-devel-linux-x86_64-debian-clang 0.9-5 0.73 16.13 16.86 NOTE
r-devel-linux-x86_64-debian-gcc 0.9-5 0.71 15.20 15.91 NOTE
r-devel-linux-x86_64-fedora-clang 0.9-5 26.94 NOTE
r-devel-linux-x86_64-fedora-gcc 0.9-5 25.38 NOTE
r-devel-windows-ix86+x86_64 0.9-5 4.00 43.00 47.00 NOTE
r-patched-linux-x86_64 0.9-5 0.76 15.33 16.09 NOTE
r-patched-solaris-sparc 0.9-5 158.60 NOTE
r-patched-solaris-x86 0.9-5 34.80 NOTE
r-release-linux-x86_64 0.9-5 0.73 15.10 15.83 NOTE
r-release-windows-ix86+x86_64 0.9-5 8.00 44.00 52.00 NOTE
r-release-osx-x86_64 0.9-5 NOTE
r-oldrel-windows-ix86+x86_64 0.9-5 3.00 41.00 44.00 NOTE
r-oldrel-osx-x86_64 0.9-5 NOTE

Check Details

Version: 0.9-5
Check: DESCRIPTION meta-information
Result: NOTE
    Malformed Description field: should contain one or more complete sentences.
Flavors: r-devel-linux-x86_64-debian-clang, r-devel-linux-x86_64-debian-gcc, r-devel-linux-x86_64-fedora-clang, r-devel-linux-x86_64-fedora-gcc, r-devel-windows-ix86+x86_64, r-patched-linux-x86_64, r-patched-solaris-sparc, r-patched-solaris-x86, r-release-linux-x86_64, r-release-windows-ix86+x86_64, r-release-osx-x86_64, r-oldrel-windows-ix86+x86_64, r-oldrel-osx-x86_64