CRAN Package Check Results for Package SciViews

Last updated on 2017-10-18 08:48:32.

Flavor Version Tinstall Tcheck Ttotal Status Flags
r-devel-linux-x86_64-debian-clang 0.9-5 0.79 15.85 16.64 NOTE
r-devel-linux-x86_64-debian-gcc 0.9-5 0.71 16.13 16.84 NOTE
r-devel-linux-x86_64-fedora-clang 0.9-5 27.61 NOTE
r-devel-linux-x86_64-fedora-gcc 0.9-5 26.89 NOTE
r-devel-windows-ix86+x86_64 0.9-5 3.00 33.00 36.00 NOTE
r-patched-linux-x86_64 0.9-5 0.76 30.20 30.97 NOTE
r-patched-solaris-x86 0.9-5 36.10 NOTE
r-release-linux-x86_64 0.9-5 0.70 15.56 16.25 NOTE
r-release-windows-ix86+x86_64 0.9-5 5.00 31.00 36.00 NOTE
r-release-osx-x86_64 0.9-5 NOTE
r-oldrel-windows-ix86+x86_64 0.9-5 4.00 39.00 43.00 NOTE
r-oldrel-osx-x86_64 0.9-5 NOTE

Check Details

Version: 0.9-5
Check: DESCRIPTION meta-information
Result: NOTE
    Malformed Description field: should contain one or more complete sentences.
Flavors: r-devel-linux-x86_64-debian-clang, r-devel-linux-x86_64-debian-gcc, r-devel-linux-x86_64-fedora-clang, r-devel-linux-x86_64-fedora-gcc, r-devel-windows-ix86+x86_64, r-patched-linux-x86_64, r-patched-solaris-x86, r-release-linux-x86_64, r-release-windows-ix86+x86_64, r-release-osx-x86_64, r-oldrel-windows-ix86+x86_64, r-oldrel-osx-x86_64