CRAN Package Check Results for Package SciViews

Last updated on 2017-08-18 17:48:09.

Flavor Version Tinstall Tcheck Ttotal Status Flags
r-devel-linux-x86_64-debian-clang 0.9-5 0.82 15.93 16.75 NOTE
r-devel-linux-x86_64-debian-gcc 0.9-5 0.68 14.91 15.59 NOTE
r-devel-linux-x86_64-fedora-clang 0.9-5 26.39 NOTE
r-devel-linux-x86_64-fedora-gcc 0.9-5 26.37 NOTE
r-devel-windows-ix86+x86_64 0.9-5 3.00 33.00 36.00 NOTE
r-patched-linux-x86_64 0.9-5 0.73 15.08 15.81 NOTE
r-patched-solaris-x86 0.9-5 36.00 NOTE
r-release-linux-x86_64 0.9-5 0.69 14.99 15.69 NOTE
r-release-windows-ix86+x86_64 0.9-5 4.00 33.00 37.00 NOTE
r-release-osx-x86_64 0.9-5 NOTE
r-oldrel-windows-ix86+x86_64 0.9-5 2.00 42.00 44.00 NOTE
r-oldrel-osx-x86_64 0.9-5 NOTE

Check Details

Version: 0.9-5
Check: DESCRIPTION meta-information
Result: NOTE
    Malformed Description field: should contain one or more complete sentences.
Flavors: r-devel-linux-x86_64-debian-clang, r-devel-linux-x86_64-debian-gcc, r-devel-linux-x86_64-fedora-clang, r-devel-linux-x86_64-fedora-gcc, r-devel-windows-ix86+x86_64, r-patched-linux-x86_64, r-patched-solaris-x86, r-release-linux-x86_64, r-release-windows-ix86+x86_64, r-release-osx-x86_64, r-oldrel-windows-ix86+x86_64, r-oldrel-osx-x86_64