CRAN Package Check Results for Package SciViews

Last updated on 2015-05-26 17:47:22.

Flavor Version Tinstall Tcheck Ttotal Status Flags
r-devel-linux-x86_64-debian-clang 0.9-5 0.68 12.97 13.65 NOTE
r-devel-linux-x86_64-debian-gcc 0.9-5 0.66 12.43 13.09 NOTE
r-devel-linux-x86_64-fedora-clang 0.9-5 25.65 NOTE
r-devel-linux-x86_64-fedora-gcc 0.9-5 23.96 NOTE
r-devel-osx-x86_64-clang 0.9-5 29.33 NOTE
r-devel-windows-ix86+x86_64 0.9-5 3.00 22.00 25.00 NOTE
r-patched-linux-x86_64 0.9-5 0.87 12.78 13.65 NOTE
r-patched-solaris-sparc 0.9-5 148.80 NOTE
r-patched-solaris-x86 0.9-5 36.20 NOTE
r-release-linux-x86_64 0.9-5 0.66 12.74 13.40 NOTE
r-release-osx-x86_64-mavericks 0.9-5 NOTE
r-release-osx-x86_64-snowleopard 0.9-5 NOTE
r-release-windows-ix86+x86_64 0.9-5 3.00 22.00 25.00 NOTE
r-oldrel-windows-ix86+x86_64 0.9-5 4.00 23.00 27.00 OK

Check Details

Version: 0.9-5
Check: DESCRIPTION meta-information
Result: NOTE
    Malformed Description field: should contain one or more complete sentences.
Flavors: r-devel-linux-x86_64-debian-clang, r-devel-linux-x86_64-debian-gcc, r-devel-linux-x86_64-fedora-clang, r-devel-linux-x86_64-fedora-gcc, r-devel-osx-x86_64-clang, r-devel-windows-ix86+x86_64, r-patched-linux-x86_64, r-patched-solaris-sparc, r-patched-solaris-x86, r-release-linux-x86_64, r-release-osx-x86_64-mavericks, r-release-osx-x86_64-snowleopard, r-release-windows-ix86+x86_64