CRAN Package Check Results for Package SciViews

Last updated on 2015-09-04 11:47:52.

Flavor Version Tinstall Tcheck Ttotal Status Flags
r-devel-linux-x86_64-debian-clang 0.9-5 0.62 12.00 12.62 NOTE
r-devel-linux-x86_64-debian-gcc 0.9-5 0.64 12.64 13.28 NOTE
r-devel-linux-x86_64-fedora-clang 0.9-5 23.80 NOTE
r-devel-linux-x86_64-fedora-gcc 0.9-5 22.16 NOTE
r-devel-osx-x86_64-clang 0.9-5 23.03 NOTE
r-devel-windows-ix86+x86_64 0.9-5 3.00 24.00 27.00 NOTE
r-patched-linux-x86_64 0.9-5 0.73 12.35 13.08 NOTE
r-patched-solaris-sparc 0.9-5 172.30 NOTE
r-patched-solaris-x86 0.9-5 35.50 NOTE
r-release-linux-x86_64 0.9-5 0.72 12.66 13.38 NOTE
r-release-osx-x86_64-mavericks 0.9-5 NOTE
r-release-windows-ix86+x86_64 0.9-5 4.00 34.00 38.00 NOTE
r-oldrel-windows-ix86+x86_64 0.9-5 5.00 37.00 42.00 OK

Check Details

Version: 0.9-5
Check: DESCRIPTION meta-information
Result: NOTE
    Malformed Description field: should contain one or more complete sentences.
Flavors: r-devel-linux-x86_64-debian-clang, r-devel-linux-x86_64-debian-gcc, r-devel-linux-x86_64-fedora-clang, r-devel-linux-x86_64-fedora-gcc, r-devel-osx-x86_64-clang, r-devel-windows-ix86+x86_64, r-patched-linux-x86_64, r-patched-solaris-sparc, r-patched-solaris-x86, r-release-linux-x86_64, r-release-osx-x86_64-mavericks, r-release-windows-ix86+x86_64