CRAN Package Check Results for Package SciViews

Last updated on 2016-06-29 21:47:01.

Flavor Version Tinstall Tcheck Ttotal Status Flags
r-devel-linux-x86_64-debian-gcc 0.9-5 0.71 13.14 13.85 NOTE
r-devel-linux-x86_64-fedora-clang 0.9-5 22.22 NOTE
r-devel-linux-x86_64-fedora-gcc 0.9-5 20.85 NOTE
r-devel-osx-x86_64-clang 0.9-5 20.32 NOTE
r-devel-windows-ix86+x86_64 0.9-5 3.00 47.00 50.00 NOTE
r-patched-linux-x86_64 0.9-5 0.72 12.70 13.42 NOTE
r-patched-solaris-sparc 0.9-5 144.10 NOTE
r-patched-solaris-x86 0.9-5 31.90 NOTE
r-release-linux-x86_64 0.9-5 0.73 12.33 13.06 NOTE
r-release-osx-x86_64-mavericks 0.9-5 NOTE
r-release-windows-ix86+x86_64 0.9-5 4.00 41.00 45.00 NOTE
r-oldrel-windows-ix86+x86_64 0.9-5 5.00 30.00 35.00 NOTE

Check Details

Version: 0.9-5
Check: DESCRIPTION meta-information
Result: NOTE
    Malformed Description field: should contain one or more complete sentences.
Flavors: r-devel-linux-x86_64-debian-gcc, r-devel-linux-x86_64-fedora-clang, r-devel-linux-x86_64-fedora-gcc, r-devel-osx-x86_64-clang, r-devel-windows-ix86+x86_64, r-patched-linux-x86_64, r-patched-solaris-sparc, r-patched-solaris-x86, r-release-linux-x86_64, r-release-osx-x86_64-mavericks, r-release-windows-ix86+x86_64, r-oldrel-windows-ix86+x86_64