CRAN Package Check Results for Package SciViews

Last updated on 2015-04-25 17:46:58.

Flavor Version Tinstall Tcheck Ttotal Status Flags
r-devel-linux-x86_64-debian-clang 0.9-5 0.70 12.73 13.43 NOTE
r-devel-linux-x86_64-debian-gcc 0.9-5 0.76 12.34 13.10 NOTE
r-devel-linux-x86_64-fedora-clang 0.9-5 26.16 NOTE
r-devel-linux-x86_64-fedora-gcc 0.9-5 23.89 NOTE
r-devel-osx-x86_64-clang 0.9-5 28.23 NOTE
r-devel-windows-ix86+x86_64 0.9-5 3.00 23.00 26.00 NOTE
r-patched-linux-x86_64 0.9-5 0.69 12.62 13.31 NOTE
r-patched-solaris-sparc 0.9-5 164.90 NOTE
r-patched-solaris-x86 0.9-5 35.60 NOTE
r-release-linux-x86_64 0.9-5 0.72 12.68 13.40 NOTE
r-release-osx-x86_64-mavericks 0.9-5 NOTE
r-release-osx-x86_64-snowleopard 0.9-5 NOTE
r-release-windows-ix86+x86_64 0.9-5 3.00 23.00 26.00 NOTE
r-oldrel-windows-ix86+x86_64 0.9-5 3.00 23.00 26.00 OK

Check Details

Version: 0.9-5
Check: DESCRIPTION meta-information
Result: NOTE
    Malformed Description field: should contain one or more complete sentences.
Flavors: r-devel-windows-ix86+x86_64, r-release-windows-ix86+x86_64