CRAN Package Check Results for Package SciViews

Last updated on 2017-01-19 17:52:06.

Flavor Version Tinstall Tcheck Ttotal Status Flags
r-devel-linux-x86_64-debian-clang 0.9-5 0.73 14.93 15.66 NOTE
r-devel-linux-x86_64-debian-gcc 0.9-5 0.77 14.24 15.01 NOTE
r-devel-linux-x86_64-fedora-clang 0.9-5 26.24 NOTE --no-stop-on-test-error
r-devel-linux-x86_64-fedora-gcc 0.9-5 24.81 NOTE --no-stop-on-test-error
r-devel-macos-x86_64-clang 0.9-5 22.85 NOTE --no-stop-on-test-error
r-devel-windows-ix86+x86_64 0.9-5 5.00 32.00 37.00 NOTE
r-patched-linux-x86_64 0.9-5 0.72 12.49 13.21 NOTE
r-patched-solaris-sparc 0.9-5 146.00 NOTE
r-patched-solaris-x86 0.9-5 30.80 NOTE
r-release-linux-x86_64 0.9-5 0.69 12.72 13.41 NOTE
r-release-osx-x86_64-mavericks 0.9-5 NOTE
r-release-windows-ix86+x86_64 0.9-5 3.00 35.00 38.00 NOTE
r-oldrel-windows-ix86+x86_64 0.9-5 3.00 39.00 42.00 NOTE

Check Details

Version: 0.9-5
Check: DESCRIPTION meta-information
Result: NOTE
    Malformed Description field: should contain one or more complete sentences.
Flavors: r-devel-linux-x86_64-debian-clang, r-devel-linux-x86_64-debian-gcc, r-devel-windows-ix86+x86_64, r-patched-linux-x86_64, r-patched-solaris-sparc, r-patched-solaris-x86, r-release-linux-x86_64, r-release-osx-x86_64-mavericks, r-release-windows-ix86+x86_64, r-oldrel-windows-ix86+x86_64

Version: 0.9-5
Flags: --no-stop-on-test-error
Check: DESCRIPTION meta-information
Result: NOTE
    Malformed Description field: should contain one or more complete sentences.
Flavors: r-devel-linux-x86_64-fedora-clang, r-devel-linux-x86_64-fedora-gcc, r-devel-macos-x86_64-clang