CRAN Package Check Results for Package SciViews

Last updated on 2015-07-30 13:47:43.

Flavor Version Tinstall Tcheck Ttotal Status Flags
r-devel-linux-x86_64-debian-clang 0.9-5 0.66 12.49 13.15 NOTE
r-devel-linux-x86_64-debian-gcc 0.9-5 0.64 12.17 12.81 NOTE
r-devel-linux-x86_64-fedora-clang 0.9-5 25.53 NOTE
r-devel-linux-x86_64-fedora-gcc 0.9-5 23.33 NOTE
r-devel-osx-x86_64-clang 0.9-5 26.32 NOTE
r-devel-windows-ix86+x86_64 0.9-5 4.00 24.00 28.00 NOTE
r-patched-linux-x86_64 0.9-5 0.67 12.93 13.60 NOTE
r-patched-solaris-sparc 0.9-5 172.30 NOTE
r-patched-solaris-x86 0.9-5 36.20 NOTE
r-release-linux-x86_64 0.9-5 0.72 12.74 13.46 NOTE
r-release-osx-x86_64-mavericks 0.9-5 NOTE
r-release-windows-ix86+x86_64 0.9-5 5.00 38.00 43.00 NOTE
r-oldrel-windows-ix86+x86_64 0.9-5 5.00 40.00 45.00 OK

Check Details

Version: 0.9-5
Check: DESCRIPTION meta-information
Result: NOTE
    Malformed Description field: should contain one or more complete sentences.
Flavors: r-devel-linux-x86_64-debian-clang, r-devel-linux-x86_64-debian-gcc, r-devel-linux-x86_64-fedora-clang, r-devel-linux-x86_64-fedora-gcc, r-devel-osx-x86_64-clang, r-devel-windows-ix86+x86_64, r-patched-linux-x86_64, r-patched-solaris-sparc, r-patched-solaris-x86, r-release-linux-x86_64, r-release-osx-x86_64-mavericks, r-release-windows-ix86+x86_64