CRAN Package Check Results for Package SciViews

Last updated on 2017-03-23 06:48:28.

Flavor Version Tinstall Tcheck Ttotal Status Flags
r-devel-linux-x86_64-debian-clang 0.9-5 0.77 15.18 15.95 NOTE
r-devel-linux-x86_64-debian-gcc 0.9-5 0.71 14.89 15.60 NOTE
r-devel-linux-x86_64-fedora-clang 0.9-5 26.20 NOTE --no-stop-on-test-error
r-devel-linux-x86_64-fedora-gcc 0.9-5 25.43 NOTE --no-stop-on-test-error
r-devel-macos-x86_64-clang 0.9-5 23.00 NOTE --no-stop-on-test-error
r-devel-windows-ix86+x86_64 0.9-5 4.00 36.00 40.00 NOTE
r-patched-linux-x86_64 0.9-5 0.68 12.88 13.57 NOTE
r-patched-solaris-sparc 0.9-5 158.60 NOTE
r-patched-solaris-x86 0.9-5 34.90 NOTE
r-release-linux-x86_64 0.9-5 0.71 13.05 13.77 NOTE
r-release-osx-x86_64-mavericks 0.9-5 NOTE
r-release-windows-ix86+x86_64 0.9-5 6.00 30.00 36.00 NOTE
r-oldrel-windows-ix86+x86_64 0.9-5 6.00 39.00 45.00 NOTE

Check Details

Version: 0.9-5
Check: DESCRIPTION meta-information
Result: NOTE
    Malformed Description field: should contain one or more complete sentences.
Flavors: r-devel-linux-x86_64-debian-clang, r-devel-linux-x86_64-debian-gcc, r-devel-windows-ix86+x86_64, r-patched-linux-x86_64, r-patched-solaris-sparc, r-patched-solaris-x86, r-release-linux-x86_64, r-release-osx-x86_64-mavericks, r-release-windows-ix86+x86_64, r-oldrel-windows-ix86+x86_64

Version: 0.9-5
Flags: --no-stop-on-test-error
Check: DESCRIPTION meta-information
Result: NOTE
    Malformed Description field: should contain one or more complete sentences.
Flavors: r-devel-linux-x86_64-fedora-clang, r-devel-linux-x86_64-fedora-gcc, r-devel-macos-x86_64-clang