CRAN Package Check Results for Package SciViews

Last updated on 2017-04-28 23:52:43.

Flavor Version Tinstall Tcheck Ttotal Status Flags
r-devel-linux-x86_64-debian-clang 0.9-5 0.68 15.09 15.77 NOTE
r-devel-linux-x86_64-debian-gcc 0.9-5 0.78 14.76 15.54 NOTE
r-devel-linux-x86_64-fedora-clang 0.9-5 26.51 NOTE --no-stop-on-test-error
r-devel-linux-x86_64-fedora-gcc 0.9-5 25.38 NOTE --no-stop-on-test-error
r-devel-windows-ix86+x86_64 0.9-5 4.00 47.00 51.00 NOTE
r-patched-linux-x86_64 0.9-5 0.72 14.87 15.59 NOTE
r-patched-solaris-sparc 0.9-5 158.60 NOTE
r-patched-solaris-x86 0.9-5 34.50 NOTE
r-release-linux-x86_64 0.9-5 0.73 15.13 15.85 NOTE
r-release-windows-ix86+x86_64 0.9-5 5.00 48.00 53.00 NOTE
r-release-osx-x86_64 0.9-5 NOTE
r-oldrel-windows-ix86+x86_64 0.9-5 5.00 30.00 35.00 NOTE
r-oldrel-osx-x86_64 0.9-5 NOTE

Check Details

Version: 0.9-5
Check: DESCRIPTION meta-information
Result: NOTE
    Malformed Description field: should contain one or more complete sentences.
Flavors: r-devel-linux-x86_64-debian-clang, r-devel-linux-x86_64-debian-gcc, r-devel-windows-ix86+x86_64, r-patched-linux-x86_64, r-patched-solaris-sparc, r-patched-solaris-x86, r-release-linux-x86_64, r-release-windows-ix86+x86_64, r-release-osx-x86_64, r-oldrel-windows-ix86+x86_64, r-oldrel-osx-x86_64

Version: 0.9-5
Flags: --no-stop-on-test-error
Check: DESCRIPTION meta-information
Result: NOTE
    Malformed Description field: should contain one or more complete sentences.
Flavors: r-devel-linux-x86_64-fedora-clang, r-devel-linux-x86_64-fedora-gcc