CRAN Package Check Results for Package SciViews

Last updated on 2017-02-22 17:49:06.

Flavor Version Tinstall Tcheck Ttotal Status Flags
r-devel-linux-x86_64-debian-clang 0.9-5 0.69 15.15 15.84 NOTE
r-devel-linux-x86_64-debian-gcc 0.9-5 0.71 14.93 15.64 NOTE
r-devel-linux-x86_64-fedora-clang 0.9-5 25.88 NOTE --no-stop-on-test-error
r-devel-linux-x86_64-fedora-gcc 0.9-5 24.81 NOTE --no-stop-on-test-error
r-devel-macos-x86_64-clang 0.9-5 23.56 NOTE --no-stop-on-test-error
r-devel-windows-ix86+x86_64 0.9-5 5.00 50.00 55.00 NOTE
r-patched-linux-x86_64 0.9-5 0.69 12.30 12.99 NOTE
r-patched-solaris-sparc 0.9-5 146.00 NOTE
r-patched-solaris-x86 0.9-5 30.50 NOTE
r-release-linux-x86_64 0.9-5 0.68 12.48 13.16 NOTE
r-release-osx-x86_64-mavericks 0.9-5 NOTE
r-release-windows-ix86+x86_64 0.9-5 8.00 32.00 40.00 NOTE
r-oldrel-windows-ix86+x86_64 0.9-5 4.00 42.00 46.00 NOTE

Check Details

Version: 0.9-5
Check: DESCRIPTION meta-information
Result: NOTE
    Malformed Description field: should contain one or more complete sentences.
Flavors: r-devel-linux-x86_64-debian-clang, r-devel-linux-x86_64-debian-gcc, r-devel-windows-ix86+x86_64, r-patched-linux-x86_64, r-patched-solaris-sparc, r-patched-solaris-x86, r-release-linux-x86_64, r-release-osx-x86_64-mavericks, r-release-windows-ix86+x86_64, r-oldrel-windows-ix86+x86_64

Version: 0.9-5
Flags: --no-stop-on-test-error
Check: DESCRIPTION meta-information
Result: NOTE
    Malformed Description field: should contain one or more complete sentences.
Flavors: r-devel-linux-x86_64-fedora-clang, r-devel-linux-x86_64-fedora-gcc, r-devel-macos-x86_64-clang