CRAN Package Check Results for Package SciViews

Last updated on 2016-05-02 21:50:01.

Flavor Version Tinstall Tcheck Ttotal Status Flags
r-devel-linux-x86_64-debian-gcc 0.9-5 0.71 12.27 12.98 NOTE
r-devel-linux-x86_64-fedora-clang 0.9-5 22.66 NOTE
r-devel-linux-x86_64-fedora-gcc 0.9-5 20.82 NOTE
r-devel-osx-x86_64-clang 0.9-5 26.51 NOTE
r-devel-windows-ix86+x86_64 0.9-5 4.00 32.00 36.00 NOTE
r-patched-linux-x86_64 0.9-5 0.63 12.39 13.02 NOTE
r-patched-solaris-sparc 0.9-5 141.60 NOTE
r-patched-solaris-x86 0.9-5 31.50 NOTE
r-release-linux-x86_64 0.9-5 0.80 13.30 14.10 NOTE
r-release-osx-x86_64-mavericks 0.9-5 NOTE
r-release-windows-ix86+x86_64 0.9-5 3.00 38.00 41.00 NOTE
r-oldrel-windows-ix86+x86_64 0.9-5 6.00 39.00 45.00 OK

Check Details

Version: 0.9-5
Check: DESCRIPTION meta-information
Result: NOTE
    Malformed Description field: should contain one or more complete sentences.
Flavors: r-devel-linux-x86_64-debian-gcc, r-devel-linux-x86_64-fedora-clang, r-devel-linux-x86_64-fedora-gcc, r-devel-osx-x86_64-clang, r-devel-windows-ix86+x86_64, r-patched-linux-x86_64, r-patched-solaris-sparc, r-patched-solaris-x86, r-release-linux-x86_64, r-release-osx-x86_64-mavericks, r-release-windows-ix86+x86_64