CRAN Package Check Results for Package ScrabbleScore

Last updated on 2019-05-25 22:51:20 CEST.

Flavor Version Tinstall Tcheck Ttotal Status Flags
r-devel-linux-x86_64-debian-clang 1.0 2.32 23.19 25.51 NOTE
r-devel-linux-x86_64-debian-gcc 1.0 1.99 19.08 21.07 NOTE
r-devel-linux-x86_64-fedora-clang 1.0 31.43 NOTE
r-devel-linux-x86_64-fedora-gcc 1.0 31.40 NOTE
r-devel-windows-ix86+x86_64 1.0 5.00 52.00 57.00 OK
r-patched-linux-x86_64 1.0 NOTE
r-patched-solaris-x86 1.0 53.10 NOTE
r-release-linux-x86_64 1.0 2.15 23.05 25.20 NOTE
r-release-windows-ix86+x86_64 1.0 7.00 48.00 55.00 OK
r-release-osx-x86_64 1.0 NOTE
r-oldrel-windows-ix86+x86_64 1.0 4.00 34.00 38.00 OK
r-oldrel-osx-x86_64 1.0 NOTE

Check Details

Version: 1.0
Check: DESCRIPTION meta-information
Result: NOTE
    License components which are templates and need '+ file LICENSE':
     MIT License
Flavors: r-devel-linux-x86_64-debian-clang, r-devel-linux-x86_64-debian-gcc, r-devel-linux-x86_64-fedora-clang, r-devel-linux-x86_64-fedora-gcc, r-patched-linux-x86_64, r-patched-solaris-x86, r-release-linux-x86_64, r-release-osx-x86_64, r-oldrel-osx-x86_64