Last updated on 2021-04-19 04:51:39 CEST.
Flavor | Version | Tinstall | Tcheck | Ttotal | Status | Flags |
---|---|---|---|---|---|---|
r-devel-linux-x86_64-debian-clang | 0.0.3 | 11.09 | 80.09 | 91.18 | NOTE | |
r-devel-linux-x86_64-debian-gcc | 0.0.3 | 8.34 | 60.51 | 68.85 | NOTE | |
r-devel-linux-x86_64-fedora-clang | 0.0.3 | 118.68 | NOTE | |||
r-devel-linux-x86_64-fedora-gcc | 0.0.3 | 111.63 | NOTE | |||
r-devel-windows-ix86+x86_64 | 0.0.3 | 17.00 | 71.00 | 88.00 | NOTE | |
r-devel-windows-x86_64-gcc10-UCRT | 0.0.3 | NOTE | ||||
r-patched-linux-x86_64 | 0.0.3 | 11.21 | 73.42 | 84.63 | OK | |
r-patched-solaris-x86 | 0.0.3 | 159.00 | OK | |||
r-release-linux-x86_64 | 0.0.3 | 11.90 | 74.56 | 86.46 | OK | |
r-release-macos-x86_64 | 0.0.3 | OK | ||||
r-release-windows-ix86+x86_64 | 0.0.3 | 24.00 | 99.00 | 123.00 | OK | |
r-oldrel-macos-x86_64 | 0.0.3 | WARN | ||||
r-oldrel-windows-ix86+x86_64 | 0.0.3 | 15.00 | 92.00 | 107.00 | OK |
Version: 0.0.3
Check: LazyData
Result: NOTE
'LazyData' is specified without a 'data' directory
Flavors: r-devel-linux-x86_64-debian-clang, r-devel-linux-x86_64-debian-gcc, r-devel-linux-x86_64-fedora-clang, r-devel-linux-x86_64-fedora-gcc, r-devel-windows-ix86+x86_64, r-devel-windows-x86_64-gcc10-UCRT
Version: 0.0.3
Check: whether package can be installed
Result: WARN
Found the following significant warnings:
Note: possible error in 'getSelectedNodes(node.suids = TRUE)': unused argument (node.suids = TRUE)
See ‘/Volumes/SSD-Data/Builds/R-dev-web/QA/Simon/packages/el-capitan-x86_64/results/3.6/ScriptMapR.Rcheck/00install.out’ for details.
Information on the location(s) of code generating the ‘Note’s can be
obtained by re-running with environment variable R_KEEP_PKG_SOURCE set
to ‘yes’.
Flavor: r-oldrel-macos-x86_64
Version: 0.0.3
Check: R code for possible problems
Result: NOTE
scriptmapr: possible error in getSelectedNodes(node.suids = TRUE):
unused argument (node.suids = TRUE)
Flavor: r-oldrel-macos-x86_64