CRAN Package Check Results for Package SeaVal

Last updated on 2024-04-23 02:54:19 CEST.

Flavor Version Tinstall Tcheck Ttotal Status Flags
r-devel-linux-x86_64-debian-clang 1.1.1 16.29 87.10 103.39 OK
r-devel-linux-x86_64-debian-gcc 1.1.1 10.47 64.69 75.16 OK
r-devel-linux-x86_64-fedora-clang 1.1.1 122.17 NOTE
r-devel-linux-x86_64-fedora-gcc 1.1.1 114.25 OK
r-prerel-macos-arm64 1.1.1 35.00 NOTE
r-prerel-windows-x86_64 1.1.1 17.00 91.00 108.00 NOTE
r-patched-linux-x86_64 1.1.1 15.71 83.49 99.20 OK
r-release-linux-x86_64 1.1.1 13.13 83.30 96.43 OK
r-release-macos-arm64 1.1.1 40.00 NOTE
r-release-macos-x86_64 1.1.1 81.00 NOTE
r-release-windows-x86_64 1.1.1 19.00 110.00 129.00 NOTE
r-oldrel-macos-arm64 1.1.1 38.00 NOTE
r-oldrel-windows-x86_64 1.1.1 19.00 96.00 115.00 NOTE

Additional issues

donttest

Check Details

Version: 1.1.1
Check: installed package size
Result: NOTE installed size is 19.2Mb sub-directories of 1Mb or more: extdata 18.1Mb Flavors: r-devel-linux-x86_64-fedora-clang, r-prerel-macos-arm64, r-prerel-windows-x86_64, r-release-macos-arm64, r-release-macos-x86_64, r-release-windows-x86_64, r-oldrel-macos-arm64, r-oldrel-windows-x86_64