CRAN Package Check Results for Package SearchTrees

Last updated on 2019-04-23 16:50:55 CEST.

Flavor Version Tinstall Tcheck Ttotal Status Flags
r-devel-linux-x86_64-debian-clang 0.5.2 2.73 19.78 22.51 NOTE
r-devel-linux-x86_64-debian-gcc 0.5.2 1.98 16.19 18.17 NOTE
r-devel-linux-x86_64-fedora-clang 0.5.2 27.43 NOTE
r-devel-linux-x86_64-fedora-gcc 0.5.2 26.46 NOTE
r-devel-windows-ix86+x86_64 0.5.2 11.00 46.00 57.00 NOTE
r-patched-linux-x86_64 0.5.2 2.41 19.73 22.14 NOTE
r-patched-solaris-x86 0.5.2 44.70 NOTE
r-release-linux-x86_64 0.5.2 1.73 18.66 20.39 NOTE
r-release-windows-ix86+x86_64 0.5.2 5.00 36.00 41.00 NOTE
r-release-osx-x86_64 0.5.2 NOTE
r-oldrel-windows-ix86+x86_64 0.5.2 7.00 35.00 42.00 NOTE
r-oldrel-osx-x86_64 0.5.2 NOTE

Additional issues

rchk

Check Details

Version: 0.5.2
Check: dependencies in R code
Result: NOTE
    Package in Depends field not imported from: 'methods'
     These packages need to be imported from (in the NAMESPACE file)
     for when this namespace is loaded but not attached.
Flavors: r-devel-linux-x86_64-debian-clang, r-devel-linux-x86_64-debian-gcc, r-devel-linux-x86_64-fedora-clang, r-devel-linux-x86_64-fedora-gcc, r-devel-windows-ix86+x86_64, r-patched-linux-x86_64, r-patched-solaris-x86, r-release-linux-x86_64, r-release-windows-ix86+x86_64, r-release-osx-x86_64, r-oldrel-windows-ix86+x86_64, r-oldrel-osx-x86_64

Version: 0.5.2
Check: Rd line widths
Result: NOTE
    Rd file 'createTree.Rd':
     \usage lines wider than 90 characters:
     createTree(data, treeType = "quad", dataType = "point", columns = if (dataType=="point") 1:2 else 1:4, ...)
    
    These lines will be truncated in the PDF manual.
Flavors: r-devel-linux-x86_64-debian-clang, r-devel-linux-x86_64-debian-gcc, r-devel-linux-x86_64-fedora-clang, r-devel-linux-x86_64-fedora-gcc, r-patched-linux-x86_64, r-release-linux-x86_64

Version: 0.5.2
Check: compiled code
Result: NOTE
    File ‘SearchTrees/libs/SearchTrees.so’:
     Found no calls to: ‘R_registerRoutines’, ‘R_useDynamicSymbols’
    
    It is good practice to register native routines and to disable symbol
    search.
    
    See ‘Writing portable packages’ in the ‘Writing R Extensions’ manual.
Flavors: r-devel-linux-x86_64-fedora-clang, r-devel-linux-x86_64-fedora-gcc