CRAN Package Check Results for Package SegEnvIneq

Last updated on 2020-10-23 01:49:05 CEST.

Flavor Version Tinstall Tcheck Ttotal Status Flags
r-devel-linux-x86_64-debian-clang 1.0 6.54 35.51 42.05 OK
r-devel-linux-x86_64-debian-gcc 1.0 6.21 27.34 33.55 OK
r-devel-linux-x86_64-fedora-clang 1.0 61.73 OK
r-devel-linux-x86_64-fedora-gcc 1.0 52.37 OK
r-devel-windows-ix86+x86_64 1.0 12.00 52.00 64.00 OK
r-patched-linux-x86_64 1.0 7.00 34.33 41.33 OK
r-patched-solaris-x86 1.0 75.00 OK
r-release-linux-x86_64 1.0 7.24 34.21 41.45 OK
r-release-macos-x86_64 1.0 OK
r-release-windows-ix86+x86_64 1.0 9.00 49.00 58.00 OK
r-oldrel-macos-x86_64 1.0 ERROR

Check Details

Version: 1.0
Check: package dependencies
Result: ERROR
    Package required and available but unsuitable version: ‘OasisR’
    
    See section ‘The DESCRIPTION file’ in the ‘Writing R Extensions’
    manual.
Flavor: r-oldrel-macos-x86_64