CRAN Package Check Results for Package Segmentor3IsBack

Last updated on 2019-03-23 11:51:27 CET.

Flavor Version Tinstall Tcheck Ttotal Status Flags
r-devel-linux-x86_64-debian-clang 2.0 16.81 33.41 50.22 WARN
r-devel-linux-x86_64-debian-gcc 2.0 10.66 28.79 39.45 OK
r-devel-linux-x86_64-fedora-clang 2.0 77.26 WARN
r-devel-linux-x86_64-fedora-gcc 2.0 63.69 NOTE
r-devel-windows-ix86+x86_64 2.0 60.00 97.00 157.00 OK
r-patched-linux-x86_64 2.0 13.91 34.75 48.66 OK
r-patched-solaris-x86 2.0 110.70 OK
r-release-linux-x86_64 2.0 0.34 1.99 2.33 ERROR
r-release-windows-ix86+x86_64 2.0 36.00 77.00 113.00 OK
r-release-osx-x86_64 2.0 WARN
r-oldrel-windows-ix86+x86_64 2.0 40.00 75.00 115.00 OK
r-oldrel-osx-x86_64 2.0 OK

Check Details

Version: 2.0
Check: whether package can be installed
Result: WARN
    Found the following significant warnings:
     BinNegative.cpp:108:5: warning: assigning field to itself [-Wself-assign-field]
Flavors: r-devel-linux-x86_64-debian-clang, r-devel-linux-x86_64-fedora-clang, r-release-osx-x86_64

Version: 2.0
Check: compiled code
Result: NOTE
    File ‘Segmentor3IsBack/libs/Segmentor3IsBack.so’:
     Found no calls to: ‘R_registerRoutines’, ‘R_useDynamicSymbols’
    
    It is good practice to register native routines and to disable symbol
    search.
    
    See ‘Writing portable packages’ in the ‘Writing R Extensions’ manual.
Flavors: r-devel-linux-x86_64-fedora-clang, r-devel-linux-x86_64-fedora-gcc

Version: 2.0
Check: whether package can be installed
Result: ERROR
    Installation failed.
Flavor: r-release-linux-x86_64