CRAN Package Check Results for Package Segmentor3IsBack

Last updated on 2019-01-21 22:52:23 CET.

Flavor Version Tinstall Tcheck Ttotal Status Flags
r-devel-linux-x86_64-debian-clang 2.0 17.19 34.12 51.31 WARN
r-devel-linux-x86_64-debian-gcc 2.0 12.30 28.90 41.20 OK
r-devel-linux-x86_64-fedora-clang 2.0 75.38 WARN
r-devel-linux-x86_64-fedora-gcc 2.0 62.74 NOTE
r-devel-windows-ix86+x86_64 2.0 56.00 105.00 161.00 OK
r-patched-linux-x86_64 2.0 17.66 34.69 52.35 OK
r-patched-solaris-x86 2.0 125.40 OK
r-release-linux-x86_64 2.0 15.88 34.73 50.61 OK
r-release-windows-ix86+x86_64 2.0 36.00 77.00 113.00 OK
r-release-osx-x86_64 2.0 WARN
r-oldrel-windows-ix86+x86_64 2.0 40.00 75.00 115.00 OK
r-oldrel-osx-x86_64 2.0 OK

Check Details

Version: 2.0
Check: whether package can be installed
Result: WARN
    Found the following significant warnings:
     BinNegative.cpp:108:5: warning: assigning field to itself [-Wself-assign-field]
Flavors: r-devel-linux-x86_64-debian-clang, r-devel-linux-x86_64-fedora-clang, r-release-osx-x86_64

Version: 2.0
Check: compiled code
Result: NOTE
    File ‘Segmentor3IsBack/libs/Segmentor3IsBack.so’:
     Found no calls to: ‘R_registerRoutines’, ‘R_useDynamicSymbols’
    
    It is good practice to register native routines and to disable symbol
    search.
    
    See ‘Writing portable packages’ in the ‘Writing R Extensions’ manual.
Flavors: r-devel-linux-x86_64-fedora-clang, r-devel-linux-x86_64-fedora-gcc