CRAN Package Check Results for Package Segmentor3IsBack

Last updated on 2019-07-23 06:47:48 CEST.

Flavor Version Tinstall Tcheck Ttotal Status Flags
r-devel-linux-x86_64-debian-clang 2.0 18.26 33.73 51.99 WARN
r-devel-linux-x86_64-debian-gcc 2.0 11.04 28.87 39.91 OK
r-devel-linux-x86_64-fedora-clang 2.0 73.41 WARN
r-devel-linux-x86_64-fedora-gcc 2.0 61.12 NOTE
r-devel-windows-ix86+x86_64 2.0 38.00 80.00 118.00 OK
r-patched-linux-x86_64 2.0 12.72 36.07 48.79 OK
r-patched-solaris-x86 2.0 132.30 OK
r-release-linux-x86_64 2.0 13.20 36.19 49.39 OK
r-release-windows-ix86+x86_64 2.0 35.00 104.00 139.00 OK
r-release-osx-x86_64 2.0 WARN
r-oldrel-windows-ix86+x86_64 2.0 36.00 77.00 113.00 OK
r-oldrel-osx-x86_64 2.0 WARN

Check Details

Version: 2.0
Check: whether package can be installed
Result: WARN
    Found the following significant warnings:
     BinNegative.cpp:108:5: warning: assigning field to itself [-Wself-assign-field]
Flavors: r-devel-linux-x86_64-debian-clang, r-devel-linux-x86_64-fedora-clang, r-release-osx-x86_64, r-oldrel-osx-x86_64

Version: 2.0
Check: compiled code
Result: NOTE
    File ‘Segmentor3IsBack/libs/Segmentor3IsBack.so’:
     Found no calls to: ‘R_registerRoutines’, ‘R_useDynamicSymbols’
    
    It is good practice to register native routines and to disable symbol
    search.
    
    See ‘Writing portable packages’ in the ‘Writing R Extensions’ manual.
Flavors: r-devel-linux-x86_64-fedora-clang, r-devel-linux-x86_64-fedora-gcc