CRAN Package Check Results for Package Sejong

Last updated on 2016-05-25 19:49:45.

Flavor Version Tinstall Tcheck Ttotal Status Flags
r-devel-linux-x86_64-debian-gcc 0.01 0.51 5.71 6.22 NOTE
r-devel-linux-x86_64-fedora-clang 0.01 9.75 NOTE
r-devel-linux-x86_64-fedora-gcc 0.01 8.98 NOTE
r-devel-osx-x86_64-clang 0.01 12.58 NOTE
r-devel-windows-ix86+x86_64 0.01 2.00 16.00 18.00 NOTE
r-patched-linux-x86_64 0.01 0.52 5.92 6.44 NOTE
r-patched-solaris-sparc 0.01 62.60 NOTE
r-patched-solaris-x86 0.01 15.40 NOTE
r-release-linux-x86_64 0.01 0.53 5.88 6.40 NOTE
r-release-osx-x86_64-mavericks 0.01 NOTE
r-release-windows-ix86+x86_64 0.01 2.00 22.00 24.00 NOTE
r-oldrel-windows-ix86+x86_64 0.01 2.00 11.00 13.00 NOTE

Check Details

Version: 0.01
Check: DESCRIPTION meta-information
Result: NOTE
    Malformed Title field: should not end in a period.
    Malformed Description field: should contain one or more complete sentences.
Flavors: r-devel-linux-x86_64-debian-gcc, r-devel-linux-x86_64-fedora-clang, r-devel-linux-x86_64-fedora-gcc, r-devel-osx-x86_64-clang, r-devel-windows-ix86+x86_64, r-patched-linux-x86_64, r-patched-solaris-sparc, r-patched-solaris-x86, r-release-linux-x86_64, r-release-osx-x86_64-mavericks, r-release-windows-ix86+x86_64, r-oldrel-windows-ix86+x86_64