CRAN Package Check Results for Package Sejong

Last updated on 2017-01-21 13:49:11.

Flavor Version Tinstall Tcheck Ttotal Status Flags
r-devel-linux-x86_64-debian-clang 0.01 0.60 7.04 7.64 NOTE
r-devel-linux-x86_64-debian-gcc 0.01 0.58 6.79 7.37 NOTE
r-devel-linux-x86_64-fedora-clang 0.01 12.07 NOTE --no-stop-on-test-error
r-devel-linux-x86_64-fedora-gcc 0.01 10.95 NOTE --no-stop-on-test-error
r-devel-macos-x86_64-clang 0.01 11.24 NOTE --no-stop-on-test-error
r-devel-windows-ix86+x86_64 0.01 4.00 17.00 21.00 NOTE
r-patched-linux-x86_64 0.01 0.51 5.79 6.30 NOTE
r-patched-solaris-sparc 0.01 65.80 NOTE
r-patched-solaris-x86 0.01 15.80 NOTE
r-release-linux-x86_64 0.01 0.50 5.89 6.38 NOTE
r-release-osx-x86_64-mavericks 0.01 NOTE
r-release-windows-ix86+x86_64 0.01 2.00 17.00 19.00 NOTE
r-oldrel-windows-ix86+x86_64 0.01 2.00 15.00 17.00 NOTE

Check Details

Version: 0.01
Check: DESCRIPTION meta-information
Result: NOTE
    Malformed Title field: should not end in a period.
    Malformed Description field: should contain one or more complete sentences.
Flavors: r-devel-linux-x86_64-debian-clang, r-devel-linux-x86_64-debian-gcc, r-devel-windows-ix86+x86_64, r-patched-linux-x86_64, r-patched-solaris-sparc, r-patched-solaris-x86, r-release-linux-x86_64, r-release-osx-x86_64-mavericks, r-release-windows-ix86+x86_64, r-oldrel-windows-ix86+x86_64

Version: 0.01
Flags: --no-stop-on-test-error
Check: DESCRIPTION meta-information
Result: NOTE
    Malformed Title field: should not end in a period.
    Malformed Description field: should contain one or more complete sentences.
Flavors: r-devel-linux-x86_64-fedora-clang, r-devel-linux-x86_64-fedora-gcc, r-devel-macos-x86_64-clang