CRAN Package Check Results for Package Sejong

Last updated on 2015-05-05 17:47:33.

Flavor Version Tinstall Tcheck Ttotal Status Flags
r-devel-linux-x86_64-debian-clang 0.01 0.49 5.75 6.24 NOTE
r-devel-linux-x86_64-debian-gcc 0.01 0.48 5.68 6.17 NOTE
r-devel-linux-x86_64-fedora-clang 0.01 12.69 NOTE
r-devel-linux-x86_64-fedora-gcc 0.01 11.17 NOTE
r-devel-osx-x86_64-clang 0.01 14.30 NOTE
r-devel-windows-ix86+x86_64 0.01 2.00 10.00 12.00 NOTE
r-patched-linux-x86_64 0.01 0.48 5.76 6.24 NOTE
r-patched-solaris-sparc 0.01 75.90 NOTE
r-patched-solaris-x86 0.01 17.80 NOTE
r-release-linux-x86_64 0.01 0.51 5.73 6.24 NOTE
r-release-osx-x86_64-mavericks 0.01 NOTE
r-release-osx-x86_64-snowleopard 0.01 NOTE
r-release-windows-ix86+x86_64 0.01 1.00 10.00 11.00 NOTE
r-oldrel-windows-ix86+x86_64 0.01 3.00 11.00 14.00 OK

Check Details

Version: 0.01
Check: DESCRIPTION meta-information
Result: NOTE
    Malformed Title field: should not end in a period.
    Malformed Description field: should contain one or more complete sentences.
Flavors: r-devel-linux-x86_64-debian-clang, r-devel-linux-x86_64-debian-gcc, r-devel-linux-x86_64-fedora-clang, r-devel-linux-x86_64-fedora-gcc, r-devel-osx-x86_64-clang, r-devel-windows-ix86+x86_64, r-patched-linux-x86_64, r-patched-solaris-sparc, r-patched-solaris-x86, r-release-linux-x86_64, r-release-osx-x86_64-mavericks, r-release-osx-x86_64-snowleopard, r-release-windows-ix86+x86_64