CRAN Package Check Results for Package Sejong

Last updated on 2017-04-29 08:49:14.

Flavor Version Tinstall Tcheck Ttotal Status Flags
r-devel-linux-x86_64-debian-clang 0.01 0.61 7.18 7.79 NOTE
r-devel-linux-x86_64-debian-gcc 0.01 0.57 7.17 7.74 NOTE
r-devel-linux-x86_64-fedora-clang 0.01 12.01 NOTE --no-stop-on-test-error
r-devel-linux-x86_64-fedora-gcc 0.01 11.35 NOTE --no-stop-on-test-error
r-devel-windows-ix86+x86_64 0.01 4.00 20.00 24.00 NOTE
r-patched-linux-x86_64 0.01 0.63 7.07 7.70 NOTE
r-patched-solaris-sparc 0.01 73.70 NOTE
r-patched-solaris-x86 0.01 17.60 NOTE
r-release-linux-x86_64 0.01 0.64 7.06 7.70 NOTE
r-release-windows-ix86+x86_64 0.01 2.00 16.00 18.00 NOTE
r-release-osx-x86_64 0.01 NOTE
r-oldrel-windows-ix86+x86_64 0.01 2.00 17.00 19.00 NOTE
r-oldrel-osx-x86_64 0.01 NOTE

Check Details

Version: 0.01
Check: DESCRIPTION meta-information
Result: NOTE
    Malformed Title field: should not end in a period.
    Malformed Description field: should contain one or more complete sentences.
Flavors: r-devel-linux-x86_64-debian-clang, r-devel-linux-x86_64-debian-gcc, r-devel-windows-ix86+x86_64, r-patched-linux-x86_64, r-patched-solaris-sparc, r-patched-solaris-x86, r-release-linux-x86_64, r-release-windows-ix86+x86_64, r-release-osx-x86_64, r-oldrel-windows-ix86+x86_64, r-oldrel-osx-x86_64

Version: 0.01
Flags: --no-stop-on-test-error
Check: DESCRIPTION meta-information
Result: NOTE
    Malformed Title field: should not end in a period.
    Malformed Description field: should contain one or more complete sentences.
Flavors: r-devel-linux-x86_64-fedora-clang, r-devel-linux-x86_64-fedora-gcc