CRAN Package Check Results for Package Sejong

Last updated on 2016-12-05 16:47:41.

Flavor Version Tinstall Tcheck Ttotal Status Flags
r-devel-linux-x86_64-debian-clang 0.01 0.64 6.86 7.50 NOTE
r-devel-linux-x86_64-debian-gcc 0.01 0.65 6.61 7.26 NOTE
r-devel-linux-x86_64-fedora-clang 0.01 12.58 NOTE --no-stop-on-test-error
r-devel-linux-x86_64-fedora-gcc 0.01 11.81 NOTE --no-stop-on-test-error
r-devel-macos-x86_64-clang 0.01 11.46 NOTE
r-devel-windows-ix86+x86_64 0.01 4.00 22.00 26.00 NOTE
r-patched-linux-x86_64 0.01 0.58 5.91 6.49 NOTE
r-patched-solaris-sparc 0.01 63.90 NOTE
r-patched-solaris-x86 0.01 15.30 NOTE
r-release-linux-x86_64 0.01 0.48 5.94 6.43 NOTE
r-release-osx-x86_64-mavericks 0.01 NOTE
r-release-windows-ix86+x86_64 0.01 2.00 17.00 19.00 NOTE
r-oldrel-windows-ix86+x86_64 0.01 2.00 15.00 17.00 NOTE

Check Details

Version: 0.01
Check: DESCRIPTION meta-information
Result: NOTE
    Malformed Title field: should not end in a period.
    Malformed Description field: should contain one or more complete sentences.
Flavors: r-devel-linux-x86_64-debian-clang, r-devel-linux-x86_64-debian-gcc, r-devel-macos-x86_64-clang, r-devel-windows-ix86+x86_64, r-patched-linux-x86_64, r-patched-solaris-sparc, r-patched-solaris-x86, r-release-linux-x86_64, r-release-osx-x86_64-mavericks, r-release-windows-ix86+x86_64, r-oldrel-windows-ix86+x86_64

Version: 0.01
Flags: --no-stop-on-test-error
Check: DESCRIPTION meta-information
Result: NOTE
    Malformed Title field: should not end in a period.
    Malformed Description field: should contain one or more complete sentences.
Flavors: r-devel-linux-x86_64-fedora-clang, r-devel-linux-x86_64-fedora-gcc