CRAN Package Check Results for Package Sejong

Last updated on 2017-10-17 03:49:04.

Flavor Version Tinstall Tcheck Ttotal Status Flags
r-devel-linux-x86_64-debian-clang 0.01 0.68 8.00 8.68 NOTE
r-devel-linux-x86_64-debian-gcc 0.01 0.58 8.13 8.71 NOTE
r-devel-linux-x86_64-fedora-clang 0.01 13.14 NOTE
r-devel-linux-x86_64-fedora-gcc 0.01 12.50 NOTE
r-devel-windows-ix86+x86_64 0.01 4.00 15.00 19.00 NOTE
r-patched-linux-x86_64 0.01 0.63 7.50 8.13 NOTE
r-patched-solaris-x86 0.01 18.00 NOTE
r-release-linux-x86_64 0.01 0.62 7.37 7.99 NOTE
r-release-windows-ix86+x86_64 0.01 2.00 18.00 20.00 NOTE
r-release-osx-x86_64 0.01 NOTE
r-oldrel-windows-ix86+x86_64 0.01 2.00 17.00 19.00 NOTE
r-oldrel-osx-x86_64 0.01 NOTE

Check Details

Version: 0.01
Check: DESCRIPTION meta-information
Result: NOTE
    Malformed Title field: should not end in a period.
    Malformed Description field: should contain one or more complete sentences.
Flavors: r-devel-linux-x86_64-debian-clang, r-devel-linux-x86_64-debian-gcc, r-devel-linux-x86_64-fedora-clang, r-devel-linux-x86_64-fedora-gcc, r-devel-windows-ix86+x86_64, r-patched-linux-x86_64, r-patched-solaris-x86, r-release-linux-x86_64, r-release-windows-ix86+x86_64, r-release-osx-x86_64, r-oldrel-windows-ix86+x86_64, r-oldrel-osx-x86_64