CRAN Package Check Results for Package Sejong

Last updated on 2015-03-31 03:48:42.

Flavor Version Tinstall Tcheck Ttotal Status Flags
r-devel-linux-x86_64-debian-clang 0.01 0.56 6.66 7.22 NOTE
r-devel-linux-x86_64-debian-gcc 0.01 0.56 5.80 6.36 NOTE
r-devel-linux-x86_64-fedora-clang 0.01 11.73 NOTE
r-devel-linux-x86_64-fedora-gcc 0.01 10.97 NOTE
r-devel-osx-x86_64-clang 0.01 16.07 NOTE
r-prerel-windows-ix86+x86_64 0.01 3.00 10.00 13.00 NOTE
r-prerel-linux-x86_64 0.01 0.49 5.74 6.23 NOTE
r-prerel-solaris-sparc 0.01 75.90 NOTE
r-prerel-solaris-x86 0.01 17.10 NOTE
r-release-linux-x86_64 0.01 0.54 6.10 6.64 OK
r-release-osx-x86_64-mavericks 0.01 OK
r-release-windows-ix86+x86_64 0.01 3.00 11.00 14.00 OK
r-oldrel-windows-ix86+x86_64 0.01 2.00 9.00 11.00 OK

Check Details

Version: 0.01
Check: DESCRIPTION meta-information
Result: NOTE
    Malformed Title field: should not end in a period.
    Malformed Description field: should contain one or more complete sentences.
Flavors: r-devel-linux-x86_64-debian-clang, r-devel-linux-x86_64-debian-gcc, r-devel-linux-x86_64-fedora-clang, r-devel-linux-x86_64-fedora-gcc, r-devel-osx-x86_64-clang, r-prerel-windows-ix86+x86_64, r-prerel-linux-x86_64, r-prerel-solaris-sparc, r-prerel-solaris-x86