CRAN Package Check Results for Package Sejong

Last updated on 2017-08-17 03:49:19.

Flavor Version Tinstall Tcheck Ttotal Status Flags
r-devel-linux-x86_64-debian-clang 0.01 0.64 7.54 8.17 NOTE
r-devel-linux-x86_64-debian-gcc 0.01 0.57 7.22 7.79 NOTE
r-devel-linux-x86_64-fedora-clang 0.01 12.23 NOTE
r-devel-linux-x86_64-fedora-gcc 0.01 11.44 NOTE
r-devel-windows-ix86+x86_64 0.01 4.00 23.00 27.00 NOTE
r-patched-linux-x86_64 0.01 0.58 7.33 7.91 NOTE
r-patched-solaris-x86 0.01 18.30 NOTE
r-release-linux-x86_64 0.01 0.58 7.27 7.85 NOTE
r-release-windows-ix86+x86_64 0.01 2.00 18.00 20.00 NOTE
r-release-osx-x86_64 0.01 NOTE
r-oldrel-windows-ix86+x86_64 0.01 2.00 17.00 19.00 NOTE
r-oldrel-osx-x86_64 0.01 NOTE

Check Details

Version: 0.01
Check: DESCRIPTION meta-information
Result: NOTE
    Malformed Title field: should not end in a period.
    Malformed Description field: should contain one or more complete sentences.
Flavors: r-devel-linux-x86_64-debian-clang, r-devel-linux-x86_64-debian-gcc, r-devel-linux-x86_64-fedora-clang, r-devel-linux-x86_64-fedora-gcc, r-devel-windows-ix86+x86_64, r-patched-linux-x86_64, r-patched-solaris-x86, r-release-linux-x86_64, r-release-windows-ix86+x86_64, r-release-osx-x86_64, r-oldrel-windows-ix86+x86_64, r-oldrel-osx-x86_64