CRAN Package Check Results for Package Sejong

Last updated on 2015-09-03 03:48:43.

Flavor Version Tinstall Tcheck Ttotal Status Flags
r-devel-linux-x86_64-debian-clang 0.01 0.50 5.27 5.77 NOTE
r-devel-linux-x86_64-debian-gcc 0.01 0.47 5.20 5.67 NOTE
r-devel-linux-x86_64-fedora-clang 0.01 10.34 NOTE
r-devel-linux-x86_64-fedora-gcc 0.01 10.05 NOTE
r-devel-osx-x86_64-clang 0.01 10.87 NOTE
r-devel-windows-ix86+x86_64 0.01 2.00 13.00 15.00 NOTE
r-patched-linux-x86_64 0.01 0.54 5.77 6.31 NOTE
r-patched-solaris-sparc 0.01 80.20 NOTE
r-patched-solaris-x86 0.01 18.00 NOTE
r-release-linux-x86_64 0.01 0.52 6.23 6.75 NOTE
r-release-osx-x86_64-mavericks 0.01 NOTE
r-release-windows-ix86+x86_64 0.01 2.00 15.00 17.00 NOTE
r-oldrel-windows-ix86+x86_64 0.01 3.00 11.00 14.00 OK

Check Details

Version: 0.01
Check: DESCRIPTION meta-information
Result: NOTE
    Malformed Title field: should not end in a period.
    Malformed Description field: should contain one or more complete sentences.
Flavors: r-devel-linux-x86_64-debian-clang, r-devel-linux-x86_64-debian-gcc, r-devel-linux-x86_64-fedora-clang, r-devel-linux-x86_64-fedora-gcc, r-devel-osx-x86_64-clang, r-devel-windows-ix86+x86_64, r-patched-linux-x86_64, r-patched-solaris-sparc, r-patched-solaris-x86, r-release-linux-x86_64, r-release-osx-x86_64-mavericks, r-release-windows-ix86+x86_64