CRAN Package Check Results for Package Sejong

Last updated on 2016-02-06 18:50:45.

Flavor Version Tinstall Tcheck Ttotal Status Flags
r-devel-linux-x86_64-debian-gcc 0.01 0.55 4.82 5.37 NOTE
r-devel-linux-x86_64-fedora-clang 0.01 9.79 NOTE
r-devel-linux-x86_64-fedora-gcc 0.01 8.64 NOTE
r-devel-osx-x86_64-clang 0.01 12.41 NOTE
r-devel-windows-ix86+x86_64 0.01 3.00 17.00 20.00 NOTE
r-patched-linux-x86_64 0.01 0.57 5.47 6.04 NOTE
r-patched-solaris-sparc 0.01 64.10 NOTE
r-patched-solaris-x86 0.01 14.30 NOTE
r-release-linux-x86_64 0.01 0.56 5.89 6.45 NOTE
r-release-osx-x86_64-mavericks 0.01 NOTE
r-release-windows-ix86+x86_64 0.01 2.00 11.00 13.00 NOTE
r-oldrel-windows-ix86+x86_64 0.01 3.00 11.00 14.00 OK

Check Details

Version: 0.01
Check: DESCRIPTION meta-information
Result: NOTE
    Malformed Title field: should not end in a period.
    Malformed Description field: should contain one or more complete sentences.
Flavors: r-devel-linux-x86_64-debian-gcc, r-devel-linux-x86_64-fedora-clang, r-devel-linux-x86_64-fedora-gcc, r-devel-osx-x86_64-clang, r-devel-windows-ix86+x86_64, r-patched-linux-x86_64, r-patched-solaris-sparc, r-patched-solaris-x86, r-release-linux-x86_64, r-release-osx-x86_64-mavericks, r-release-windows-ix86+x86_64