CRAN Package Check Results for Package Sejong

Last updated on 2018-05-28 08:49:02 CEST.

Flavor Version Tinstall Tcheck Ttotal Status Flags
r-devel-linux-x86_64-debian-clang 0.01 0.62 9.99 10.61 NOTE
r-devel-linux-x86_64-debian-gcc 0.01 0.60 9.67 10.27 NOTE
r-devel-linux-x86_64-fedora-clang 0.01 15.99 NOTE
r-devel-linux-x86_64-fedora-gcc 0.01 14.16 NOTE
r-devel-windows-ix86+x86_64 0.01 3.00 18.00 21.00 NOTE
r-patched-linux-x86_64 0.01 0.71 11.19 11.90 NOTE
r-patched-solaris-x86 0.01 24.60 NOTE
r-release-linux-x86_64 0.01 0.73 11.04 11.77 NOTE
r-release-windows-ix86+x86_64 0.01 2.00 18.00 20.00 NOTE
r-release-osx-x86_64 0.01 NOTE
r-oldrel-windows-ix86+x86_64 0.01 2.00 18.00 20.00 NOTE
r-oldrel-osx-x86_64 0.01 NOTE

Check Details

Version: 0.01
Check: DESCRIPTION meta-information
Result: NOTE
    Malformed Title field: should not end in a period.
    Malformed Description field: should contain one or more complete sentences.
Flavors: r-devel-linux-x86_64-debian-clang, r-devel-linux-x86_64-debian-gcc, r-devel-linux-x86_64-fedora-clang, r-devel-linux-x86_64-fedora-gcc, r-devel-windows-ix86+x86_64, r-patched-linux-x86_64, r-patched-solaris-x86, r-release-linux-x86_64, r-release-windows-ix86+x86_64, r-release-osx-x86_64, r-oldrel-windows-ix86+x86_64, r-oldrel-osx-x86_64