CRAN Package Check Results for Package Sejong

Last updated on 2015-06-30 04:46:52.

Flavor Version Tinstall Tcheck Ttotal Status Flags
r-devel-linux-x86_64-debian-clang 0.01 0.50 5.44 5.94 NOTE
r-devel-linux-x86_64-debian-gcc 0.01 0.46 5.81 6.27 NOTE
r-devel-linux-x86_64-fedora-clang 0.01 11.28 NOTE
r-devel-linux-x86_64-fedora-gcc 0.01 10.40 NOTE
r-devel-osx-x86_64-clang 0.01 13.15 NOTE
r-devel-windows-ix86+x86_64 0.01 3.00 10.00 13.00 NOTE
r-patched-linux-x86_64 0.01 0.58 5.79 6.38 NOTE
r-patched-solaris-sparc 0.01 64.10 NOTE
r-patched-solaris-x86 0.01 18.20 NOTE
r-release-linux-x86_64 0.01 0.55 5.90 6.45 NOTE
r-release-osx-x86_64-mavericks 0.01 NOTE
r-release-windows-ix86+x86_64 0.01 1.00 10.00 11.00 NOTE
r-oldrel-windows-ix86+x86_64 0.01 3.00 11.00 14.00 OK

Check Details

Version: 0.01
Check: DESCRIPTION meta-information
Result: NOTE
    Malformed Title field: should not end in a period.
    Malformed Description field: should contain one or more complete sentences.
Flavors: r-devel-linux-x86_64-debian-clang, r-devel-linux-x86_64-debian-gcc, r-devel-linux-x86_64-fedora-clang, r-devel-linux-x86_64-fedora-gcc, r-devel-osx-x86_64-clang, r-devel-windows-ix86+x86_64, r-patched-linux-x86_64, r-patched-solaris-sparc, r-patched-solaris-x86, r-release-linux-x86_64, r-release-osx-x86_64-mavericks, r-release-windows-ix86+x86_64