CRAN Package Check Results for Package Sejong

Last updated on 2017-02-24 23:52:53.

Flavor Version Tinstall Tcheck Ttotal Status Flags
r-devel-linux-x86_64-debian-clang 0.01 0.74 7.28 8.01 NOTE
r-devel-linux-x86_64-debian-gcc 0.01 0.71 7.39 8.09 NOTE
r-devel-linux-x86_64-fedora-clang 0.01 12.12 NOTE --no-stop-on-test-error
r-devel-linux-x86_64-fedora-gcc 0.01 11.08 NOTE --no-stop-on-test-error
r-devel-macos-x86_64-clang 0.01 11.55 NOTE --no-stop-on-test-error
r-devel-windows-ix86+x86_64 0.01 2.00 24.00 26.00 NOTE
r-patched-linux-x86_64 0.01 0.54 5.93 6.46 NOTE
r-patched-solaris-sparc 0.01 65.80 NOTE
r-patched-solaris-x86 0.01 15.50 NOTE
r-release-linux-x86_64 0.01 0.50 5.99 6.49 NOTE
r-release-osx-x86_64-mavericks 0.01 NOTE
r-release-windows-ix86+x86_64 0.01 2.00 17.00 19.00 NOTE
r-oldrel-windows-ix86+x86_64 0.01 2.00 15.00 17.00 NOTE

Check Details

Version: 0.01
Check: DESCRIPTION meta-information
Result: NOTE
    Malformed Title field: should not end in a period.
    Malformed Description field: should contain one or more complete sentences.
Flavors: r-devel-linux-x86_64-debian-clang, r-devel-linux-x86_64-debian-gcc, r-devel-windows-ix86+x86_64, r-patched-linux-x86_64, r-patched-solaris-sparc, r-patched-solaris-x86, r-release-linux-x86_64, r-release-osx-x86_64-mavericks, r-release-windows-ix86+x86_64, r-oldrel-windows-ix86+x86_64

Version: 0.01
Flags: --no-stop-on-test-error
Check: DESCRIPTION meta-information
Result: NOTE
    Malformed Title field: should not end in a period.
    Malformed Description field: should contain one or more complete sentences.
Flavors: r-devel-linux-x86_64-fedora-clang, r-devel-linux-x86_64-fedora-gcc, r-devel-macos-x86_64-clang