CRAN Package Check Results for Package SeleMix

Last updated on 2016-08-26 21:47:28.

Flavor Version Tinstall Tcheck Ttotal Status Flags
r-devel-linux-x86_64-debian-clang 0.9.1 2.73 101.26 103.99 NOTE
r-devel-linux-x86_64-debian-gcc 0.9.1 3.92 118.67 122.59 NOTE
r-devel-linux-x86_64-fedora-clang 0.9.1 172.33 NOTE
r-devel-linux-x86_64-fedora-gcc 0.9.1 167.99 NOTE
r-devel-osx-x86_64-clang 0.9.1 122.42 NOTE
r-devel-windows-ix86+x86_64 0.9.1 10.00 179.00 189.00 NOTE
r-patched-linux-x86_64 0.9.1 2.66 100.03 102.69 NOTE
r-patched-solaris-sparc 0.9.1 767.80 NOTE
r-patched-solaris-x86 0.9.1 215.20 NOTE
r-release-linux-x86_64 0.9.1 3.05 98.51 101.56 NOTE
r-release-osx-x86_64-mavericks 0.9.1 NOTE
r-release-windows-ix86+x86_64 0.9.1 9.00 154.00 163.00 NOTE
r-oldrel-windows-ix86+x86_64 0.9.1 8.00 192.00 200.00 NOTE

Check Details

Version: 0.9.1
Check: dependencies in R code
Result: NOTE
    Packages in Depends field not imported from:
     ‘Ecdat’ ‘mvtnorm’ ‘xtable’
     These packages need to be imported from (in the NAMESPACE file)
     for when this namespace is loaded but not attached.
Flavors: r-devel-linux-x86_64-debian-clang, r-devel-linux-x86_64-debian-gcc, r-devel-linux-x86_64-fedora-clang, r-devel-linux-x86_64-fedora-gcc, r-devel-osx-x86_64-clang, r-devel-windows-ix86+x86_64, r-patched-linux-x86_64, r-patched-solaris-sparc, r-patched-solaris-x86, r-release-linux-x86_64, r-release-osx-x86_64-mavericks, r-release-windows-ix86+x86_64, r-oldrel-windows-ix86+x86_64

Version: 0.9.1
Check: R code for possible problems
Result: NOTE
    ml.est: no visible global function definition for ‘par’
    ml.est: no visible global function definition for ‘plot’
    ml.est: no visible global function definition for ‘points’
    ml.est : norm.mv: no visible global function definition for ‘dmvnorm’
    sel.pairs: no visible global function definition for ‘par’
    sel.pairs: no visible global function definition for ‘boxplot’
    sel.pairs: no visible global function definition for ‘points’
    sel.pairs: no visible global function definition for ‘title’
    sel.pairs: no visible global function definition for ‘plot’
    sel.pairs: no visible global function definition for ‘mtext’
    Undefined global functions or variables:
     boxplot dmvnorm mtext par plot points title
    Consider adding
     importFrom("graphics", "boxplot", "mtext", "par", "plot", "points",
     "title")
    to your NAMESPACE file.
Flavors: r-devel-linux-x86_64-debian-clang, r-devel-linux-x86_64-debian-gcc, r-devel-linux-x86_64-fedora-clang, r-devel-linux-x86_64-fedora-gcc, r-devel-osx-x86_64-clang, r-devel-windows-ix86+x86_64, r-patched-linux-x86_64, r-patched-solaris-sparc, r-patched-solaris-x86, r-release-linux-x86_64, r-release-osx-x86_64-mavericks, r-release-windows-ix86+x86_64

Version: 0.9.1
Check: R code for possible problems
Result: NOTE
    ml.est : norm.mv: no visible global function definition for 'dmvnorm'
Flavor: r-oldrel-windows-ix86+x86_64