CRAN Package Check Results for Package SeleMix

Last updated on 2014-11-23 16:46:40.

Flavor Version Tinstall Tcheck Ttotal Status Flags
r-devel-linux-x86_64-debian-clang 0.9.1 4.63 148.34 152.97 NOTE
r-devel-linux-x86_64-debian-gcc 0.9.1 4.14 152.51 156.65 NOTE
r-devel-linux-x86_64-fedora-clang 0.9.1 301.88 NOTE
r-devel-linux-x86_64-fedora-gcc 0.9.1 297.86 NOTE
r-devel-osx-x86_64-clang 0.9.1 224.49 NOTE
r-devel-windows-ix86+x86_64 0.9.1 12.00 200.00 212.00 NOTE
r-patched-linux-x86_64 0.9.1 4.60 156.52 161.12 NOTE
r-patched-solaris-sparc 0.9.1 340.80 NOTE
r-patched-solaris-x86 0.9.1 407.70 NOTE
r-release-linux-ix86 0.9.1 5.54 134.04 139.58 NOTE
r-release-linux-x86_64 0.9.1 4.66 160.40 165.07 NOTE
r-release-osx-x86_64-mavericks 0.9.1 NOTE
r-release-osx-x86_64-snowleopard 0.9.1 NOTE
r-release-windows-ix86+x86_64 0.9.1 15.00 207.00 222.00 NOTE
r-oldrel-windows-ix86+x86_64 0.9.1 13.00 176.00 189.00 NOTE

Check Details

Version: 0.9.1
Check: dependencies in R code
Result: NOTE
    Packages in Depends field not imported from:
     ‘Ecdat’ ‘mvtnorm’ ‘xtable’
     These packages need to be imported from (in the NAMESPACE file)
     for when this namespace is loaded but not attached.
    See the information on DESCRIPTION files in the chapter ‘Creating R
    packages’ of the ‘Writing R Extensions’ manual.
Flavors: r-devel-linux-x86_64-debian-clang, r-devel-linux-x86_64-debian-gcc, r-devel-linux-x86_64-fedora-clang, r-devel-linux-x86_64-fedora-gcc, r-devel-osx-x86_64-clang, r-devel-windows-ix86+x86_64, r-patched-linux-x86_64, r-patched-solaris-sparc, r-patched-solaris-x86, r-release-linux-ix86, r-release-linux-x86_64, r-release-osx-x86_64-mavericks, r-release-windows-ix86+x86_64, r-oldrel-windows-ix86+x86_64

Version: 0.9.1
Check: R code for possible problems
Result: NOTE
    ml.est : norm.mv: no visible global function definition for ‘dmvnorm’
Flavors: r-devel-linux-x86_64-debian-clang, r-devel-linux-x86_64-debian-gcc, r-devel-linux-x86_64-fedora-clang, r-devel-linux-x86_64-fedora-gcc, r-devel-osx-x86_64-clang, r-devel-windows-ix86+x86_64, r-patched-linux-x86_64, r-patched-solaris-sparc, r-patched-solaris-x86, r-release-linux-ix86, r-release-linux-x86_64, r-release-windows-ix86+x86_64

Version: 0.9.1
Check: re-building of vignette outputs
Result: NOTE
    Error in re-building vignettes:
     ...
    Loading required package: Ecfun
    
    Attaching package: ‘Ecdat’
    
    The following object is masked from ‘package:datasets’:
    
     Orange
    
    Loading required package: mvtnorm
    Loading required package: xtable
    Error in texi2dvi(file = file, pdf = TRUE, clean = clean, quiet = quiet, :
     Running 'texi2dvi' on 'SeleMix-vignette.tex' failed.
    BibTeX errors:
    The top-level auxiliary file: SeleMix-vignette.aux
    I couldn't open style file chicago.bst
    ---line 29 of file SeleMix-vignette.aux
     : \bibstyle{chicago
     : }
    I'm skipping whatever remains of this command
    I found no style file---while reading file SeleMix-vignette.aux
    Calls: buildVignettes -> texi2pdf -> texi2dvi
    Execution halted
Flavor: r-release-osx-x86_64-mavericks

Version: 0.9.1
Check: re-building of vignette outputs
Result: NOTE
    Error in re-building vignettes:
     ...
    
    Attaching package: 'Ecdat'
    
    The following object is masked from 'package:datasets':
    
     Orange
    
    Loading required package: mvtnorm
    Loading required package: xtable
    Error in texi2dvi(file = file, pdf = TRUE, clean = clean, quiet = quiet, :
     Running 'texi2dvi' on 'SeleMix-vignette.tex' failed.
    BibTeX errors:
    The top-level auxiliary file: SeleMix-vignette.aux
    I couldn't open style file chicago.bst
    ---line 29 of file SeleMix-vignette.aux
     : \bibstyle{chicago
     : }
    I'm skipping whatever remains of this command
    I found no style file---while reading file SeleMix-vignette.aux
    Calls: buildVignettes -> texi2pdf -> texi2dvi
    Execution halted
Flavor: r-release-osx-x86_64-snowleopard