CRAN Package Check Results for Package SeleMix

Last updated on 2015-06-30 22:47:37.

Flavor Version Tinstall Tcheck Ttotal Status Flags
r-devel-linux-x86_64-debian-clang 0.9.1 3.60 157.70 161.30 NOTE
r-devel-linux-x86_64-debian-gcc 0.9.1 3.34 136.28 139.62 NOTE
r-devel-linux-x86_64-fedora-clang 0.9.1 258.54 NOTE
r-devel-linux-x86_64-fedora-gcc 0.9.1 255.01 NOTE
r-devel-osx-x86_64-clang 0.9.1 207.58 NOTE
r-devel-windows-ix86+x86_64 0.9.1 10.00 185.00 195.00 NOTE
r-patched-linux-x86_64 0.9.1 3.20 149.47 152.66 NOTE
r-patched-solaris-sparc 0.9.1 1132.70 NOTE
r-patched-solaris-x86 0.9.1 380.60 NOTE
r-release-linux-x86_64 0.9.1 3.22 139.23 142.45 NOTE
r-release-osx-x86_64-mavericks 0.9.1 NOTE
r-release-windows-ix86+x86_64 0.9.1 15.00 203.00 218.00 NOTE
r-oldrel-windows-ix86+x86_64 0.9.1 16.00 290.00 306.00 NOTE

Check Details

Version: 0.9.1
Check: dependencies in R code
Result: NOTE
    Packages in Depends field not imported from:
     ‘Ecdat’ ‘mvtnorm’ ‘xtable’
     These packages need to be imported from (in the NAMESPACE file)
     for when this namespace is loaded but not attached.
Flavors: r-devel-linux-x86_64-debian-clang, r-devel-linux-x86_64-debian-gcc, r-devel-linux-x86_64-fedora-clang, r-devel-linux-x86_64-fedora-gcc, r-devel-osx-x86_64-clang, r-devel-windows-ix86+x86_64, r-patched-linux-x86_64, r-patched-solaris-sparc, r-patched-solaris-x86, r-release-linux-x86_64, r-release-osx-x86_64-mavericks, r-release-windows-ix86+x86_64, r-oldrel-windows-ix86+x86_64

Version: 0.9.1
Check: R code for possible problems
Result: NOTE
    ml.est: no visible global function definition for ‘par’
    ml.est: no visible global function definition for ‘plot’
    ml.est: no visible global function definition for ‘points’
    ml.est : norm.mv: no visible global function definition for ‘dmvnorm’
    sel.pairs: no visible global function definition for ‘par’
    sel.pairs: no visible global function definition for ‘boxplot’
    sel.pairs: no visible global function definition for ‘points’
    sel.pairs: no visible global function definition for ‘title’
    sel.pairs: no visible global function definition for ‘plot’
    sel.pairs: no visible global function definition for ‘mtext’
Flavors: r-devel-linux-x86_64-debian-clang, r-devel-linux-x86_64-debian-gcc, r-devel-linux-x86_64-fedora-clang, r-devel-linux-x86_64-fedora-gcc, r-devel-windows-ix86+x86_64

Version: 0.9.1
Check: R code for possible problems
Result: NOTE
    ml.est : norm.mv: no visible global function definition for ‘dmvnorm’
Flavors: r-devel-osx-x86_64-clang, r-patched-linux-x86_64, r-patched-solaris-sparc, r-patched-solaris-x86, r-release-linux-x86_64, r-release-osx-x86_64-mavericks, r-release-windows-ix86+x86_64, r-oldrel-windows-ix86+x86_64