CRAN Package Check Results for Package SeleMix

Last updated on 2015-07-28 23:47:50.

Flavor Version Tinstall Tcheck Ttotal Status Flags
r-devel-linux-x86_64-debian-clang 0.9.1 3.28 138.65 141.93 NOTE
r-devel-linux-x86_64-debian-gcc 0.9.1 3.11 153.34 156.44 NOTE
r-devel-linux-x86_64-fedora-clang 0.9.1 263.72 NOTE
r-devel-linux-x86_64-fedora-gcc 0.9.1 260.12 NOTE
r-devel-osx-x86_64-clang 0.9.1 204.92 NOTE
r-devel-windows-ix86+x86_64 0.9.1 10.00 184.00 194.00 NOTE
r-patched-linux-x86_64 0.9.1 3.36 141.17 144.52 NOTE
r-patched-solaris-sparc 0.9.1 1164.60 NOTE
r-patched-solaris-x86 0.9.1 368.80 NOTE
r-release-linux-x86_64 0.9.1 3.44 137.52 140.96 NOTE
r-release-osx-x86_64-mavericks 0.9.1 NOTE
r-release-windows-ix86+x86_64 0.9.1 14.00 196.00 210.00 NOTE
r-oldrel-windows-ix86+x86_64 0.9.1 15.00 225.00 240.00 NOTE

Check Details

Version: 0.9.1
Check: dependencies in R code
Result: NOTE
    Packages in Depends field not imported from:
     ‘Ecdat’ ‘mvtnorm’ ‘xtable’
     These packages need to be imported from (in the NAMESPACE file)
     for when this namespace is loaded but not attached.
Flavors: r-devel-linux-x86_64-debian-clang, r-devel-linux-x86_64-debian-gcc, r-devel-linux-x86_64-fedora-clang, r-devel-linux-x86_64-fedora-gcc, r-devel-osx-x86_64-clang, r-devel-windows-ix86+x86_64, r-patched-linux-x86_64, r-patched-solaris-sparc, r-patched-solaris-x86, r-release-linux-x86_64, r-release-osx-x86_64-mavericks, r-release-windows-ix86+x86_64, r-oldrel-windows-ix86+x86_64

Version: 0.9.1
Check: R code for possible problems
Result: NOTE
    ml.est: no visible global function definition for ‘par’
    ml.est: no visible global function definition for ‘plot’
    ml.est: no visible global function definition for ‘points’
    ml.est : norm.mv: no visible global function definition for ‘dmvnorm’
    sel.pairs: no visible global function definition for ‘par’
    sel.pairs: no visible global function definition for ‘boxplot’
    sel.pairs: no visible global function definition for ‘points’
    sel.pairs: no visible global function definition for ‘title’
    sel.pairs: no visible global function definition for ‘plot’
    sel.pairs: no visible global function definition for ‘mtext’
    Undefined global functions or variables:
     boxplot dmvnorm mtext par plot points title
    Consider adding
     importFrom("graphics", "boxplot", "mtext", "par", "plot", "points",
     "title")
    to your NAMESPACE.
Flavors: r-devel-linux-x86_64-debian-clang, r-devel-linux-x86_64-debian-gcc, r-devel-linux-x86_64-fedora-clang, r-devel-linux-x86_64-fedora-gcc, r-devel-windows-ix86+x86_64

Version: 0.9.1
Check: R code for possible problems
Result: NOTE
    ml.est : norm.mv: no visible global function definition for ‘dmvnorm’
    Undefined global functions or variables:
     dmvnorm
Flavor: r-devel-osx-x86_64-clang

Version: 0.9.1
Check: R code for possible problems
Result: NOTE
    ml.est : norm.mv: no visible global function definition for ‘dmvnorm’
Flavors: r-patched-linux-x86_64, r-patched-solaris-sparc, r-patched-solaris-x86, r-release-linux-x86_64, r-release-osx-x86_64-mavericks, r-release-windows-ix86+x86_64, r-oldrel-windows-ix86+x86_64