CRAN Package Check Results for Package SeleMix

Last updated on 2015-01-26 19:48:33.

Flavor Version Tinstall Tcheck Ttotal Status Flags
r-devel-linux-x86_64-debian-clang 0.9.1 4.02 143.68 147.70 NOTE
r-devel-linux-x86_64-debian-gcc 0.9.1 3.80 142.90 146.70 NOTE
r-devel-linux-x86_64-fedora-clang 0.9.1 308.40 NOTE
r-devel-linux-x86_64-fedora-gcc 0.9.1 303.73 NOTE
r-devel-osx-x86_64-clang 0.9.1 229.02 NOTE
r-devel-windows-ix86+x86_64 0.9.1 13.00 196.00 209.00 NOTE
r-patched-linux-x86_64 0.9.1 4.72 169.70 174.42 NOTE
r-patched-solaris-sparc 0.9.1 1309.00 NOTE
r-patched-solaris-x86 0.9.1 416.80 NOTE
r-release-linux-ix86 0.9.1 5.27 135.15 140.42 NOTE
r-release-linux-x86_64 0.9.1 4.55 171.10 175.66 NOTE
r-release-osx-x86_64-mavericks 0.9.1 NOTE
r-release-osx-x86_64-snowleopard 0.9.1 NOTE
r-release-windows-ix86+x86_64 0.9.1 15.00 225.00 240.00 NOTE
r-oldrel-windows-ix86+x86_64 0.9.1 20.00 166.00 186.00 NOTE

Check Details

Version: 0.9.1
Check: dependencies in R code
Result: NOTE
    Packages in Depends field not imported from:
     ‘Ecdat’ ‘mvtnorm’ ‘xtable’
     These packages need to be imported from (in the NAMESPACE file)
     for when this namespace is loaded but not attached.
Flavors: r-devel-linux-x86_64-debian-clang, r-devel-linux-x86_64-debian-gcc, r-devel-linux-x86_64-fedora-clang, r-devel-linux-x86_64-fedora-gcc, r-devel-osx-x86_64-clang, r-devel-windows-ix86+x86_64

Version: 0.9.1
Check: R code for possible problems
Result: NOTE
    ml.est : norm.mv: no visible global function definition for ‘dmvnorm’
Flavors: r-devel-linux-x86_64-debian-clang, r-devel-linux-x86_64-debian-gcc, r-devel-linux-x86_64-fedora-clang, r-devel-linux-x86_64-fedora-gcc, r-devel-osx-x86_64-clang, r-devel-windows-ix86+x86_64, r-patched-linux-x86_64, r-patched-solaris-sparc, r-patched-solaris-x86, r-release-linux-ix86, r-release-linux-x86_64, r-release-osx-x86_64-mavericks, r-release-windows-ix86+x86_64

Version: 0.9.1
Check: dependencies in R code
Result: NOTE
    Packages in Depends field not imported from:
     ‘Ecdat’ ‘mvtnorm’ ‘xtable’
     These packages need to be imported from (in the NAMESPACE file)
     for when this namespace is loaded but not attached.
    See the information on DESCRIPTION files in the chapter ‘Creating R
    packages’ of the ‘Writing R Extensions’ manual.
Flavors: r-patched-linux-x86_64, r-patched-solaris-sparc, r-patched-solaris-x86, r-release-linux-ix86, r-release-linux-x86_64, r-release-osx-x86_64-mavericks, r-release-windows-ix86+x86_64, r-oldrel-windows-ix86+x86_64

Version: 0.9.1
Check: re-building of vignette outputs
Result: NOTE
    Error in re-building vignettes:
     ...
    
    Attaching package: 'Ecdat'
    
    The following object is masked from 'package:datasets':
    
     Orange
    
    Loading required package: mvtnorm
    Loading required package: xtable
    Error in texi2dvi(file = file, pdf = TRUE, clean = clean, quiet = quiet, :
     Running 'texi2dvi' on 'SeleMix-vignette.tex' failed.
    BibTeX errors:
    The top-level auxiliary file: SeleMix-vignette.aux
    I couldn't open style file chicago.bst
    ---line 29 of file SeleMix-vignette.aux
     : \bibstyle{chicago
     : }
    I'm skipping whatever remains of this command
    I found no style file---while reading file SeleMix-vignette.aux
    Calls: buildVignettes -> texi2pdf -> texi2dvi
    Execution halted
Flavor: r-release-osx-x86_64-snowleopard