CRAN Package Check Results for Package SeleMix

Last updated on 2014-10-30 16:48:30.

Flavor Version Tinstall Tcheck Ttotal Status Flags
r-devel-linux-x86_64-debian-clang 0.9.1 4.30 152.69 157.00 NOTE
r-devel-linux-x86_64-debian-gcc 0.9.1 4.23 147.64 151.87 NOTE
r-devel-linux-x86_64-fedora-clang 0.9.1 316.62 NOTE
r-devel-linux-x86_64-fedora-gcc 0.9.1 313.86 NOTE
r-devel-osx-x86_64-clang 0.9.1 67.96 NOTE
r-devel-windows-ix86+x86_64 0.9.1 13.00 189.00 202.00 NOTE
r-patched-linux-x86_64 0.9.1 4.53 151.84 156.37 NOTE
r-patched-solaris-sparc 0.9.1 340.80 NOTE
r-patched-solaris-x86 0.9.1 104.80 NOTE
r-release-linux-ix86 0.9.1 1.23 34.33 35.56 NOTE
r-release-linux-x86_64 0.9.1 0.79 35.88 36.67 NOTE
r-release-osx-x86_64-mavericks 0.9.1 NOTE
r-release-osx-x86_64-snowleopard 0.9.1 NOTE
r-release-windows-ix86+x86_64 0.9.1 13.00 219.00 232.00 NOTE
r-oldrel-windows-ix86+x86_64 0.9.1 12.00 163.00 175.00 NOTE

Check Details

Version: 0.9.1
Check: dependencies in R code
Result: NOTE
    Packages in Depends field not imported from:
     ‘Ecdat’ ‘mvtnorm’ ‘xtable’
     These packages need to be imported from (in the NAMESPACE file)
     for when this namespace is loaded but not attached.
    See the information on DESCRIPTION files in the chapter ‘Creating R
    packages’ of the ‘Writing R Extensions’ manual.
Flavors: r-devel-linux-x86_64-debian-clang, r-devel-linux-x86_64-debian-gcc, r-devel-linux-x86_64-fedora-clang, r-devel-linux-x86_64-fedora-gcc, r-devel-osx-x86_64-clang, r-devel-windows-ix86+x86_64, r-patched-linux-x86_64, r-patched-solaris-sparc, r-patched-solaris-x86, r-release-linux-ix86, r-release-linux-x86_64, r-release-osx-x86_64-mavericks, r-release-windows-ix86+x86_64, r-oldrel-windows-ix86+x86_64

Version: 0.9.1
Check: R code for possible problems
Result: NOTE
    ml.est : norm.mv: no visible global function definition for ‘dmvnorm’
Flavors: r-devel-linux-x86_64-debian-clang, r-devel-linux-x86_64-debian-gcc, r-devel-linux-x86_64-fedora-clang, r-devel-linux-x86_64-fedora-gcc, r-devel-osx-x86_64-clang, r-devel-windows-ix86+x86_64, r-patched-linux-x86_64, r-patched-solaris-sparc, r-patched-solaris-x86

Version: 0.9.1
Check: re-building of vignette outputs
Result: NOTE
    Error in re-building vignettes:
     ...
    Loading required package: Ecfun
    
    Attaching package: ‘Ecdat’
    
    The following object is masked from ‘package:datasets’:
    
     Orange
    
    Loading required package: mvtnorm
    Loading required package: xtable
    Error in texi2dvi(file = file, pdf = TRUE, clean = clean, quiet = quiet, :
     Running 'texi2dvi' on 'SeleMix-vignette.tex' failed.
    BibTeX errors:
    The top-level auxiliary file: SeleMix-vignette.aux
    I couldn't open style file chicago.bst
    ---line 29 of file SeleMix-vignette.aux
     : \bibstyle{chicago
     : }
    I'm skipping whatever remains of this command
    I found no style file---while reading file SeleMix-vignette.aux
    Calls: buildVignettes -> texi2pdf -> texi2dvi
    Execution halted
Flavor: r-release-osx-x86_64-mavericks

Version: 0.9.1
Check: re-building of vignette outputs
Result: NOTE
    Error in re-building vignettes:
     ...
    
    Attaching package: 'Ecdat'
    
    The following object is masked from 'package:datasets':
    
     Orange
    
    Loading required package: mvtnorm
    Loading required package: xtable
    Error in texi2dvi(file = file, pdf = TRUE, clean = clean, quiet = quiet, :
     Running 'texi2dvi' on 'SeleMix-vignette.tex' failed.
    BibTeX errors:
    The top-level auxiliary file: SeleMix-vignette.aux
    I couldn't open style file chicago.bst
    ---line 29 of file SeleMix-vignette.aux
     : \bibstyle{chicago
     : }
    I'm skipping whatever remains of this command
    I found no style file---while reading file SeleMix-vignette.aux
    Calls: buildVignettes -> texi2pdf -> texi2dvi
    Execution halted
Flavor: r-release-osx-x86_64-snowleopard