CRAN Package Check Results for Package SeleMix

Last updated on 2014-07-30 09:47:57.

Flavor Version Tinstall Tcheck Ttotal Status Flags
r-devel-linux-x86_64-debian-clang 0.9.1 0.82 34.55 35.38 NOTE
r-devel-linux-x86_64-debian-gcc 0.9.1 0.77 33.42 34.20 NOTE
r-devel-linux-x86_64-fedora-clang 0.9.1 72.24 NOTE
r-devel-linux-x86_64-fedora-gcc 0.9.1 71.54 NOTE
r-devel-osx-x86_64-clang 0.9.1 61.57 NOTE
r-devel-windows-ix86+x86_64 0.9.1 3.00 51.00 54.00 NOTE
r-patched-linux-x86_64 0.9.1 0.79 34.53 35.32 NOTE
r-patched-solaris-sparc 0.9.1 335.00 NOTE
r-patched-solaris-x86 0.9.1 97.50 NOTE
r-release-linux-ix86 0.9.1 1.20 33.15 34.35 NOTE
r-release-linux-x86_64 0.9.1 0.80 34.81 35.61 NOTE
r-release-osx-x86_64-mavericks 0.9.1 NOTE
r-release-osx-x86_64-snowleopard 0.9.1 NOTE
r-release-windows-ix86+x86_64 0.9.1 4.00 57.00 61.00 NOTE
r-oldrel-windows-ix86+x86_64 0.9.1 5.00 42.00 47.00 NOTE

Check Details

Version: 0.9.1
Check: dependencies in R code
Result: NOTE
    Packages in Depends field not imported from:
     Ecdat mvtnorm xtable
     These packages need to be imported from (in the NAMESPACE file)
     for when this namespace is loaded but not attached.
    See the information on DESCRIPTION files in the chapter Creating R
    packages of the Writing R Extensions manual.
Flavors: r-devel-linux-x86_64-debian-clang, r-devel-linux-x86_64-debian-gcc, r-devel-linux-x86_64-fedora-clang, r-devel-linux-x86_64-fedora-gcc, r-devel-osx-x86_64-clang, r-devel-windows-ix86+x86_64, r-patched-linux-x86_64, r-patched-solaris-sparc, r-patched-solaris-x86, r-release-linux-ix86, r-release-linux-x86_64, r-release-osx-x86_64-mavericks, r-release-windows-ix86+x86_64, r-oldrel-windows-ix86+x86_64

Version: 0.9.1
Check: re-building of vignette outputs
Result: NOTE
    Error in re-building vignettes:
     ...
    Loading required package: Ecfun
    
    Attaching package: Ecdat
    
    The following object is masked from package:datasets :
    
     Orange
    
    Loading required package: mvtnorm
    Loading required package: xtable
    Error in texi2dvi(file = file, pdf = TRUE, clean = clean, quiet = quiet, :
     Running 'texi2dvi' on 'SeleMix-vignette.tex' failed.
    BibTeX errors:
    The top-level auxiliary file: SeleMix-vignette.aux
    I couldn't open style file chicago.bst
    ---line 29 of file SeleMix-vignette.aux
     : \bibstyle{chicago
     : }
    I'm skipping whatever remains of this command
    I found no style file---while reading file SeleMix-vignette.aux
    Calls: buildVignettes -> texi2pdf -> texi2dvi
    Execution halted
Flavor: r-release-osx-x86_64-mavericks

Version: 0.9.1
Check: re-building of vignette outputs
Result: NOTE
    Error in re-building vignettes:
     ...
    
    Attaching package: 'Ecdat'
    
    The following object is masked from 'package:datasets':
    
     Orange
    
    Loading required package: mvtnorm
    Loading required package: xtable
    Error in texi2dvi(file = file, pdf = TRUE, clean = clean, quiet = quiet, :
     Running 'texi2dvi' on 'SeleMix-vignette.tex' failed.
    BibTeX errors:
    The top-level auxiliary file: SeleMix-vignette.aux
    I couldn't open style file chicago.bst
    ---line 29 of file SeleMix-vignette.aux
     : \bibstyle{chicago
     : }
    I'm skipping whatever remains of this command
    I found no style file---while reading file SeleMix-vignette.aux
    Calls: buildVignettes -> texi2pdf -> texi2dvi
    Execution halted
Flavor: r-release-osx-x86_64-snowleopard