CRAN Package Check Results for Package SeleMix

Last updated on 2018-02-22 01:50:06 CET.

Flavor Version Tinstall Tcheck Ttotal Status Flags
r-devel-linux-x86_64-debian-clang 1.0.1 1.36 42.50 43.86 OK
r-devel-linux-x86_64-debian-gcc 1.0.1 1.04 35.64 36.68 OK
r-devel-linux-x86_64-fedora-clang 1.0.1 54.48 OK
r-devel-linux-x86_64-fedora-gcc 1.0.1 53.90 OK
r-devel-windows-ix86+x86_64 1.0.1 5.00 64.00 69.00 OK
r-patched-linux-x86_64 1.0.1 1.00 44.19 45.19 OK
r-patched-solaris-x86 1.0.1 70.80 OK
r-release-linux-x86_64 1.0.1 0.90 42.26 43.16 OK
r-release-windows-ix86+x86_64 1.0.1 2.00 72.00 74.00 OK
r-release-osx-x86_64 1.0.1 NOTE
r-oldrel-windows-ix86+x86_64 1.0.1 2.00 69.00 71.00 OK
r-oldrel-osx-x86_64 1.0.1 OK

Check Details

Version: 1.0.1
Check: re-building of vignette outputs
Result: NOTE
    Error in re-building vignettes:
     ...
    Attaching package: ‘Ecfun’
    
    The following object is masked from ‘package:base’:
    
     sign
    
    
    Attaching package: ‘Ecdat’
    
    The following object is masked from ‘package:datasets’:
    
     Orange
    
    Error in texi2dvi(file = file, pdf = TRUE, clean = clean, quiet = quiet, :
     Running 'texi2dvi' on 'SeleMix-vignette.tex' failed.
    BibTeX errors:
    The top-level auxiliary file: SeleMix-vignette.aux
    I couldn't open style file chicago.bst
    ---line 30 of file SeleMix-vignette.aux
     : \bibstyle{chicago
     : }
    I'm skipping whatever remains of this command
    I found no style file---while reading file SeleMix-vignette.aux
    Calls: buildVignettes -> texi2pdf -> texi2dvi
    Execution halted
Flavor: r-release-osx-x86_64