CRAN Package Check Results for Package SeleMix

Last updated on 2015-05-30 13:47:35.

Flavor Version Tinstall Tcheck Ttotal Status Flags
r-devel-linux-x86_64-debian-clang 0.9.1 3.45 137.35 140.80 NOTE
r-devel-linux-x86_64-debian-gcc 0.9.1 3.64 138.06 141.70 NOTE
r-devel-linux-x86_64-fedora-clang 0.9.1 266.17 NOTE
r-devel-linux-x86_64-fedora-gcc 0.9.1 253.99 NOTE
r-devel-osx-x86_64-clang 0.9.1 207.17 NOTE
r-devel-windows-ix86+x86_64 0.9.1 10.00 182.00 192.00 NOTE
r-patched-linux-x86_64 0.9.1 3.18 155.00 158.17 NOTE
r-patched-solaris-sparc 0.9.1 1132.70 NOTE
r-patched-solaris-x86 0.9.1 371.90 NOTE
r-release-linux-x86_64 0.9.1 3.22 141.17 144.39 NOTE
r-release-osx-x86_64-mavericks 0.9.1 NOTE
r-release-osx-x86_64-snowleopard 0.9.1 ERROR
r-release-windows-ix86+x86_64 0.9.1 10.00 218.00 228.00 NOTE
r-oldrel-windows-ix86+x86_64 0.9.1 12.00 164.00 176.00 NOTE

Check Details

Version: 0.9.1
Check: dependencies in R code
Result: NOTE
    Packages in Depends field not imported from:
     ‘Ecdat’ ‘mvtnorm’ ‘xtable’
     These packages need to be imported from (in the NAMESPACE file)
     for when this namespace is loaded but not attached.
Flavors: r-devel-linux-x86_64-debian-clang, r-devel-linux-x86_64-debian-gcc, r-devel-linux-x86_64-fedora-clang, r-devel-linux-x86_64-fedora-gcc, r-devel-osx-x86_64-clang, r-devel-windows-ix86+x86_64, r-patched-linux-x86_64, r-patched-solaris-sparc, r-patched-solaris-x86, r-release-linux-x86_64, r-release-osx-x86_64-mavericks, r-release-windows-ix86+x86_64, r-oldrel-windows-ix86+x86_64

Version: 0.9.1
Check: R code for possible problems
Result: NOTE
    ml.est : norm.mv: no visible global function definition for ‘dmvnorm’
Flavors: r-devel-linux-x86_64-debian-clang, r-devel-linux-x86_64-debian-gcc, r-devel-linux-x86_64-fedora-clang, r-devel-linux-x86_64-fedora-gcc, r-devel-osx-x86_64-clang, r-devel-windows-ix86+x86_64, r-patched-linux-x86_64, r-patched-solaris-sparc, r-patched-solaris-x86, r-release-linux-x86_64, r-release-osx-x86_64-mavericks, r-release-windows-ix86+x86_64, r-oldrel-windows-ix86+x86_64

Version: 0.9.1
Check: package dependencies
Result: ERROR
    Package required but not available: ‘Ecdat’
    
    See section ‘The DESCRIPTION file’ in the ‘Writing R Extensions’
    manual.
Flavor: r-release-osx-x86_64-snowleopard