CRAN Package Check Results for Package SeleMix

Last updated on 2016-06-25 18:46:56.

Flavor Version Tinstall Tcheck Ttotal Status Flags
r-devel-linux-x86_64-debian-gcc 0.9.1 2.98 101.37 104.35 NOTE
r-devel-linux-x86_64-fedora-clang 0.9.1 170.16 NOTE
r-devel-linux-x86_64-fedora-gcc 0.9.1 164.76 NOTE
r-devel-osx-x86_64-clang 0.9.1 117.75 NOTE
r-devel-windows-ix86+x86_64 0.9.1 12.00 152.00 164.00 NOTE
r-patched-linux-x86_64 0.9.1 2.87 112.50 115.36 NOTE
r-patched-solaris-sparc 0.9.1 767.80 NOTE
r-patched-solaris-x86 0.9.1 207.70 NOTE
r-release-linux-x86_64 0.9.1 3.00 97.50 100.50 NOTE
r-release-osx-x86_64-mavericks 0.9.1 NOTE
r-release-windows-ix86+x86_64 0.9.1 11.00 155.00 166.00 NOTE
r-oldrel-windows-ix86+x86_64 0.9.1 13.00 198.00 211.00 NOTE

Check Details

Version: 0.9.1
Check: dependencies in R code
Result: NOTE
    Packages in Depends field not imported from:
     ‘Ecdat’ ‘mvtnorm’ ‘xtable’
     These packages need to be imported from (in the NAMESPACE file)
     for when this namespace is loaded but not attached.
Flavors: r-devel-linux-x86_64-debian-gcc, r-devel-linux-x86_64-fedora-clang, r-devel-linux-x86_64-fedora-gcc, r-devel-osx-x86_64-clang, r-devel-windows-ix86+x86_64, r-patched-linux-x86_64, r-patched-solaris-sparc, r-patched-solaris-x86, r-release-linux-x86_64, r-release-osx-x86_64-mavericks, r-release-windows-ix86+x86_64, r-oldrel-windows-ix86+x86_64

Version: 0.9.1
Check: R code for possible problems
Result: NOTE
    ml.est: no visible global function definition for ‘par’
    ml.est: no visible global function definition for ‘plot’
    ml.est: no visible global function definition for ‘points’
    ml.est : norm.mv: no visible global function definition for ‘dmvnorm’
    sel.pairs: no visible global function definition for ‘par’
    sel.pairs: no visible global function definition for ‘boxplot’
    sel.pairs: no visible global function definition for ‘points’
    sel.pairs: no visible global function definition for ‘title’
    sel.pairs: no visible global function definition for ‘plot’
    sel.pairs: no visible global function definition for ‘mtext’
    Undefined global functions or variables:
     boxplot dmvnorm mtext par plot points title
    Consider adding
     importFrom("graphics", "boxplot", "mtext", "par", "plot", "points",
     "title")
    to your NAMESPACE file.
Flavors: r-devel-linux-x86_64-debian-gcc, r-devel-linux-x86_64-fedora-clang, r-devel-linux-x86_64-fedora-gcc, r-devel-osx-x86_64-clang, r-devel-windows-ix86+x86_64, r-patched-linux-x86_64, r-patched-solaris-sparc, r-patched-solaris-x86, r-release-linux-x86_64, r-release-osx-x86_64-mavericks, r-release-windows-ix86+x86_64

Version: 0.9.1
Check: R code for possible problems
Result: NOTE
    ml.est : norm.mv: no visible global function definition for 'dmvnorm'
Flavor: r-oldrel-windows-ix86+x86_64