CRAN Package Check Results for Package SeleMix

Last updated on 2016-04-30 19:52:25.

Flavor Version Tinstall Tcheck Ttotal Status Flags
r-devel-linux-x86_64-debian-gcc 0.9.1 2.84 119.56 122.40 NOTE
r-devel-linux-x86_64-fedora-clang 0.9.1 173.00 NOTE
r-devel-linux-x86_64-fedora-gcc 0.9.1 166.77 NOTE
r-devel-osx-x86_64-clang 0.9.1 163.20 NOTE
r-devel-windows-ix86+x86_64 0.9.1 7.00 154.00 161.00 NOTE
r-patched-linux-x86_64 0.9.1 2.78 102.09 104.87 NOTE
r-patched-solaris-sparc 0.9.1 757.10 NOTE
r-patched-solaris-x86 0.9.1 234.90 NOTE
r-release-linux-x86_64 0.9.1 2.81 141.48 144.29 NOTE
r-release-osx-x86_64-mavericks 0.9.1 NOTE
r-release-windows-ix86+x86_64 0.9.1 12.00 218.00 230.00 NOTE
r-oldrel-windows-ix86+x86_64 0.9.1 17.00 243.00 260.00 NOTE

Check Details

Version: 0.9.1
Check: dependencies in R code
Result: NOTE
    Packages in Depends field not imported from:
     ‘Ecdat’ ‘mvtnorm’ ‘xtable’
     These packages need to be imported from (in the NAMESPACE file)
     for when this namespace is loaded but not attached.
Flavors: r-devel-linux-x86_64-debian-gcc, r-devel-linux-x86_64-fedora-clang, r-devel-linux-x86_64-fedora-gcc, r-devel-osx-x86_64-clang, r-devel-windows-ix86+x86_64, r-patched-linux-x86_64, r-patched-solaris-sparc, r-patched-solaris-x86, r-release-linux-x86_64, r-release-osx-x86_64-mavericks, r-release-windows-ix86+x86_64, r-oldrel-windows-ix86+x86_64

Version: 0.9.1
Check: R code for possible problems
Result: NOTE
    ml.est: no visible global function definition for ‘par’
    ml.est: no visible global function definition for ‘plot’
    ml.est: no visible global function definition for ‘points’
    ml.est : norm.mv: no visible global function definition for ‘dmvnorm’
    sel.pairs: no visible global function definition for ‘par’
    sel.pairs: no visible global function definition for ‘boxplot’
    sel.pairs: no visible global function definition for ‘points’
    sel.pairs: no visible global function definition for ‘title’
    sel.pairs: no visible global function definition for ‘plot’
    sel.pairs: no visible global function definition for ‘mtext’
    Undefined global functions or variables:
     boxplot dmvnorm mtext par plot points title
    Consider adding
     importFrom("graphics", "boxplot", "mtext", "par", "plot", "points",
     "title")
    to your NAMESPACE file.
Flavors: r-devel-linux-x86_64-debian-gcc, r-devel-linux-x86_64-fedora-clang, r-devel-linux-x86_64-fedora-gcc, r-devel-osx-x86_64-clang, r-devel-windows-ix86+x86_64, r-patched-linux-x86_64, r-patched-solaris-sparc, r-patched-solaris-x86

Version: 0.9.1
Check: R code for possible problems
Result: NOTE
    ml.est : norm.mv: no visible global function definition for ‘dmvnorm’
Flavors: r-release-linux-x86_64, r-release-osx-x86_64-mavericks, r-release-windows-ix86+x86_64, r-oldrel-windows-ix86+x86_64