CRAN Package Check Results for Package SeleMix

Last updated on 2017-04-24 18:47:43.

Flavor Version Tinstall Tcheck Ttotal Status Flags
r-devel-linux-x86_64-debian-clang 1.0.1 0.74 29.58 30.32 OK
r-devel-linux-x86_64-debian-gcc 1.0.1 0.64 28.29 28.93 OK
r-devel-linux-x86_64-fedora-clang 1.0.1 56.24 OK --no-stop-on-test-error
r-devel-linux-x86_64-fedora-gcc 1.0.1 54.59 OK --no-stop-on-test-error
r-devel-windows-ix86+x86_64 1.0.1 OK
r-patched-linux-x86_64 1.0.1 0.74 28.73 29.47 OK
r-patched-solaris-sparc 1.0.1 287.20 OK
r-patched-solaris-x86 1.0.1 70.80 OK
r-release-linux-x86_64 1.0.1 0.65 29.88 30.53 OK
r-release-windows-ix86+x86_64 1.0.1 3.00 56.00 59.00 OK
r-release-osx-x86_64 1.0.1 NOTE
r-oldrel-windows-ix86+x86_64 1.0.1 2.00 47.00 49.00 OK
r-oldrel-osx-x86_64 1.0.1 OK

Check Details

Version: 1.0.1
Check: re-building of vignette outputs
Result: NOTE
    Error in re-building vignettes:
     ...
    Attaching package: ‘Ecfun’
    
    The following object is masked from ‘package:base’:
    
     sign
    
    
    Attaching package: ‘Ecdat’
    
    The following object is masked from ‘package:datasets’:
    
     Orange
    
    Error in texi2dvi(file = file, pdf = TRUE, clean = clean, quiet = quiet, :
     Running 'texi2dvi' on 'SeleMix-vignette.tex' failed.
    BibTeX errors:
    The top-level auxiliary file: SeleMix-vignette.aux
    I couldn't open style file chicago.bst
    ---line 30 of file SeleMix-vignette.aux
     : \bibstyle{chicago
     : }
    I'm skipping whatever remains of this command
    I found no style file---while reading file SeleMix-vignette.aux
    Calls: buildVignettes -> texi2pdf -> texi2dvi
    Execution halted
Flavor: r-release-osx-x86_64