CRAN Package Check Results for Package SeleMix

Last updated on 2017-09-23 05:48:40.

Flavor Version Tinstall Tcheck Ttotal Status Flags
r-devel-linux-x86_64-debian-clang 1.0.1 0.68 29.98 30.66 OK
r-devel-linux-x86_64-debian-gcc 1.0.1 0.72 29.00 29.73 OK
r-devel-linux-x86_64-fedora-clang 1.0.1 55.58 OK
r-devel-linux-x86_64-fedora-gcc 1.0.1 56.08 OK
r-devel-windows-ix86+x86_64 1.0.1 2.00 55.00 57.00 OK
r-patched-linux-x86_64 1.0.1 0.66 29.56 30.22 OK
r-patched-solaris-x86 1.0.1 73.00 OK
r-release-linux-x86_64 1.0.1 0.69 28.55 29.24 OK
r-release-windows-ix86+x86_64 1.0.1 3.00 53.00 56.00 OK
r-release-osx-x86_64 1.0.1 NOTE
r-oldrel-windows-ix86+x86_64 1.0.1 3.00 52.00 55.00 OK
r-oldrel-osx-x86_64 1.0.1 OK

Check Details

Version: 1.0.1
Check: re-building of vignette outputs
Result: NOTE
    Error in re-building vignettes:
     ...
    Attaching package: ‘Ecfun’
    
    The following object is masked from ‘package:base’:
    
     sign
    
    
    Attaching package: ‘Ecdat’
    
    The following object is masked from ‘package:datasets’:
    
     Orange
    
    Error in texi2dvi(file = file, pdf = TRUE, clean = clean, quiet = quiet, :
     Running 'texi2dvi' on 'SeleMix-vignette.tex' failed.
    BibTeX errors:
    The top-level auxiliary file: SeleMix-vignette.aux
    I couldn't open style file chicago.bst
    ---line 30 of file SeleMix-vignette.aux
     : \bibstyle{chicago
     : }
    I'm skipping whatever remains of this command
    I found no style file---while reading file SeleMix-vignette.aux
    Calls: buildVignettes -> texi2pdf -> texi2dvi
    Execution halted
Flavor: r-release-osx-x86_64