CRAN Package Check Results for Package SeleMix

Last updated on 2015-04-21 02:48:45.

Flavor Version Tinstall Tcheck Ttotal Status Flags
r-devel-linux-x86_64-debian-clang 0.9.1 3.39 142.49 145.88 NOTE
r-devel-linux-x86_64-debian-gcc 0.9.1 3.20 138.22 141.42 NOTE
r-devel-linux-x86_64-fedora-clang 0.9.1 257.22 NOTE
r-devel-linux-x86_64-fedora-gcc 0.9.1 254.65 NOTE
r-devel-osx-x86_64-clang 0.9.1 207.74 NOTE
r-devel-windows-ix86+x86_64 0.9.1 12.00 236.00 248.00 NOTE
r-patched-linux-x86_64 0.9.1 3.64 136.37 140.01 NOTE
r-patched-solaris-sparc 0.9.1 1133.20 NOTE
r-patched-solaris-x86 0.9.1 384.80 NOTE
r-release-linux-x86_64 0.9.1 4.61 140.71 145.32 NOTE
r-release-osx-x86_64-mavericks 0.9.1 ERROR
r-release-osx-x86_64-snowleopard 0.9.1 ERROR
r-release-windows-ix86+x86_64 0.9.1 7.00 191.00 198.00 NOTE
r-oldrel-windows-ix86+x86_64 0.9.1 16.00 164.00 180.00 NOTE

Check Details

Version: 0.9.1
Check: dependencies in R code
Result: NOTE
    Packages in Depends field not imported from:
     ‘Ecdat’ ‘mvtnorm’ ‘xtable’
     These packages need to be imported from (in the NAMESPACE file)
     for when this namespace is loaded but not attached.
Flavors: r-devel-linux-x86_64-debian-clang, r-devel-linux-x86_64-debian-gcc, r-devel-linux-x86_64-fedora-clang, r-devel-linux-x86_64-fedora-gcc, r-devel-osx-x86_64-clang, r-devel-windows-ix86+x86_64, r-patched-linux-x86_64, r-patched-solaris-sparc, r-patched-solaris-x86, r-release-linux-x86_64, r-release-windows-ix86+x86_64, r-oldrel-windows-ix86+x86_64

Version: 0.9.1
Check: R code for possible problems
Result: NOTE
    ml.est : norm.mv: no visible global function definition for ‘dmvnorm’
Flavors: r-devel-linux-x86_64-debian-clang, r-devel-linux-x86_64-debian-gcc, r-devel-linux-x86_64-fedora-clang, r-devel-linux-x86_64-fedora-gcc, r-devel-osx-x86_64-clang, r-devel-windows-ix86+x86_64, r-patched-linux-x86_64, r-patched-solaris-sparc, r-patched-solaris-x86, r-release-linux-x86_64, r-release-windows-ix86+x86_64, r-oldrel-windows-ix86+x86_64

Version: 0.9.1
Check: package dependencies
Result: ERROR
    Package required but not available: ‘Ecdat’
    
    See section ‘The DESCRIPTION file’ in the ‘Writing R Extensions’
    manual.
Flavors: r-release-osx-x86_64-mavericks, r-release-osx-x86_64-snowleopard