CRAN Package Check Results for Package SemNetDictionaries

Last updated on 2023-01-27 14:49:36 CET.

Flavor Version Tinstall Tcheck Ttotal Status Flags
r-devel-linux-x86_64-debian-clang 0.2.0 5.57 38.80 44.37 OK
r-devel-linux-x86_64-debian-gcc 0.2.0 5.13 30.45 35.58 OK
r-devel-linux-x86_64-fedora-clang 0.2.0 57.07 NOTE
r-devel-linux-x86_64-fedora-gcc 0.2.0 67.41 NOTE
r-devel-windows-x86_64 0.2.0 87.00 81.00 168.00 OK
r-patched-linux-x86_64 0.2.0 6.72 37.95 44.67 OK
r-release-linux-x86_64 0.2.0 6.03 37.86 43.89 OK
r-release-macos-arm64 0.2.0 25.00 NOTE
r-release-macos-x86_64 0.2.0 33.00 NOTE
r-release-windows-x86_64 0.2.0 87.00 76.00 163.00 OK
r-oldrel-macos-arm64 0.2.0 24.00 NOTE
r-oldrel-macos-x86_64 0.2.0 36.00 NOTE
r-oldrel-windows-ix86+x86_64 0.2.0 11.00 70.00 81.00 OK

Check Details

Version: 0.2.0
Check: dependencies in R code
Result: NOTE
    Namespace in Imports field not imported from: ‘knitr’
     All declared Imports should be used.
Flavors: r-devel-linux-x86_64-fedora-clang, r-devel-linux-x86_64-fedora-gcc, r-release-macos-arm64, r-release-macos-x86_64, r-oldrel-macos-arm64, r-oldrel-macos-x86_64

Version: 0.2.0
Check: Rd cross-references
Result: NOTE
    Undeclared package ‘SemNetCleaner’ in Rd xrefs
Flavor: r-devel-linux-x86_64-fedora-clang