CRAN Package Check Results for Package SemiCompRisks

Last updated on 2017-03-25 15:48:12.

Flavor Version Tinstall Tcheck Ttotal Status Flags
r-devel-linux-x86_64-debian-clang 2.6 24.12 63.12 87.24 NOTE
r-devel-linux-x86_64-debian-gcc 2.6 32.16 63.32 95.48 NOTE
r-devel-linux-x86_64-fedora-clang 2.6 173.89 NOTE --no-stop-on-test-error
r-devel-linux-x86_64-fedora-gcc 2.6 190.11 NOTE --no-stop-on-test-error
r-devel-macos-x86_64-clang 2.6 128.58 NOTE --no-stop-on-test-error
r-devel-windows-ix86+x86_64 2.6 128.00 127.00 255.00 OK
r-patched-linux-x86_64 2.6 29.26 62.84 92.10 NOTE
r-patched-solaris-sparc 2.6 1428.80 OK
r-patched-solaris-x86 2.6 290.40 OK
r-release-linux-x86_64 2.6 29.22 57.79 87.01 OK
r-release-osx-x86_64-mavericks 2.6 NOTE
r-release-windows-ix86+x86_64 2.6 159.00 126.00 285.00 OK
r-oldrel-windows-ix86+x86_64 2.4 128.00 128.00 256.00 OK

Check Details

Version: 2.6
Check: compiled code
Result: NOTE
    File ‘SemiCompRisks/libs/SemiCompRisks.so’:
     Found no calls to: ‘R_registerRoutines’, ‘R_useDynamicSymbols’
    
    It is good practice to register native routines and to disable symbol
    search.
    
    See ‘Writing portable packages’ in the ‘Writing R Extensions’ manual.
Flavors: r-devel-linux-x86_64-debian-clang, r-devel-linux-x86_64-debian-gcc, r-patched-linux-x86_64

Version: 2.6
Flags: --no-stop-on-test-error
Check: compiled code
Result: NOTE
    File ‘SemiCompRisks/libs/SemiCompRisks.so’:
     Found no calls to: ‘R_registerRoutines’, ‘R_useDynamicSymbols’
    
    It is good practice to register native routines and to disable symbol
    search.
    
    See ‘Writing portable packages’ in the ‘Writing R Extensions’ manual.
Flavors: r-devel-linux-x86_64-fedora-clang, r-devel-linux-x86_64-fedora-gcc, r-devel-macos-x86_64-clang

Version: 2.6
Check: installed package size
Result: NOTE
     installed size is 5.6Mb
     sub-directories of 1Mb or more:
     libs 4.9Mb
Flavor: r-release-osx-x86_64-mavericks