CRAN Package Check Results for Package SemiCompRisks

Last updated on 2017-01-20 01:47:54.

Flavor Version Tinstall Tcheck Ttotal Status Flags
r-devel-linux-x86_64-debian-clang 2.6 22.94 62.83 85.77 OK
r-devel-linux-x86_64-debian-gcc 2.6 32.04 60.58 92.62 OK
r-devel-linux-x86_64-fedora-clang 2.6 170.52 OK --no-stop-on-test-error
r-devel-linux-x86_64-fedora-gcc 2.6 186.90 OK --no-stop-on-test-error
r-devel-macos-x86_64-clang 2.6 127.81 OK --no-stop-on-test-error
r-devel-windows-ix86+x86_64 2.6 150.00 111.00 261.00 OK
r-patched-linux-x86_64 2.6 29.05 56.98 86.03 OK
r-patched-solaris-sparc 2.6 1012.50 OK
r-patched-solaris-x86 2.6 213.50 OK
r-release-linux-x86_64 2.6 28.86 57.39 86.25 OK
r-release-osx-x86_64-mavericks 2.6 NOTE
r-release-windows-ix86+x86_64 2.6 102.00 158.00 260.00 OK
r-oldrel-windows-ix86+x86_64 2.4 128.00 128.00 256.00 OK

Check Details

Version: 2.6
Check: installed package size
Result: NOTE
     installed size is 5.6Mb
     sub-directories of 1Mb or more:
     libs 4.9Mb
Flavor: r-release-osx-x86_64-mavericks