CRAN Package Check Results for Package SemiCompRisks

Last updated on 2014-12-21 08:47:44.

Flavor Version Tinstall Tcheck Ttotal Status Flags
r-devel-linux-x86_64-debian-clang 1.0 3.58 15.31 18.89 OK
r-devel-linux-x86_64-debian-gcc 1.0 5.99 14.26 20.24 OK
r-devel-linux-x86_64-fedora-clang 1.0 38.34 OK
r-devel-linux-x86_64-fedora-gcc 1.0 38.55 OK
r-devel-osx-x86_64-clang 1.0 36.99 OK
r-devel-windows-ix86+x86_64 1.0 46.00 38.00 84.00 OK
r-patched-linux-x86_64 1.0 5.96 15.22 21.18 OK
r-patched-solaris-sparc 1.0 229.50 OK
r-patched-solaris-x86 1.0 52.80 OK
r-release-linux-ix86 1.0 7.27 22.16 29.42 OK
r-release-linux-x86_64 1.0 6.00 15.50 21.50 OK
r-release-osx-x86_64-mavericks 1.0 ERROR
r-release-osx-x86_64-snowleopard 1.0 OK
r-release-windows-ix86+x86_64 1.0 29.00 28.00 57.00 OK
r-oldrel-windows-ix86+x86_64 1.0 24.00 33.00 57.00 OK

Check Details

Version: 1.0
Check: whether package can be installed
Result: ERROR
    Installation failed.
Flavor: r-release-osx-x86_64-mavericks