CRAN Package Check Results for Package SemiCompRisks

Last updated on 2017-08-22 23:47:45.

Flavor Version Tinstall Tcheck Ttotal Status Flags
r-devel-linux-x86_64-debian-clang 2.7 23.98 63.97 87.94 OK
r-devel-linux-x86_64-debian-gcc 2.7 32.87 61.71 94.58 OK
r-devel-linux-x86_64-fedora-clang 2.7 172.03 OK
r-devel-linux-x86_64-fedora-gcc 2.7 192.58 OK
r-devel-windows-ix86+x86_64 2.7 118.00 180.00 298.00 OK
r-patched-linux-x86_64 2.7 31.70 62.67 94.36 OK
r-patched-solaris-x86 2.7 299.00 OK
r-release-linux-x86_64 2.7 31.41 62.09 93.50 OK
r-release-windows-ix86+x86_64 2.7 124.00 172.00 296.00 OK
r-release-osx-x86_64 2.7 WARN
r-oldrel-windows-ix86+x86_64 2.7 125.00 111.00 236.00 OK
r-oldrel-osx-x86_64 2.7 NOTE

Check Details

Version: 2.7
Check: installed package size
Result: NOTE
     installed size is 5.7Mb
     sub-directories of 1Mb or more:
     libs 5.0Mb
Flavors: r-release-osx-x86_64, r-oldrel-osx-x86_64

Version: 2.7
Check: re-building of vignette outputs
Result: WARN
    Error in re-building vignettes:
     ...
    Error: processing vignette 'SemiCompRisks.ltx' failed with diagnostics:
    Running 'texi2dvi' on 'SemiCompRisks.ltx' failed.
    LaTeX errors:
    ! LaTeX Error: File `ntheorem.sty' not found.
    
    Type X to quit or <RETURN> to proceed,
    or enter new name. (Default extension: sty)
    
    ! Emergency stop.
    <read *>
    
    l.7 \newtheorem
     {theorem}{Theorem}^^M
    ! ==> Fatal error occurred, no output PDF file produced!
    Execution halted
Flavor: r-release-osx-x86_64