CRAN Package Check Results for Package SemiCompRisks

Last updated on 2016-02-13 15:47:31.

Flavor Version Tinstall Tcheck Ttotal Status Flags
r-devel-linux-x86_64-debian-gcc 2.3 23.61 28.52 52.14 OK
r-devel-linux-x86_64-fedora-clang 2.3 84.26 NOTE
r-devel-linux-x86_64-fedora-gcc 2.3 93.11 OK
r-devel-osx-x86_64-clang 2.3 85.45 OK
r-devel-windows-ix86+x86_64 2.3 133.00 74.00 207.00 OK
r-patched-linux-x86_64 2.3 23.72 30.51 54.23 OK
r-patched-solaris-sparc 2.3 586.50 OK
r-patched-solaris-x86 2.3 119.50 OK
r-release-linux-x86_64 2.3 23.78 29.57 53.35 OK
r-release-osx-x86_64-mavericks 2.3 OK
r-release-windows-ix86+x86_64 2.3 125.00 55.00 180.00 OK
r-oldrel-windows-ix86+x86_64 2.3 133.00 71.00 204.00 OK

Check Details

Version: 2.3
Check: installed package size
Result: NOTE
     installed size is 6.0Mb
     sub-directories of 1Mb or more:
     libs 5.6Mb
Flavor: r-devel-linux-x86_64-fedora-clang