CRAN Package Check Results for Package SemiCompRisks

Last updated on 2017-02-20 22:59:22.

Flavor Version Tinstall Tcheck Ttotal Status Flags
r-devel-linux-x86_64-debian-clang 2.6 22.76 63.09 85.85 NOTE
r-devel-linux-x86_64-debian-gcc 2.6 31.98 63.41 95.38 NOTE
r-devel-linux-x86_64-fedora-clang 2.6 172.18 NOTE --no-stop-on-test-error
r-devel-linux-x86_64-fedora-gcc 2.6 186.93 NOTE --no-stop-on-test-error
r-devel-macos-x86_64-clang 2.6 130.36 NOTE --no-stop-on-test-error
r-devel-windows-ix86+x86_64 2.6 168.00 165.00 333.00 OK
r-patched-linux-x86_64 2.6 28.79 58.29 87.08 OK
r-patched-solaris-sparc 2.6 1012.50 OK
r-patched-solaris-x86 2.6 202.30 OK
r-release-linux-x86_64 2.6 29.23 58.15 87.37 OK
r-release-osx-x86_64-mavericks 2.6 NOTE
r-release-windows-ix86+x86_64 2.6 141.00 161.00 302.00 OK
r-oldrel-windows-ix86+x86_64 2.4 128.00 128.00 256.00 OK

Check Details

Version: 2.6
Check: compiled code
Result: NOTE
    File ‘SemiCompRisks/libs/SemiCompRisks.so’:
     Found no calls to: ‘R_registerRoutines’, ‘R_useDynamicSymbols’
    
    It is good practice to register native routines and to disable symbol
    search.
    
    See ‘Writing portable packages’ in the ‘Writing R Extensions’ manual.
Flavors: r-devel-linux-x86_64-debian-clang, r-devel-linux-x86_64-debian-gcc

Version: 2.6
Flags: --no-stop-on-test-error
Check: compiled code
Result: NOTE
    File ‘SemiCompRisks/libs/SemiCompRisks.so’:
     Found no calls to: ‘R_registerRoutines’, ‘R_useDynamicSymbols’
    
    It is good practice to register native routines and to disable symbol
    search.
    
    See ‘Writing portable packages’ in the ‘Writing R Extensions’ manual.
Flavors: r-devel-linux-x86_64-fedora-clang, r-devel-linux-x86_64-fedora-gcc, r-devel-macos-x86_64-clang

Version: 2.6
Check: installed package size
Result: NOTE
     installed size is 5.6Mb
     sub-directories of 1Mb or more:
     libs 4.9Mb
Flavor: r-release-osx-x86_64-mavericks