CRAN Package Check Results for Package SemiCompRisks

Last updated on 2015-03-01 03:48:47.

Flavor Version Tinstall Tcheck Ttotal Status Flags
r-devel-linux-x86_64-debian-clang 2.0 12.96 25.10 38.06 NOTE
r-devel-linux-x86_64-debian-gcc 2.0 24.32 23.71 48.03 OK
r-devel-linux-x86_64-fedora-clang 2.0 77.50 NOTE
r-devel-linux-x86_64-fedora-gcc 2.0 86.05 OK
r-devel-osx-x86_64-clang 2.0 64.53 OK
r-devel-windows-ix86+x86_64 2.0 100.00 42.00 142.00 OK
r-patched-linux-x86_64 2.0 24.39 26.31 50.70 OK
r-patched-solaris-sparc 2.0 525.80 OK
r-patched-solaris-x86 2.0 115.40 OK
r-release-linux-ix86 2.0 27.24 35.09 62.33 OK
r-release-linux-x86_64 2.0 24.58 25.61 50.18 OK
r-release-osx-x86_64-mavericks 2.0 OK
r-release-osx-x86_64-snowleopard 2.0 OK
r-release-windows-ix86+x86_64 2.0 107.00 69.00 176.00 OK
r-oldrel-windows-ix86+x86_64 2.0 74.00 49.00 123.00 OK

Check Details

Version: 2.0
Check: installed package size
Result: NOTE
     installed size is 5.3Mb
     sub-directories of 1Mb or more:
     libs 5.0Mb
Flavors: r-devel-linux-x86_64-debian-clang, r-devel-linux-x86_64-fedora-clang