CRAN Package Check Results for Package SemiCompRisks

Last updated on 2015-08-04 16:48:46.

Flavor Version Tinstall Tcheck Ttotal Status Flags
r-devel-linux-x86_64-debian-clang 2.0 15.04 28.87 43.91 NOTE
r-devel-linux-x86_64-debian-gcc 2.0 24.91 23.52 48.43 NOTE
r-devel-linux-x86_64-fedora-clang 2.0 73.85 NOTE
r-devel-linux-x86_64-fedora-gcc 2.0 88.21 NOTE
r-devel-osx-x86_64-clang 2.0 61.07 OK
r-devel-windows-ix86+x86_64 2.0 97.00 45.00 142.00 NOTE
r-patched-linux-x86_64 2.0 25.51 22.05 47.56 OK
r-patched-solaris-sparc 2.0 561.90 OK
r-patched-solaris-x86 2.0 111.90 OK
r-release-linux-x86_64 2.0 24.94 23.92 48.87 OK
r-release-osx-x86_64-mavericks 2.0 OK
r-release-windows-ix86+x86_64 2.0 99.00 45.00 144.00 OK
r-oldrel-windows-ix86+x86_64 2.0 131.00 49.00 180.00 OK

Check Details

Version: 2.0
Check: installed package size
Result: NOTE
     installed size is 5.6Mb
     sub-directories of 1Mb or more:
     libs 5.2Mb
Flavors: r-devel-linux-x86_64-debian-clang, r-devel-linux-x86_64-fedora-clang

Version: 2.0
Check: R code for possible problems
Result: NOTE
    BayesID: no visible global function definition for ‘write.table’
    BayesIDcor: no visible binding for global variable ‘quantile’
    BayesIDcor: no visible binding for global variable ‘sd’
    BayesSurvcor: no visible binding for global variable ‘quantile’
    BayesSurvcor: no visible binding for global variable ‘sd’
    calcPSR: no visible global function definition for ‘var’
    calcPSR: no visible binding for global variable ‘var’
    plot.BayesID: no visible binding for global variable ‘median’
    plot.BayesID: no visible binding for global variable ‘quantile’
    plot.BayesID: no visible global function definition for ‘par’
    plot.BayesID: no visible global function definition for ‘plot’
    plot.BayesID: no visible global function definition for ‘lines’
    plot.BayesIDcor: no visible binding for global variable ‘median’
    plot.BayesIDcor: no visible binding for global variable ‘quantile’
    plot.BayesIDcor: no visible global function definition for ‘par’
    plot.BayesIDcor: no visible global function definition for ‘plot’
    plot.BayesIDcor: no visible global function definition for ‘lines’
    plot.BayesSurv: no visible binding for global variable ‘median’
    plot.BayesSurv: no visible binding for global variable ‘quantile’
    plot.BayesSurv: no visible global function definition for ‘plot’
    plot.BayesSurv: no visible global function definition for ‘lines’
    plot.BayesSurvcor: no visible binding for global variable ‘median’
    plot.BayesSurvcor: no visible binding for global variable ‘quantile’
    plot.BayesSurvcor: no visible global function definition for ‘plot’
    plot.BayesSurvcor: no visible global function definition for ‘lines’
    plot.ehr: no visible binding for global variable ‘median’
    plot.ehr: no visible binding for global variable ‘quantile’
    plot.ehr: no visible global function definition for ‘plot’
    plot.ehr: no visible global function definition for ‘lines’
    plot.ehr: no visible global function definition for ‘abline’
    simID: no visible global function definition for ‘rweibull’
    simID: no visible global function definition for ‘runif’
    simSurv: no visible global function definition for ‘rweibull’
    simSurv: no visible global function definition for ‘runif’
    summary.BayesID: no visible binding for global variable ‘median’
    summary.BayesID: no visible binding for global variable ‘quantile’
    summary.BayesIDcor: no visible binding for global variable ‘median’
    summary.BayesIDcor: no visible binding for global variable ‘quantile’
    summary.BayesSurv: no visible binding for global variable ‘median’
    summary.BayesSurv: no visible binding for global variable ‘quantile’
    summary.BayesSurvcor: no visible binding for global variable ‘median’
    summary.BayesSurvcor: no visible binding for global variable ‘quantile’
    Undefined global functions or variables:
     abline lines median par plot quantile runif rweibull sd var
     write.table
    Consider adding
     importFrom("graphics", "abline", "lines", "par", "plot")
     importFrom("stats", "median", "quantile", "runif", "rweibull", "sd",
     "var")
     importFrom("utils", "write.table")
    to your NAMESPACE.
Flavors: r-devel-linux-x86_64-debian-clang, r-devel-linux-x86_64-debian-gcc, r-devel-linux-x86_64-fedora-clang, r-devel-linux-x86_64-fedora-gcc, r-devel-windows-ix86+x86_64