CRAN Package Check Results for Package SemiCompRisks

Last updated on 2015-04-19 11:51:21.

Flavor Version Tinstall Tcheck Ttotal Status Flags
r-devel-linux-x86_64-debian-clang 2.0 14.84 25.34 40.17 NOTE
r-devel-linux-x86_64-debian-gcc 2.0 24.70 24.08 48.78 OK
r-devel-linux-x86_64-fedora-clang 2.0 76.49 NOTE
r-devel-linux-x86_64-fedora-gcc 2.0 88.29 OK
r-devel-osx-x86_64-clang 2.0 67.72 OK
r-devel-windows-ix86+x86_64 2.0 101.00 43.00 144.00 OK
r-patched-linux-x86_64 2.0 24.54 24.78 49.32 OK
r-patched-solaris-sparc 2.0 548.90 OK
r-patched-solaris-x86 2.0 115.60 OK
r-release-linux-x86_64 2.0 24.40 24.77 49.16 OK
r-release-osx-x86_64-mavericks 2.0 OK
r-release-osx-x86_64-snowleopard 2.0 OK
r-release-windows-ix86+x86_64 2.0 81.00 57.00 138.00 OK
r-oldrel-windows-ix86+x86_64 2.0 131.00 49.00 180.00 OK

Check Details

Version: 2.0
Check: installed package size
Result: NOTE
     installed size is 5.6Mb
     sub-directories of 1Mb or more:
     libs 5.2Mb
Flavors: r-devel-linux-x86_64-debian-clang, r-devel-linux-x86_64-fedora-clang