CRAN Package Check Results for Package SemiCompRisks

Last updated on 2015-05-24 10:47:10.

Flavor Version Tinstall Tcheck Ttotal Status Flags
r-devel-linux-x86_64-debian-clang 2.0 14.37 24.30 38.68 NOTE
r-devel-linux-x86_64-debian-gcc 2.0 24.68 24.96 49.64 OK
r-devel-linux-x86_64-fedora-clang 2.0 77.19 NOTE
r-devel-linux-x86_64-fedora-gcc 2.0 90.85 OK
r-devel-osx-x86_64-clang 2.0 66.49 OK
r-devel-windows-ix86+x86_64 2.0 99.00 45.00 144.00 OK
r-patched-linux-x86_64 2.0 24.63 24.46 49.09 OK
r-patched-solaris-sparc 2.0 547.70 OK
r-patched-solaris-x86 2.0 111.30 OK
r-release-linux-x86_64 2.0 24.29 25.02 49.31 OK
r-release-osx-x86_64-mavericks 2.0 OK
r-release-osx-x86_64-snowleopard 2.0 OK
r-release-windows-ix86+x86_64 2.0 81.00 57.00 138.00 OK
r-oldrel-windows-ix86+x86_64 2.0 131.00 49.00 180.00 OK

Check Details

Version: 2.0
Check: installed package size
Result: NOTE
     installed size is 5.6Mb
     sub-directories of 1Mb or more:
     libs 5.2Mb
Flavors: r-devel-linux-x86_64-debian-clang, r-devel-linux-x86_64-fedora-clang