CRAN Package Check Results for Package SemiCompRisks

Last updated on 2017-10-20 04:47:29.

Flavor Version Tinstall Tcheck Ttotal Status Flags
r-devel-linux-x86_64-debian-clang 2.7 23.78 64.58 88.37 OK
r-devel-linux-x86_64-debian-gcc 2.7 35.99 68.09 104.08 OK
r-devel-linux-x86_64-fedora-clang 2.7 178.22 OK
r-devel-linux-x86_64-fedora-gcc 2.7 193.07 OK
r-devel-windows-ix86+x86_64 2.7 172.00 132.00 304.00 OK
r-patched-linux-x86_64 2.7 31.64 63.42 95.05 OK
r-patched-solaris-x86 2.7 307.60 OK
r-release-linux-x86_64 2.7 31.66 62.49 94.16 OK
r-release-windows-ix86+x86_64 2.7 169.00 124.00 293.00 OK
r-release-osx-x86_64 2.7 WARN
r-oldrel-windows-ix86+x86_64 2.7 117.00 150.00 267.00 OK
r-oldrel-osx-x86_64 2.7 NOTE

Check Details

Version: 2.7
Check: installed package size
Result: NOTE
     installed size is 5.7Mb
     sub-directories of 1Mb or more:
     libs 5.0Mb
Flavors: r-release-osx-x86_64, r-oldrel-osx-x86_64

Version: 2.7
Check: re-building of vignette outputs
Result: WARN
    Error in re-building vignettes:
     ...
    Error: processing vignette 'SemiCompRisks.ltx' failed with diagnostics:
    Running 'texi2dvi' on 'SemiCompRisks.ltx' failed.
    LaTeX errors:
    ! LaTeX Error: File `ntheorem.sty' not found.
    
    Type X to quit or <RETURN> to proceed,
    or enter new name. (Default extension: sty)
    
    ! Emergency stop.
    <read *>
    
    l.7 \newtheorem
     {theorem}{Theorem}^^M
    ! ==> Fatal error occurred, no output PDF file produced!
    Execution halted
Flavor: r-release-osx-x86_64