CRAN Package Check Results for Package SemiCompRisks

Last updated on 2014-07-24 11:53:30.

Flavor Version Tinstall Tcheck Ttotal Status Flags
r-devel-linux-x86_64-debian-clang 1.0 3.37 14.05 17.42 OK
r-devel-linux-x86_64-debian-gcc 1.0 6.13 13.98 20.10 OK
r-devel-linux-x86_64-fedora-clang 1.0 35.33 OK
r-devel-linux-x86_64-fedora-gcc 1.0 37.81 OK
r-devel-osx-x86_64-clang 1.0 32.54 OK
r-devel-windows-ix86+x86_64 1.0 26.00 27.00 53.00 OK
r-patched-linux-x86_64 1.0 5.92 13.90 19.81 OK
r-patched-solaris-sparc 1.0 238.70 OK
r-patched-solaris-x86 1.0 51.10 OK
r-release-linux-ix86 1.0 7.73 20.98 28.72 OK
r-release-linux-x86_64 1.0 5.92 14.41 20.33 OK
r-release-osx-x86_64-mavericks 1.0 ERROR
r-release-osx-x86_64-snowleopard 1.0 OK
r-release-windows-ix86+x86_64 1.0 36.00 29.00 65.00 OK
r-oldrel-windows-ix86+x86_64 1.0 24.00 33.00 57.00 OK

Check Details

Version: 1.0
Check: whether package can be installed
Result: ERROR
    Installation failed.
    See ‘/Builds/CRAN-QA-Simon/packages/mavericks-x86_64/results/3.1/SemiCompRisks.Rcheck/00install.out’ for details.
Flavor: r-release-osx-x86_64-mavericks