CRAN Package Check Results for Package SemiCompRisks

Last updated on 2016-12-08 12:48:25.

Flavor Version Tinstall Tcheck Ttotal Status Flags
r-devel-linux-x86_64-debian-clang 2.5 22.86 63.04 85.90 OK
r-devel-linux-x86_64-debian-gcc 2.5 31.81 62.79 94.61 OK
r-devel-linux-x86_64-fedora-clang 2.5 179.16 OK --no-stop-on-test-error
r-devel-linux-x86_64-fedora-gcc 2.5 189.59 OK --no-stop-on-test-error
r-devel-macos-x86_64-clang 2.5 129.23 OK
r-devel-windows-ix86+x86_64 2.5 103.00 118.00 221.00 OK
r-patched-linux-x86_64 2.5 28.36 56.27 84.62 OK
r-patched-solaris-sparc 2.5 930.70 OK
r-patched-solaris-x86 2.5 200.40 OK
r-release-linux-x86_64 2.5 28.63 56.79 85.42 OK
r-release-osx-x86_64-mavericks 2.5 NOTE
r-release-windows-ix86+x86_64 2.5 101.00 107.00 208.00 OK
r-oldrel-windows-ix86+x86_64 2.4 128.00 128.00 256.00 OK

Check Details

Version: 2.5
Check: installed package size
Result: NOTE
     installed size is 5.6Mb
     sub-directories of 1Mb or more:
     libs 4.9Mb
Flavor: r-release-osx-x86_64-mavericks