CRAN Package Check Results for Package SemiCompRisks

Last updated on 2014-09-19 13:47:00.

Flavor Version Tinstall Tcheck Ttotal Status Flags
r-devel-linux-x86_64-debian-clang 1.0 3.65 14.52 18.18 OK
r-devel-linux-x86_64-debian-gcc 1.0 5.92 14.12 20.04 OK
r-devel-linux-x86_64-fedora-clang 1.0 34.65 OK
r-devel-linux-x86_64-fedora-gcc 1.0 36.02 OK
r-devel-osx-x86_64-clang 1.0 37.61 OK
r-devel-windows-ix86+x86_64 1.0 26.00 29.00 55.00 OK
r-patched-linux-x86_64 1.0 6.15 14.85 21.00 OK
r-patched-solaris-sparc 1.0 229.50 OK
r-patched-solaris-x86 1.0 51.20 OK
r-release-linux-ix86 1.0 7.63 21.13 28.76 OK
r-release-linux-x86_64 1.0 6.14 15.06 21.20 OK
r-release-osx-x86_64-mavericks 1.0 ERROR
r-release-osx-x86_64-snowleopard 1.0 OK
r-release-windows-ix86+x86_64 1.0 36.00 29.00 65.00 OK
r-oldrel-windows-ix86+x86_64 1.0 24.00 33.00 57.00 OK

Check Details

Version: 1.0
Check: whether package can be installed
Result: ERROR
    Installation failed.
Flavor: r-release-osx-x86_64-mavericks