CRAN Package Check Results for Package SemiCompRisks

Last updated on 2018-04-23 03:50:54 CEST.

Flavor Version Tinstall Tcheck Ttotal Status Flags
r-devel-linux-x86_64-debian-clang 3.0 46.90 87.61 134.51 OK
r-devel-linux-x86_64-debian-gcc 3.0 52.70 76.77 129.47 OK
r-devel-linux-x86_64-fedora-clang 3.0 184.34 OK
r-devel-linux-x86_64-fedora-gcc 3.0 197.00 OK
r-devel-windows-ix86+x86_64 3.0 169.00 130.00 299.00 OK
r-devel-osx-x86_64 3.0 NOTE
r-patched-linux-x86_64 3.0 58.34 97.54 155.88 OK
r-patched-solaris-x86 3.0 324.80 OK
r-release-linux-x86_64 3.0 42.75 107.78 150.53 OK
r-release-windows-ix86+x86_64 3.0 112.00 202.00 314.00 OK
r-release-osx-x86_64 3.0 NOTE
r-oldrel-windows-ix86+x86_64 3.0 153.00 119.00 272.00 OK

Check Details

Version: 3.0
Check: installed package size
Result: NOTE
     installed size is 6.0Mb
     sub-directories of 1Mb or more:
     libs 5.0Mb
Flavors: r-devel-osx-x86_64, r-release-osx-x86_64