CRAN Package Check Results for Package SemiCompRisks

Last updated on 2018-02-25 19:49:18 CET.

Flavor Version Tinstall Tcheck Ttotal Status Flags
r-devel-linux-x86_64-debian-clang 2.8 43.39 95.10 138.49 OK
r-devel-linux-x86_64-debian-gcc 2.8 48.07 74.43 122.50 OK
r-devel-linux-x86_64-fedora-clang 2.8 183.03 OK
r-devel-linux-x86_64-fedora-gcc 2.8 189.96 OK
r-devel-windows-ix86+x86_64 2.8 188.00 161.00 349.00 OK
r-patched-linux-x86_64 2.8 48.82 101.73 150.55 OK
r-patched-solaris-x86 2.8 280.70 OK
r-release-linux-x86_64 2.8 45.71 103.65 149.36 OK
r-release-windows-ix86+x86_64 2.8 162.00 177.00 339.00 OK
r-release-osx-x86_64 2.8 NOTE
r-oldrel-windows-ix86+x86_64 2.8 120.00 160.00 280.00 OK
r-oldrel-osx-x86_64 2.8 NOTE

Check Details

Version: 2.8
Check: installed package size
Result: NOTE
     installed size is 5.7Mb
     sub-directories of 1Mb or more:
     libs 5.0Mb
Flavors: r-release-osx-x86_64, r-oldrel-osx-x86_64