CRAN Package Check Results for Package SemiCompRisks

Last updated on 2014-11-24 15:47:24.

Flavor Version Tinstall Tcheck Ttotal Status Flags
r-devel-linux-x86_64-debian-clang 1.0 3.59 14.70 18.29 OK
r-devel-linux-x86_64-debian-gcc 1.0 6.00 14.98 20.97 OK
r-devel-linux-x86_64-fedora-clang 1.0 37.22 OK
r-devel-linux-x86_64-fedora-gcc 1.0 38.42 OK
r-devel-osx-x86_64-clang 1.0 38.00 OK
r-devel-windows-ix86+x86_64 1.0 27.00 29.00 56.00 OK
r-patched-linux-x86_64 1.0 6.50 14.84 21.34 OK
r-patched-solaris-sparc 1.0 229.50 OK
r-patched-solaris-x86 1.0 53.70 OK
r-release-linux-ix86 1.0 7.24 22.16 29.40 OK
r-release-linux-x86_64 1.0 6.04 14.83 20.87 OK
r-release-osx-x86_64-mavericks 1.0 ERROR
r-release-osx-x86_64-snowleopard 1.0 OK
r-release-windows-ix86+x86_64 1.0 29.00 28.00 57.00 OK
r-oldrel-windows-ix86+x86_64 1.0 24.00 33.00 57.00 OK

Check Details

Version: 1.0
Check: whether package can be installed
Result: ERROR
    Installation failed.
Flavor: r-release-osx-x86_64-mavericks