CRAN Package Check Results for Package SemiCompRisks

Last updated on 2014-10-22 04:47:25.

Flavor Version Tinstall Tcheck Ttotal Status Flags
r-devel-linux-x86_64-debian-clang 1.0 3.76 14.62 18.38 OK
r-devel-linux-x86_64-debian-gcc 1.0 5.97 15.04 21.00 OK
r-devel-linux-x86_64-fedora-clang 1.0 36.14 OK
r-devel-linux-x86_64-fedora-gcc 1.0 36.54 OK
r-devel-osx-x86_64-clang 1.0 37.78 OK
r-devel-windows-ix86+x86_64 1.0 25.00 29.00 54.00 OK
r-patched-linux-x86_64 1.0 6.00 15.15 21.15 OK
r-patched-solaris-sparc 1.0 229.50 OK
r-patched-solaris-x86 1.0 52.60 OK
r-release-linux-ix86 1.0 7.66 21.10 28.76 OK
r-release-linux-x86_64 1.0 6.09 14.63 20.72 OK
r-release-osx-x86_64-mavericks 1.0 ERROR
r-release-osx-x86_64-snowleopard 1.0 OK
r-release-windows-ix86+x86_64 1.0 36.00 29.00 65.00 OK
r-oldrel-windows-ix86+x86_64 1.0 24.00 33.00 57.00 OK

Check Details

Version: 1.0
Check: whether package can be installed
Result: ERROR
    Installation failed.
Flavor: r-release-osx-x86_64-mavericks