CRAN Package Check Results for Package SemiCompRisks

Last updated on 2018-06-25 00:49:53 CEST.

Flavor Version Tinstall Tcheck Ttotal Status Flags
r-devel-linux-x86_64-debian-clang 3.1 51.27 97.81 149.08 OK
r-devel-linux-x86_64-debian-gcc 3.1 51.55 84.94 136.49 OK
r-devel-linux-x86_64-fedora-clang 3.1 195.09 OK
r-devel-linux-x86_64-fedora-gcc 3.1 199.79 OK
r-devel-windows-ix86+x86_64 3.1 186.00 148.00 334.00 OK
r-patched-linux-x86_64 3.1 60.72 101.78 162.50 OK
r-patched-solaris-x86 3.1 311.60 OK
r-release-linux-x86_64 3.1 59.62 101.04 160.66 OK
r-release-windows-ix86+x86_64 3.1 188.00 173.00 361.00 OK
r-release-osx-x86_64 3.1 NOTE
r-oldrel-windows-ix86+x86_64 3.1 165.00 175.00 340.00 OK
r-oldrel-osx-x86_64 3.1 NOTE

Check Details

Version: 3.1
Check: installed package size
Result: NOTE
     installed size is 6.1Mb
     sub-directories of 1Mb or more:
     libs 5.1Mb
Flavors: r-release-osx-x86_64, r-oldrel-osx-x86_64