CRAN Package Check Results for Package SemiCompRisks

Last updated on 2017-04-30 23:51:54.

Flavor Version Tinstall Tcheck Ttotal Status Flags
r-devel-linux-x86_64-debian-clang 2.6 24.39 62.98 87.36 NOTE
r-devel-linux-x86_64-debian-gcc 2.6 31.99 61.53 93.51 NOTE
r-devel-linux-x86_64-fedora-clang 2.6 177.13 NOTE --no-stop-on-test-error
r-devel-linux-x86_64-fedora-gcc 2.6 187.56 NOTE --no-stop-on-test-error
r-devel-windows-ix86+x86_64 2.6 129.00 175.00 304.00 OK
r-patched-linux-x86_64 2.6 28.91 61.74 90.65 NOTE
r-patched-solaris-sparc 2.6 1428.80 OK
r-patched-solaris-x86 2.6 282.30 OK
r-release-linux-x86_64 2.6 29.33 62.75 92.08 NOTE
r-release-windows-ix86+x86_64 2.6 162.00 165.00 327.00 OK
r-release-osx-x86_64 2.6 WARN
r-oldrel-windows-ix86+x86_64 2.6 164.00 157.00 321.00 OK
r-oldrel-osx-x86_64 2.6 NOTE

Check Details

Version: 2.6
Check: compiled code
Result: NOTE
    File ‘SemiCompRisks/libs/SemiCompRisks.so’:
     Found no calls to: ‘R_registerRoutines’, ‘R_useDynamicSymbols’
    
    It is good practice to register native routines and to disable symbol
    search.
    
    See ‘Writing portable packages’ in the ‘Writing R Extensions’ manual.
Flavors: r-devel-linux-x86_64-debian-clang, r-devel-linux-x86_64-debian-gcc, r-patched-linux-x86_64, r-release-linux-x86_64

Version: 2.6
Flags: --no-stop-on-test-error
Check: compiled code
Result: NOTE
    File ‘SemiCompRisks/libs/SemiCompRisks.so’:
     Found no calls to: ‘R_registerRoutines’, ‘R_useDynamicSymbols’
    
    It is good practice to register native routines and to disable symbol
    search.
    
    See ‘Writing portable packages’ in the ‘Writing R Extensions’ manual.
Flavors: r-devel-linux-x86_64-fedora-clang, r-devel-linux-x86_64-fedora-gcc

Version: 2.6
Check: installed package size
Result: NOTE
     installed size is 5.7Mb
     sub-directories of 1Mb or more:
     libs 5.0Mb
Flavors: r-release-osx-x86_64, r-oldrel-osx-x86_64

Version: 2.6
Check: re-building of vignette outputs
Result: WARN
    Error in re-building vignettes:
     ...
    Error: processing vignette 'SemiCompRisks.ltx' failed with diagnostics:
    Running 'texi2dvi' on 'SemiCompRisks.ltx' failed.
    LaTeX errors:
    ! LaTeX Error: File `ntheorem.sty' not found.
    
    Type X to quit or <RETURN> to proceed,
    or enter new name. (Default extension: sty)
    
    ! Emergency stop.
    <read *>
    
    l.7 \newtheorem
     {theorem}{Theorem}^^M
    ! ==> Fatal error occurred, no output PDF file produced!
    Execution halted
Flavor: r-release-osx-x86_64