CRAN Package Check Results for Package SemiCompRisks

Last updated on 2015-07-02 23:47:37.

Flavor Version Tinstall Tcheck Ttotal Status Flags
r-devel-linux-x86_64-debian-clang 2.0 14.46 24.09 38.56 NOTE
r-devel-linux-x86_64-debian-gcc 2.0 25.07 23.38 48.46 NOTE
r-devel-linux-x86_64-fedora-clang 2.0 74.06 NOTE
r-devel-linux-x86_64-fedora-gcc 2.0 90.63 NOTE
r-devel-osx-x86_64-clang 2.0 65.29 OK
r-devel-windows-ix86+x86_64 2.0 132.00 42.00 174.00 OK
r-patched-linux-x86_64 2.0 24.44 24.38 48.82 OK
r-patched-solaris-sparc 2.0 547.70 OK
r-patched-solaris-x86 2.0 110.90 OK
r-release-linux-x86_64 2.0 24.03 24.31 48.34 OK
r-release-osx-x86_64-mavericks 2.0 OK
r-release-windows-ix86+x86_64 2.0 99.00 45.00 144.00 OK
r-oldrel-windows-ix86+x86_64 2.0 131.00 49.00 180.00 OK

Check Details

Version: 2.0
Check: installed package size
Result: NOTE
     installed size is 5.6Mb
     sub-directories of 1Mb or more:
     libs 5.2Mb
Flavors: r-devel-linux-x86_64-debian-clang, r-devel-linux-x86_64-fedora-clang

Version: 2.0
Check: R code for possible problems
Result: NOTE
    BayesID: no visible global function definition for ‘write.table’
    BayesIDcor: no visible binding for global variable ‘quantile’
    BayesIDcor: no visible binding for global variable ‘sd’
    BayesSurvcor: no visible binding for global variable ‘quantile’
    BayesSurvcor: no visible binding for global variable ‘sd’
    calcPSR: no visible global function definition for ‘var’
    calcPSR: no visible binding for global variable ‘var’
    plot.BayesID: no visible binding for global variable ‘median’
    plot.BayesID: no visible binding for global variable ‘quantile’
    plot.BayesID: no visible global function definition for ‘par’
    plot.BayesID: no visible global function definition for ‘plot’
    plot.BayesID: no visible global function definition for ‘lines’
    plot.BayesIDcor: no visible binding for global variable ‘median’
    plot.BayesIDcor: no visible binding for global variable ‘quantile’
    plot.BayesIDcor: no visible global function definition for ‘par’
    plot.BayesIDcor: no visible global function definition for ‘plot’
    plot.BayesIDcor: no visible global function definition for ‘lines’
    plot.BayesSurv: no visible binding for global variable ‘median’
    plot.BayesSurv: no visible binding for global variable ‘quantile’
    plot.BayesSurv: no visible global function definition for ‘plot’
    plot.BayesSurv: no visible global function definition for ‘lines’
    plot.BayesSurvcor: no visible binding for global variable ‘median’
    plot.BayesSurvcor: no visible binding for global variable ‘quantile’
    plot.BayesSurvcor: no visible global function definition for ‘plot’
    plot.BayesSurvcor: no visible global function definition for ‘lines’
    plot.ehr: no visible binding for global variable ‘median’
    plot.ehr: no visible binding for global variable ‘quantile’
    plot.ehr: no visible global function definition for ‘plot’
    plot.ehr: no visible global function definition for ‘lines’
    plot.ehr: no visible global function definition for ‘abline’
    simID: no visible global function definition for ‘rweibull’
    simID: no visible global function definition for ‘runif’
    simSurv: no visible global function definition for ‘rweibull’
    simSurv: no visible global function definition for ‘runif’
    summary.BayesID: no visible binding for global variable ‘median’
    summary.BayesID: no visible binding for global variable ‘quantile’
    summary.BayesIDcor: no visible binding for global variable ‘median’
    summary.BayesIDcor: no visible binding for global variable ‘quantile’
    summary.BayesSurv: no visible binding for global variable ‘median’
    summary.BayesSurv: no visible binding for global variable ‘quantile’
    summary.BayesSurvcor: no visible binding for global variable ‘median’
    summary.BayesSurvcor: no visible binding for global variable ‘quantile’
    Undefined global functions or variables:
     abline lines median par plot quantile runif rweibull sd var
     write.table
Flavors: r-devel-linux-x86_64-debian-clang, r-devel-linux-x86_64-fedora-clang, r-devel-linux-x86_64-fedora-gcc

Version: 2.0
Check: R code for possible problems
Result: NOTE
    BayesID: no visible global function definition for ‘write.table’
    BayesIDcor: no visible binding for global variable ‘quantile’
    BayesIDcor: no visible binding for global variable ‘sd’
    BayesSurvcor: no visible binding for global variable ‘quantile’
    BayesSurvcor: no visible binding for global variable ‘sd’
    calcPSR: no visible global function definition for ‘var’
    calcPSR: no visible binding for global variable ‘var’
    plot.BayesID: no visible binding for global variable ‘median’
    plot.BayesID: no visible binding for global variable ‘quantile’
    plot.BayesID: no visible global function definition for ‘par’
    plot.BayesID: no visible global function definition for ‘plot’
    plot.BayesID: no visible global function definition for ‘lines’
    plot.BayesIDcor: no visible binding for global variable ‘median’
    plot.BayesIDcor: no visible binding for global variable ‘quantile’
    plot.BayesIDcor: no visible global function definition for ‘par’
    plot.BayesIDcor: no visible global function definition for ‘plot’
    plot.BayesIDcor: no visible global function definition for ‘lines’
    plot.BayesSurv: no visible binding for global variable ‘median’
    plot.BayesSurv: no visible binding for global variable ‘quantile’
    plot.BayesSurv: no visible global function definition for ‘plot’
    plot.BayesSurv: no visible global function definition for ‘lines’
    plot.BayesSurvcor: no visible binding for global variable ‘median’
    plot.BayesSurvcor: no visible binding for global variable ‘quantile’
    plot.BayesSurvcor: no visible global function definition for ‘plot’
    plot.BayesSurvcor: no visible global function definition for ‘lines’
    plot.ehr: no visible binding for global variable ‘median’
    plot.ehr: no visible binding for global variable ‘quantile’
    plot.ehr: no visible global function definition for ‘plot’
    plot.ehr: no visible global function definition for ‘lines’
    plot.ehr: no visible global function definition for ‘abline’
    simID: no visible global function definition for ‘rweibull’
    simID: no visible global function definition for ‘runif’
    simSurv: no visible global function definition for ‘rweibull’
    simSurv: no visible global function definition for ‘runif’
    summary.BayesID: no visible binding for global variable ‘median’
    summary.BayesID: no visible binding for global variable ‘quantile’
    summary.BayesIDcor: no visible binding for global variable ‘median’
    summary.BayesIDcor: no visible binding for global variable ‘quantile’
    summary.BayesSurv: no visible binding for global variable ‘median’
    summary.BayesSurv: no visible binding for global variable ‘quantile’
    summary.BayesSurvcor: no visible binding for global variable ‘median’
    summary.BayesSurvcor: no visible binding for global variable ‘quantile’
Flavor: r-devel-linux-x86_64-debian-gcc