CRAN Package Check Results for Package SemiPar

Last updated on 2015-03-03 05:47:06.

Flavor Version Tinstall Tcheck Ttotal Status Flags
r-devel-linux-x86_64-debian-clang 1.0-4.1 1.19 22.12 23.32 NOTE
r-devel-linux-x86_64-debian-gcc 1.0-4.1 1.08 22.12 23.20 NOTE
r-devel-linux-x86_64-fedora-clang 1.0-4.1 45.12 NOTE
r-devel-linux-x86_64-fedora-gcc 1.0-4.1 41.33 NOTE
r-devel-osx-x86_64-clang 1.0-4.1 44.94 NOTE
r-devel-windows-ix86+x86_64 1.0-4.1 10.00 45.00 55.00 OK
r-patched-linux-x86_64 1.0-4.1 1.83 25.92 27.75 OK
r-patched-solaris-sparc 1.0-4.1 308.60 OK
r-patched-solaris-x86 1.0-4.1 65.90 OK
r-release-linux-ix86 1.0-4.1 1.81 33.00 34.80 OK
r-release-linux-x86_64 1.0-4.1 1.40 25.68 27.08 OK
r-release-osx-x86_64-mavericks 1.0-4.1 OK
r-release-osx-x86_64-snowleopard 1.0-4.1 OK
r-release-windows-ix86+x86_64 1.0-4.1 8.00 58.00 66.00 OK
r-oldrel-windows-ix86+x86_64 1.0-4.1 6.00 44.00 50.00 OK

Check Details

Version: 1.0-4.1
Check: S3 generic/method consistency
Result: NOTE
    Found the following apparent S3 methods exported but not registered:
     fitted.spm lines.spm plot.spm predict.spm print.spm residuals.spm
     summary.spm
    See section ‘Registering S3 methods’ in the ‘Writing R Extensions’
    manual.
Flavors: r-devel-linux-x86_64-debian-clang, r-devel-linux-x86_64-debian-gcc, r-devel-linux-x86_64-fedora-clang, r-devel-linux-x86_64-fedora-gcc, r-devel-osx-x86_64-clang