CRAN Package Check Results for Package SemiPar

Last updated on 2015-07-31 18:48:35.

Flavor Version Tinstall Tcheck Ttotal Status Flags
r-devel-linux-x86_64-debian-clang 1.0-4.1 1.21 22.04 23.26 NOTE
r-devel-linux-x86_64-debian-gcc 1.0-4.1 1.50 21.62 23.12 NOTE
r-devel-linux-x86_64-fedora-clang 1.0-4.1 43.76 NOTE
r-devel-linux-x86_64-fedora-gcc 1.0-4.1 43.35 NOTE
r-devel-osx-x86_64-clang 1.0-4.1 39.60 NOTE
r-devel-windows-ix86+x86_64 1.0-4.1 8.00 38.00 46.00 NOTE
r-patched-linux-x86_64 1.0-4.1 1.14 21.62 22.76 NOTE
r-patched-solaris-sparc 1.0-4.1 290.10 NOTE
r-patched-solaris-x86 1.0-4.1 57.10 NOTE
r-release-linux-x86_64 1.0-4.1 1.62 21.45 23.06 NOTE
r-release-osx-x86_64-mavericks 1.0-4.1 OK
r-release-windows-ix86+x86_64 1.0-4.1 7.00 38.00 45.00 OK
r-oldrel-windows-ix86+x86_64 1.0-4.1 6.00 69.00 75.00 OK

Check Details

Version: 1.0-4.1
Check: S3 generic/method consistency
Result: NOTE
    Found the following apparent S3 methods exported but not registered:
     fitted.spm lines.spm plot.spm predict.spm print.spm residuals.spm
     summary.spm
    See section ‘Registering S3 methods’ in the ‘Writing R Extensions’
    manual.
Flavors: r-devel-linux-x86_64-debian-clang, r-devel-linux-x86_64-debian-gcc, r-devel-linux-x86_64-fedora-clang, r-devel-linux-x86_64-fedora-gcc, r-devel-osx-x86_64-clang, r-patched-linux-x86_64, r-patched-solaris-sparc, r-patched-solaris-x86, r-release-linux-x86_64

Version: 1.0-4.1
Check: R code for possible problems
Result: NOTE
    blend.col: no visible global function definition for ‘col2rgb’
    blend.col: no visible global function definition for ‘rgb’
    default.bdry: no visible global function definition for ‘par’
    default.bdry: no visible global function definition for ‘plot’
    default.bdry: no visible global function definition for ‘locator’
    default.bdry: no visible global function definition for ‘polygon’
    default.bdry: no visible global function definition for ‘points’
    default.bdry: no visible global function definition for ‘lines’
    default.knots: no visible global function definition for ‘quantile’
    default.knots.2D: no visible global function definition for ‘plot’
    default.knots.2D: no visible global function definition for ‘points’
    default.knots.2D: no visible global function definition for ‘dev.off’
    df.to.spar: no visible global function definition for ‘uniroot’
    imageFull: no visible global function definition for ‘par’
    imageFull: no visible global function definition for ‘image’
    imageLegend: no visible global function definition for ‘image’
    imageLegend: no visible global function definition for ‘lines’
    imageLegend: no visible global function definition for ‘text’
    lines.spm: no visible global function definition for ‘lines’
    lines.spm: no visible global function definition for ‘polygon’
    lmeFitQr: no visible global function definition for ‘lm.fit’
    plot.spm: no visible global function definition for ‘plot’
    plot.spm: no visible global function definition for ‘lines’
    plot.spm: no visible global function definition for ‘polygon’
    plot.spm: no visible global function definition for ‘abline’
    plot.spm: no visible global function definition for ‘rug’
    ridge.reg: no visible global function definition for ‘lm.fit’
    spm: no visible global function definition for ‘as.formula’
    spm: no visible global function definition for ‘lm’
    spm: no visible global function definition for ‘glm’
    spm: no visible global function definition for ‘binomial’
    spm: no visible global function definition for ‘poisson’
    spmDesign: no visible global function definition for ‘dist’
    summary.spm: no visible global function definition for ‘pt’
    Undefined global functions or variables:
     abline as.formula binomial col2rgb dev.off dist glm image lines lm
     lm.fit locator par plot points poisson polygon pt quantile rgb rug
     text uniroot
    Consider adding
     importFrom("grDevices", "col2rgb", "dev.off", "rgb")
     importFrom("graphics", "abline", "image", "lines", "locator", "par",
     "plot", "points", "polygon", "rug", "text")
     importFrom("stats", "as.formula", "binomial", "dist", "glm", "lm",
     "lm.fit", "poisson", "pt", "quantile", "uniroot")
    to your NAMESPACE.
Flavors: r-devel-linux-x86_64-debian-clang, r-devel-linux-x86_64-debian-gcc, r-devel-linux-x86_64-fedora-clang, r-devel-linux-x86_64-fedora-gcc, r-devel-windows-ix86+x86_64