CRAN Package Check Results for Package SemiPar

Last updated on 2014-04-24 19:54:08.

Flavor Version Tinstall Tcheck Ttotal Status Flags
r-devel-linux-x86_64-debian-clang 1.0-4 1.50 26.32 27.82 NOTE
r-devel-linux-x86_64-debian-gcc 1.0-4 1.50 26.04 27.54 NOTE
r-devel-linux-x86_64-fedora-clang 1.0-4 52.84 NOTE
r-devel-linux-x86_64-fedora-gcc 1.0-4 49.31 NOTE
r-devel-osx-x86_64-clang 1.0-4 41.86 NOTE
r-devel-osx-x86_64-gcc 1.0-4 NOTE
r-devel-windows-ix86+x86_64 1.0-4 4.00 37.00 41.00 NOTE
r-patched-linux-x86_64 1.0-4 1.49 25.92 27.41 NOTE
r-patched-solaris-sparc 1.0-4 295.40 NOTE
r-patched-solaris-x86 1.0-4 64.90 NOTE
r-release-linux-ix86 1.0-4 2.00 46.00 48.00 NOTE
r-release-linux-x86_64 1.0-4 1.48 26.25 27.74 NOTE
r-release-osx-x86_64-mavericks 1.0-4 WARN
r-release-windows-ix86+x86_64 1.0-4 5.00 43.00 48.00 NOTE
r-oldrel-windows-ix86+x86_64 1.0-4 5.00 42.00 47.00 NOTE

Check Details

Version: 1.0-4
Check: R code for possible problems
Result: NOTE
    spm: no visible binding for global variable ‘X.Declan’
    spm: no visible binding for global variable ‘Z.Jaida’
    spm: no visible binding for global variable ‘dummy.group.vec.Handan’
    spm: no visible binding for global variable ‘Z.spline.Jaida’
    
    Found the following assignments to the global environment:
    File ‘SemiPar/R/spm.r’:
     assign("dummy.group.vec.Handan", dummy.group.vec, pos = 1)
     assign("fdummy.group.vec.Handan", fdummy.group.vec, pos = 1)
     assign("group.Handan", group, pos = 1)
     assign("X.Declan", X, pos = 1)
     assign("Z.Jaida", Z, pos = 1)
     assign("Z.Jaida", Z, pos = 1)
     assign("Z.spline.Jaida", Z.spline, pos = 1)
Flavors: r-devel-linux-x86_64-debian-clang, r-devel-linux-x86_64-debian-gcc, r-devel-linux-x86_64-fedora-clang, r-devel-osx-x86_64-clang, r-patched-linux-x86_64, r-release-linux-ix86, r-release-linux-x86_64

Version: 1.0-4
Check: R code for possible problems
Result: NOTE
    spm: no visible binding for global variable ‘X.Declan’
    spm: no visible binding for global variable ‘Z.Jaida’
    spm: no visible binding for global variable ‘dummy.group.vec.Handan’
    spm: no visible binding for global variable ‘Z.spline.Jaida’
Flavors: r-devel-linux-x86_64-fedora-gcc, r-devel-osx-x86_64-gcc, r-devel-windows-ix86+x86_64, r-patched-solaris-sparc, r-patched-solaris-x86, r-release-osx-x86_64-mavericks, r-release-windows-ix86+x86_64, r-oldrel-windows-ix86+x86_64

Version: 1.0-4
Check: PDF version of manual
Result: WARNING
    LaTeX errors when creating PDF version.
    This typically indicates Rd problems.
    LaTeX errors found:
    ! LaTeX Error: File `upquote.sty' not found.
    
    Type X to quit or <RETURN> to proceed,
    or enter new name. (Default extension: sty)
    
    288be575/Rd2.tex:8: ==> Fatal error occurred, no output PDF file produced!
Flavor: r-release-osx-x86_64-mavericks