CRAN Package Check Results for Package SemiPar

Last updated on 2015-05-24 03:48:14.

Flavor Version Tinstall Tcheck Ttotal Status Flags
r-devel-linux-x86_64-debian-clang 1.0-4.1 1.70 21.95 23.65 NOTE
r-devel-linux-x86_64-debian-gcc 1.0-4.1 1.16 21.66 22.82 NOTE
r-devel-linux-x86_64-fedora-clang 1.0-4.1 44.27 NOTE
r-devel-linux-x86_64-fedora-gcc 1.0-4.1 41.37 NOTE
r-devel-osx-x86_64-clang 1.0-4.1 45.09 NOTE
r-devel-windows-ix86+x86_64 1.0-4.1 6.00 33.00 39.00 OK
r-patched-linux-x86_64 1.0-4.1 1.08 21.84 22.92 NOTE
r-patched-solaris-sparc 1.0-4.1 276.10 NOTE
r-patched-solaris-x86 1.0-4.1 57.60 NOTE
r-release-linux-x86_64 1.0-4.1 1.09 22.37 23.46 NOTE
r-release-osx-x86_64-mavericks 1.0-4.1 OK
r-release-osx-x86_64-snowleopard 1.0-4.1 OK
r-release-windows-ix86+x86_64 1.0-4.1 4.00 38.00 42.00 OK
r-oldrel-windows-ix86+x86_64 1.0-4.1 7.00 43.00 50.00 OK

Check Details

Version: 1.0-4.1
Check: S3 generic/method consistency
Result: NOTE
    Found the following apparent S3 methods exported but not registered:
     fitted.spm lines.spm plot.spm predict.spm print.spm residuals.spm
     summary.spm
    See section ‘Registering S3 methods’ in the ‘Writing R Extensions’
    manual.
Flavors: r-devel-linux-x86_64-debian-clang, r-devel-linux-x86_64-debian-gcc, r-devel-linux-x86_64-fedora-clang, r-devel-linux-x86_64-fedora-gcc, r-devel-osx-x86_64-clang, r-patched-linux-x86_64, r-patched-solaris-sparc, r-patched-solaris-x86, r-release-linux-x86_64