CRAN Package Check Results for Package SemiPar

Last updated on 2014-08-29 19:48:21.

Flavor Version Tinstall Tcheck Ttotal Status Flags
r-devel-linux-x86_64-debian-clang 1.0-4 1.69 24.67 26.36 NOTE
r-devel-linux-x86_64-debian-gcc 1.0-4 1.32 23.98 25.30 NOTE
r-devel-linux-x86_64-fedora-clang 1.0-4 53.90 NOTE
r-devel-linux-x86_64-fedora-gcc 1.0-4 46.59 NOTE
r-devel-osx-x86_64-clang 1.0-4 42.06 NOTE
r-devel-windows-ix86+x86_64 1.0-4 5.00 38.00 43.00 NOTE
r-patched-linux-x86_64 1.0-4 1.35 25.12 26.47 NOTE
r-patched-solaris-sparc 1.0-4 291.10 NOTE
r-patched-solaris-x86 1.0-4 64.50 NOTE
r-release-linux-ix86 1.0-4 1.56 32.94 34.50 NOTE
r-release-linux-x86_64 1.0-4 1.37 26.28 27.65 NOTE
r-release-osx-x86_64-mavericks 1.0-4 NOTE
r-release-windows-ix86+x86_64 1.0-4 4.00 42.00 46.00 NOTE
r-oldrel-windows-ix86+x86_64 1.0-4 5.00 40.00 45.00 NOTE

Check Details

Version: 1.0-4
Check: R code for possible problems
Result: NOTE
    spm: no visible binding for global variable ‘X.Declan’
    spm: no visible binding for global variable ‘Z.Jaida’
    spm: no visible binding for global variable ‘dummy.group.vec.Handan’
    spm: no visible binding for global variable ‘Z.spline.Jaida’
    
    Found the following assignments to the global environment:
    File ‘SemiPar/R/spm.r’:
     assign("dummy.group.vec.Handan", dummy.group.vec, pos = 1)
     assign("fdummy.group.vec.Handan", fdummy.group.vec, pos = 1)
     assign("group.Handan", group, pos = 1)
     assign("X.Declan", X, pos = 1)
     assign("Z.Jaida", Z, pos = 1)
     assign("Z.Jaida", Z, pos = 1)
     assign("Z.spline.Jaida", Z.spline, pos = 1)
Flavors: r-devel-linux-x86_64-debian-clang, r-devel-linux-x86_64-debian-gcc, r-devel-linux-x86_64-fedora-clang, r-devel-osx-x86_64-clang, r-patched-linux-x86_64, r-release-linux-ix86, r-release-linux-x86_64

Version: 1.0-4
Check: R code for possible problems
Result: NOTE
    spm: no visible binding for global variable ‘X.Declan’
    spm: no visible binding for global variable ‘Z.Jaida’
    spm: no visible binding for global variable ‘dummy.group.vec.Handan’
    spm: no visible binding for global variable ‘Z.spline.Jaida’
Flavors: r-devel-linux-x86_64-fedora-gcc, r-devel-windows-ix86+x86_64, r-patched-solaris-sparc, r-patched-solaris-x86, r-release-osx-x86_64-mavericks, r-release-windows-ix86+x86_64, r-oldrel-windows-ix86+x86_64