CRAN Package Check Results for Package SemiPar

Last updated on 2014-07-22 11:51:25.

Flavor Version Tinstall Tcheck Ttotal Status Flags
r-devel-linux-x86_64-debian-clang 1.0-4 1.38 24.81 26.19 NOTE
r-devel-linux-x86_64-debian-gcc 1.0-4 1.34 24.70 26.04 NOTE
r-devel-linux-x86_64-fedora-clang 1.0-4 51.76 NOTE
r-devel-linux-x86_64-fedora-gcc 1.0-4 49.61 NOTE
r-devel-osx-x86_64-clang 1.0-4 44.84 NOTE
r-devel-windows-ix86+x86_64 1.0-4 6.00 39.00 45.00 NOTE
r-patched-linux-x86_64 1.0-4 1.33 24.65 25.98 NOTE
r-patched-solaris-sparc 1.0-4 295.40 NOTE
r-patched-solaris-x86 1.0-4 63.80 NOTE
r-release-linux-ix86 1.0-4 1.60 33.83 35.43 NOTE
r-release-linux-x86_64 1.0-4 1.36 24.81 26.17 NOTE
r-release-osx-x86_64-mavericks 1.0-4 NOTE
r-release-windows-ix86+x86_64 1.0-4 5.00 41.00 46.00 NOTE
r-oldrel-windows-ix86+x86_64 1.0-4 5.00 40.00 45.00 NOTE

Check Details

Version: 1.0-4
Check: R code for possible problems
Result: NOTE
    spm: no visible binding for global variable ‘X.Declan’
    spm: no visible binding for global variable ‘Z.Jaida’
    spm: no visible binding for global variable ‘dummy.group.vec.Handan’
    spm: no visible binding for global variable ‘Z.spline.Jaida’
    
    Found the following assignments to the global environment:
    File ‘SemiPar/R/spm.r’:
     assign("dummy.group.vec.Handan", dummy.group.vec, pos = 1)
     assign("fdummy.group.vec.Handan", fdummy.group.vec, pos = 1)
     assign("group.Handan", group, pos = 1)
     assign("X.Declan", X, pos = 1)
     assign("Z.Jaida", Z, pos = 1)
     assign("Z.Jaida", Z, pos = 1)
     assign("Z.spline.Jaida", Z.spline, pos = 1)
Flavors: r-devel-linux-x86_64-debian-clang, r-devel-linux-x86_64-debian-gcc, r-devel-linux-x86_64-fedora-clang, r-devel-osx-x86_64-clang, r-patched-linux-x86_64, r-release-linux-ix86, r-release-linux-x86_64

Version: 1.0-4
Check: R code for possible problems
Result: NOTE
    spm: no visible binding for global variable ‘X.Declan’
    spm: no visible binding for global variable ‘Z.Jaida’
    spm: no visible binding for global variable ‘dummy.group.vec.Handan’
    spm: no visible binding for global variable ‘Z.spline.Jaida’
Flavors: r-devel-linux-x86_64-fedora-gcc, r-devel-windows-ix86+x86_64, r-patched-solaris-sparc, r-patched-solaris-x86, r-release-osx-x86_64-mavericks, r-release-windows-ix86+x86_64, r-oldrel-windows-ix86+x86_64