CRAN Package Check Results for Package SemiParBIVProbit

Last updated on 2015-08-28 08:47:13.

Flavor Version Tinstall Tcheck Ttotal Status Flags
r-devel-linux-x86_64-debian-clang 3.6 4.95 87.52 92.47 OK
r-devel-linux-x86_64-debian-gcc 3.6 4.80 84.47 89.27 OK
r-devel-linux-x86_64-fedora-clang 3.6 182.31 OK
r-devel-linux-x86_64-fedora-gcc 3.6 168.37 OK
r-devel-osx-x86_64-clang 3.6 152.86 OK
r-devel-windows-ix86+x86_64 3.6 21.00 131.00 152.00 OK
r-patched-linux-x86_64 3.6 5.02 88.19 93.21 OK
r-patched-solaris-sparc 3.6 1044.30 OK
r-patched-solaris-x86 3.6 203.30 OK
r-release-linux-x86_64 3.6 4.97 88.20 93.17 OK
r-release-osx-x86_64-mavericks 3.6 ERROR
r-release-windows-ix86+x86_64 3.6 22.00 147.00 169.00 OK
r-oldrel-windows-ix86+x86_64 3.4 19.00 148.00 167.00 OK

Check Details

Version: 3.6
Check: whether package can be installed
Result: ERROR
    Installation failed.
Flavor: r-release-osx-x86_64-mavericks