CRAN Package Check Results for Package SemiParBIVProbit

Last updated on 2015-07-05 08:47:35.

Flavor Version Tinstall Tcheck Ttotal Status Flags
r-devel-linux-x86_64-debian-clang 3.4 4.76 74.82 79.57 NOTE
r-devel-linux-x86_64-debian-gcc 3.4 4.35 75.06 79.40 NOTE
r-devel-linux-x86_64-fedora-clang 3.4 156.83 NOTE
r-devel-linux-x86_64-fedora-gcc 3.4 151.68 NOTE
r-devel-osx-x86_64-clang 3.4 130.67 OK
r-devel-windows-ix86+x86_64 3.4 11.00 98.00 109.00 NOTE
r-patched-linux-x86_64 3.4 4.36 73.79 78.15 OK
r-patched-solaris-sparc 3.4 830.60 OK
r-patched-solaris-x86 3.4 215.40 OK
r-release-linux-x86_64 3.4 4.37 72.05 76.42 OK
r-release-osx-x86_64-mavericks 3.4 OK
r-release-windows-ix86+x86_64 3.4 19.00 104.00 123.00 OK
r-oldrel-windows-ix86+x86_64 3.4 28.00 138.00 166.00 OK

Check Details

Version: 3.4
Check: R code for possible problems
Result: NOTE
    AT: no visible global function definition for ‘coef’
    AT : integr0: no visible global function definition for ‘integrate’
    AT : integr1: no visible global function definition for ‘integrate’
    AT: no visible global function definition for ‘pnorm’
    AT: no visible global function definition for ‘dnorm’
    AT: no visible global function definition for ‘hist’
    AT: no visible global function definition for ‘density’
    AT: no visible global function definition for ‘lines’
    AT: no visible global function definition for ‘qnorm’
    AT: no visible global function definition for ‘quantile’
    BiCDF: no visible global function definition for ‘qnorm’
    LM.bpm: no visible binding for global variable ‘na.pass’
    LM.bpm: no visible global function definition for ‘na.omit’
    LM.bpm: no visible global function definition for ‘model.matrix’
    LM.bpm: no visible global function definition for ‘coef’
    LM.bpm: no visible global function definition for ‘pchisq’
    S.m: no visible global function definition for ‘coef’
    SemiParBIVProbit: no visible binding for global variable ‘na.pass’
    SemiParBIVProbit: no visible global function definition for ‘na.omit’
    SemiParBIVProbit: no visible global function definition for
     ‘model.matrix’
    SemiParBIVProbit: no visible global function definition for ‘update’
    SemiParBIVProbit: no visible global function definition for ‘coef’
    SemiParBIVProbit: no visible global function definition for ‘residuals’
    SemiParBIVProbit: no visible global function definition for ‘cor’
    SemiParBIVProbit: no visible global function definition for ‘rnorm’
    SemiParBIVProbit: no visible global function definition for
     ‘as.formula’
    SemiParBIVProbit.fit.post: no visible global function definition for
     ‘pnorm’
    VuongClarke: no visible global function definition for ‘var’
    VuongClarke: no visible global function definition for ‘qnorm’
    VuongClarke: no visible global function definition for ‘pbinom’
    adjCov: no visible global function definition for
     ‘aggregate.data.frame’
    adjCov: no visible global function definition for ‘var’
    bprobgHs: no visible global function definition for ‘pnorm’
    bprobgHs: no visible global function definition for ‘dnorm’
    bprobgHsCont: no visible global function definition for ‘pnorm’
    bprobgHsCont: no visible global function definition for ‘dnorm’
    bprobgHsPO: no visible global function definition for ‘pnorm’
    bprobgHsPO: no visible global function definition for ‘dnorm’
    bprobgHsPO0: no visible global function definition for ‘pnorm’
    bprobgHsPO0: no visible global function definition for ‘dnorm’
    bprobgHsSS: no visible global function definition for ‘pnorm’
    bprobgHsSS: no visible global function definition for ‘dnorm’
    copgHs: no visible global function definition for ‘pnorm’
    copgHs: no visible global function definition for ‘qnorm’
    copgHs: no visible global function definition for ‘dnorm’
    copgHsAT: no visible global function definition for ‘pnorm’
    copgHsAT: no visible global function definition for ‘qnorm’
    copgHsCont: no visible global function definition for ‘qnorm’
    copgHsCont: no visible global function definition for ‘dnorm’
    distrHs : fp: no visible global function definition for ‘pgamma’
    distrHs: no visible global function definition for ‘dnorm’
    distrHs: no visible global function definition for ‘pnorm’
    distrHs: no visible global function definition for ‘dlogis’
    distrHs: no visible global function definition for ‘plogis’
    distrHs: no visible global function definition for ‘dgamma’
    distrHs: no visible global function definition for ‘pgamma’
    distrHsAT: no visible global function definition for ‘dnorm’
    distrHsAT: no visible global function definition for ‘pnorm’
    distrHsAT: no visible global function definition for ‘dlnorm’
    distrHsAT: no visible global function definition for ‘plnorm’
    distrHsAT: no visible global function definition for ‘dlogis’
    distrHsAT: no visible global function definition for ‘plogis’
    distrHsAT: no visible global function definition for ‘dgamma’
    distrHsAT: no visible global function definition for ‘pgamma’
    gt.bpm: no visible global function definition for ‘coef’
    gt.bpm: no visible global function definition for ‘pnorm’
    gt.bpm: no visible global function definition for ‘pchisq’
    mb : Cn.fun: no visible global function definition for ‘pnorm’
    mb: no visible global function definition for ‘sd’
    mb: no visible global function definition for ‘uniroot’
    polys.map: no visible global function definition for ‘getFromNamespace’
    polys.map: no visible global function definition for ‘par’
    polys.map: no visible global function definition for ‘heat.colors’
    polys.map: no visible global function definition for ‘terrain.colors’
    polys.map: no visible global function definition for ‘topo.colors’
    polys.map: no visible global function definition for ‘cm.colors’
    polys.map: no visible global function definition for ‘gray’
    polys.map: no visible global function definition for ‘plot’
    polys.map: no visible global function definition for ‘axTicks’
    polys.map: no visible global function definition for ‘polygon’
    prev: no visible global function definition for ‘coef’
    prev: no visible global function definition for ‘weighted.mean’
    prev: no visible global function definition for ‘pnorm’
    prev: no visible global function definition for ‘dnorm’
    prev: no visible binding for global variable ‘weighted.mean’
    prev: no visible global function definition for ‘qnorm’
    prev: no visible global function definition for ‘quantile’
    prev: no visible global function definition for ‘hist’
    prev: no visible global function definition for ‘density’
    prev: no visible global function definition for ‘lines’
    print.summary.SemiParBIVProbit: no visible global function definition
     for ‘printCoefmat’
    rMVN: no visible global function definition for ‘rnorm’
    resp.check: no visible global function definition for ‘na.omit’
    resp.check: no visible global function definition for ‘par’
    resp.check: no visible global function definition for ‘hist’
    resp.check: no visible global function definition for ‘xspline’
    resp.check: no visible global function definition for ‘qqnorm’
    resp.check: no visible global function definition for ‘qnorm’
    resp.check: no visible global function definition for ‘abline’
    summary.SemiParBIVProbit: no visible global function definition for
     ‘getFromNamespace’
    summary.SemiParBIVProbit: no visible binding for global variable
     ‘quantile’
    summary.SemiParBIVProbit: no visible global function definition for
     ‘pnorm’
    summary.SemiParBIVProbit: no visible global function definition for
     ‘quantile’
    summary.SemiParBIVProbit: no visible global function definition for
     ‘coef’
    summary.SemiParBIVProbit : Cop.pdf: no visible global function
     definition for ‘qnorm’
    summary.SemiParBIVProbit : Cplot: no visible global function definition
     for ‘dnorm’
    summary.SemiParBIVProbit : Cplot: no visible global function definition
     for ‘pnorm’
    summary.SemiParBIVProbit : Cplot: no visible global function definition
     for ‘dlnorm’
    summary.SemiParBIVProbit : Cplot: no visible global function definition
     for ‘plnorm’
    summary.SemiParBIVProbit : Cplot: no visible global function definition
     for ‘dlogis’
    summary.SemiParBIVProbit : Cplot: no visible global function definition
     for ‘plogis’
    summary.SemiParBIVProbit : Cplot: no visible global function definition
     for ‘dgamma’
    summary.SemiParBIVProbit : Cplot: no visible global function definition
     for ‘pgamma’
    summary.SemiParBIVProbit : Cplot: no visible binding for global
     variable ‘heat.colors’
    Undefined global functions or variables:
     abline aggregate.data.frame as.formula axTicks cm.colors coef cor
     density dgamma dlnorm dlogis dnorm getFromNamespace gray heat.colors
     hist integrate lines model.matrix na.omit na.pass par pbinom pchisq
     pgamma plnorm plogis plot pnorm polygon printCoefmat qnorm qqnorm
     quantile residuals rnorm sd terrain.colors topo.colors uniroot update
     var weighted.mean xspline
Flavors: r-devel-linux-x86_64-debian-clang, r-devel-linux-x86_64-debian-gcc, r-devel-linux-x86_64-fedora-clang, r-devel-linux-x86_64-fedora-gcc, r-devel-windows-ix86+x86_64