CRAN Package Check Results for Package SemiParBIVProbit

Last updated on 2017-06-25 06:47:59.

Flavor Version Tinstall Tcheck Ttotal Status Flags
r-devel-linux-x86_64-debian-clang 3.8-2 7.32 242.15 249.47 OK
r-devel-linux-x86_64-debian-gcc 3.8-2 0.56 2.12 2.68 ERROR
r-devel-linux-x86_64-fedora-clang 3.8-2 462.50 OK
r-devel-linux-x86_64-fedora-gcc 3.8-2 443.80 OK
r-devel-windows-ix86+x86_64 3.8-2 27.00 416.00 443.00 OK
r-patched-linux-x86_64 3.8-2 7.85 250.06 257.91 OK
r-patched-solaris-sparc 3.8-1 2524.80 OK
r-patched-solaris-x86 3.8-2 465.30 OK
r-release-linux-x86_64 3.8-2 7.85 248.88 256.74 OK
r-release-windows-ix86+x86_64 3.8-2 33.00 490.00 523.00 OK
r-release-osx-x86_64 3.8-1 ERROR
r-oldrel-windows-ix86+x86_64 3.8-2 34.00 423.00 457.00 OK
r-oldrel-osx-x86_64 3.8-2 OK

Check Details

Version: 3.8-2
Check: package dependencies
Result: ERROR
    Packages required but not available: ‘VineCopula’ ‘copula’
    
    See section ‘The DESCRIPTION file’ in the ‘Writing R Extensions’
    manual.
Flavor: r-devel-linux-x86_64-debian-gcc

Version: 3.8-1
Check: package dependencies
Result: ERROR
    Package required but not available: ‘Rmpfr’
    
    See section ‘The DESCRIPTION file’ in the ‘Writing R Extensions’
    manual.
Flavor: r-release-osx-x86_64