CRAN Package Check Results for Package SemiParBIVProbit

Last updated on 2014-04-19 01:48:27.

Flavor Version Tinstall Tcheck Ttotal Status Flags
r-devel-linux-x86_64-debian-clang 3.2-10 6.15 226.70 232.84 OK
r-devel-linux-x86_64-debian-gcc OK
r-devel-linux-x86_64-fedora-clang 3.2-10 505.54 OK
r-devel-linux-x86_64-fedora-gcc 3.2-10 467.91 OK
r-devel-macosx-x86_64-clang 3.2-10 359.38 OK
r-devel-macosx-x86_64-gcc 3.2-10 ERROR
r-devel-windows-ix86+x86_64 3.2-10 15.00 271.00 286.00 OK
r-patched-linux-x86_64 3.2-10 6.09 233.60 239.69 OK
r-patched-solaris-sparc 3.2-10 2632.40 OK
r-patched-solaris-x86 3.2-10 518.60 OK
r-release-linux-ix86 3.2-10 12.00 331.00 343.00 OK
r-release-linux-x86_64 3.2-10 6.05 234.04 240.09 OK
r-release-macosx-x86_64 3.2-10 OK
r-release-windows-ix86+x86_64 3.2-10 16.00 295.00 311.00 OK
r-oldrel-windows-ix86+x86_64 3.2-10 17.00 283.00 300.00 OK

Check Details

Version: 3.2-10
Check: package dependencies
Result: ERROR
    Packages required but not available: ‘CDVine’ ‘VineCopula’ ‘survey’
    
    See the information on DESCRIPTION files in the chapter ‘Creating R
    packages’ of the ‘Writing R Extensions’ manual.
Flavor: r-devel-macosx-x86_64-gcc