CRAN Package Check Results for Package SemiParBIVProbit

Last updated on 2017-04-28 23:52:44.

Flavor Version Tinstall Tcheck Ttotal Status Flags
r-devel-linux-x86_64-debian-clang 3.8-1 7.31 219.66 226.97 OK
r-devel-linux-x86_64-debian-gcc 3.8-1 7.24 213.25 220.49 OK
r-devel-linux-x86_64-fedora-clang 3.8-1 421.61 OK --no-stop-on-test-error
r-devel-linux-x86_64-fedora-gcc 3.8-1 401.19 OK --no-stop-on-test-error
r-devel-windows-ix86+x86_64 3.8-1 32.00 414.00 446.00 OK
r-patched-linux-x86_64 3.8-1 6.85 209.69 216.54 OK
r-patched-solaris-sparc 3.8-1 2524.80 OK
r-patched-solaris-x86 3.8-1 459.60 OK
r-release-linux-x86_64 3.8-1 7.12 214.68 221.80 OK
r-release-windows-ix86+x86_64 3.8-1 29.00 413.00 442.00 OK
r-release-osx-x86_64 3.8-1 ERROR
r-oldrel-windows-ix86+x86_64 3.8-1 25.00 340.00 365.00 OK
r-oldrel-osx-x86_64 3.8-1 OK

Check Details

Version: 3.8-1
Check: package dependencies
Result: ERROR
    Package required but not available: ‘Rmpfr’
    
    See section ‘The DESCRIPTION file’ in the ‘Writing R Extensions’
    manual.
Flavor: r-release-osx-x86_64