CRAN Package Check Results for Package SemiParBIVProbit

Last updated on 2014-08-27 11:51:03.

Flavor Version Tinstall Tcheck Ttotal Status Flags
r-devel-linux-x86_64-debian-clang 3.2-11 6.72 221.36 228.07 NOTE
r-devel-linux-x86_64-debian-gcc 3.2-11 6.71 214.82 221.53 NOTE
r-devel-linux-x86_64-fedora-clang 3.2-11 497.05 NOTE
r-devel-linux-x86_64-fedora-gcc 3.2-11 481.85 NOTE
r-devel-osx-x86_64-clang 3.2-11 337.48 NOTE
r-devel-windows-ix86+x86_64 3.2-11 16.00 252.00 268.00 NOTE
r-patched-linux-x86_64 3.2-11 7.02 230.95 237.97 OK
r-patched-solaris-sparc 3.2-11 2732.10 OK
r-patched-solaris-x86 3.2-11 566.40 OK
r-release-linux-ix86 3.2-11 8.32 265.36 273.68 OK
r-release-linux-x86_64 3.2-11 7.19 233.16 240.35 OK
r-release-osx-x86_64-mavericks 3.2-11 OK
r-release-osx-x86_64-snowleopard 3.2-11 OK
r-release-windows-ix86+x86_64 3.2-11 18.00 301.00 319.00 OK
r-oldrel-windows-ix86+x86_64 3.2-11 20.00 284.00 304.00 OK

Check Details

Version: 3.2-11
Check: package namespace information
Result: NOTE
     Namespace with empty importFrom: ‘mgcv’
Flavors: r-devel-linux-x86_64-debian-clang, r-devel-linux-x86_64-debian-gcc, r-devel-linux-x86_64-fedora-clang, r-devel-linux-x86_64-fedora-gcc, r-devel-osx-x86_64-clang, r-devel-windows-ix86+x86_64

Version: 3.2-11
Check: R code for possible problems
Result: NOTE
    LM.bpm: no visible global function definition for ‘gam’
    SemiParBIVProbit.fit: no visible global function definition for ‘magic’
    copgHs: no visible global function definition for ‘BiCopHfunc’
    copgHs: no visible global function definition for ‘BiCopPDF’
    plot.SemiParBIVProbit: no visible global function definition for
     ‘plot.gam’
    predict.SemiParBIVProbit: no visible global function definition for
     ‘predict.gam’
Flavors: r-devel-linux-x86_64-debian-clang, r-devel-linux-x86_64-debian-gcc, r-devel-linux-x86_64-fedora-clang, r-devel-linux-x86_64-fedora-gcc, r-devel-osx-x86_64-clang, r-devel-windows-ix86+x86_64