CRAN Package Check Results for Package SemiParBIVProbit

Last updated on 2015-04-27 10:49:00.

Flavor Version Tinstall Tcheck Ttotal Status Flags
r-devel-linux-x86_64-debian-clang 3.3 4.97 91.45 96.42 OK
r-devel-linux-x86_64-debian-gcc 3.3 4.54 89.44 93.98 OK
r-devel-linux-x86_64-fedora-clang 3.3 205.27 OK
r-devel-linux-x86_64-fedora-gcc 3.3 181.56 OK
r-devel-osx-x86_64-clang 3.3 160.53 OK
r-devel-windows-ix86+x86_64 3.3 13.00 136.00 149.00 OK
r-patched-linux-x86_64 3.3 4.74 82.34 87.07 OK
r-patched-solaris-sparc 3.3 1140.10 OK
r-patched-solaris-x86 3.3 246.60 OK
r-release-linux-x86_64 3.3 4.51 91.96 96.47 OK
r-release-osx-x86_64-mavericks 3.3 OK
r-release-osx-x86_64-snowleopard 3.3 ERROR
r-release-windows-ix86+x86_64 3.3 18.00 165.00 183.00 OK
r-oldrel-windows-ix86+x86_64 3.3 16.00 150.00 166.00 OK

Check Details

Version: 3.3
Check: package dependencies
Result: ERROR
    Packages required but not available: ‘VineCopula’ ‘survey’
    
    See section ‘The DESCRIPTION file’ in the ‘Writing R Extensions’
    manual.
Flavor: r-release-osx-x86_64-snowleopard