CRAN Package Check Results for Package SemiParBIVProbit

Last updated on 2015-01-27 12:47:39.

Flavor Version Tinstall Tcheck Ttotal Status Flags
r-devel-linux-x86_64-debian-clang 3.2-13.2 5.29 98.78 104.06 OK
r-devel-linux-x86_64-debian-gcc 3.2-13.2 5.38 97.50 102.88 NOTE
r-devel-linux-x86_64-fedora-clang 3.2-13.2 253.49 NOTE
r-devel-linux-x86_64-fedora-gcc 3.2-13.2 237.42 NOTE
r-devel-osx-x86_64-clang 3.2-13.2 205.63 NOTE
r-devel-windows-ix86+x86_64 3.2-13.2 14.00 116.00 130.00 OK
r-patched-linux-x86_64 3.2-13.2 6.20 107.29 113.49 OK
r-patched-solaris-sparc 3.2-13.2 1277.90 OK
r-patched-solaris-x86 3.2-13.2 314.70 OK
r-release-linux-ix86 3.2-13.2 7.26 123.78 131.04 OK
r-release-linux-x86_64 3.2-13.2 6.26 117.96 124.22 OK
r-release-osx-x86_64-mavericks 3.2-13.2 OK
r-release-osx-x86_64-snowleopard 3.2-13.2 OK
r-release-windows-ix86+x86_64 3.2-13.2 20.00 153.00 173.00 OK
r-oldrel-windows-ix86+x86_64 3.2-12 16.00 142.00 158.00 OK

Check Details

Version: 3.2-13.2
Check: S3 generic/method consistency
Result: NOTE
    Found the following apparent S3 methods exported but not registered:
     print.est.prev print.mb logLik.SemiParBIVProbit
     predict.SemiParBIVProbit
    See section ‘Registering S3 methods’ in the ‘Writing R Extensions’
    manual.
Flavors: r-devel-linux-x86_64-debian-gcc, r-devel-linux-x86_64-fedora-clang, r-devel-linux-x86_64-fedora-gcc, r-devel-osx-x86_64-clang