CRAN Package Check Results for Package SemiParBIVProbit

Last updated on 2014-09-30 11:48:34.

Flavor Version Tinstall Tcheck Ttotal Status Flags
r-devel-linux-x86_64-debian-clang 3.2-11 6.70 215.88 222.57 NOTE
r-devel-linux-x86_64-debian-gcc 3.2-11 6.60 210.58 217.18 NOTE
r-devel-linux-x86_64-fedora-clang 3.2-11 488.73 NOTE
r-devel-linux-x86_64-fedora-gcc 3.2-11 448.21 NOTE
r-devel-osx-x86_64-clang 3.2-11 339.93 NOTE
r-devel-windows-ix86+x86_64 3.2-11 18.00 247.00 265.00 NOTE
r-patched-linux-x86_64 3.2-11 7.00 236.77 243.77 OK
r-patched-solaris-sparc 3.2-11 2732.10 OK
r-patched-solaris-x86 3.2-11 580.30 OK
r-release-linux-ix86 3.2-11 8.33 271.54 279.87 OK
r-release-linux-x86_64 3.2-11 7.28 231.74 239.01 OK
r-release-osx-x86_64-mavericks 3.2-11 OK
r-release-osx-x86_64-snowleopard 3.2-11 OK
r-release-windows-ix86+x86_64 3.2-11 18.00 302.00 320.00 OK
r-oldrel-windows-ix86+x86_64 3.2-11 21.00 294.00 315.00 OK

Check Details

Version: 3.2-11
Check: package namespace information
Result: NOTE
     Namespace with empty importFrom: ‘mgcv’
Flavors: r-devel-linux-x86_64-debian-clang, r-devel-linux-x86_64-debian-gcc, r-devel-linux-x86_64-fedora-clang, r-devel-linux-x86_64-fedora-gcc, r-devel-osx-x86_64-clang, r-devel-windows-ix86+x86_64

Version: 3.2-11
Check: R code for possible problems
Result: NOTE
    LM.bpm: no visible global function definition for ‘gam’
    SemiParBIVProbit.fit: no visible global function definition for ‘magic’
    copgHs: no visible global function definition for ‘BiCopHfunc’
    copgHs: no visible global function definition for ‘BiCopPDF’
    plot.SemiParBIVProbit: no visible global function definition for
     ‘plot.gam’
    predict.SemiParBIVProbit: no visible global function definition for
     ‘predict.gam’
Flavors: r-devel-linux-x86_64-debian-clang, r-devel-linux-x86_64-debian-gcc, r-devel-linux-x86_64-fedora-clang, r-devel-linux-x86_64-fedora-gcc, r-devel-osx-x86_64-clang, r-devel-windows-ix86+x86_64