CRAN Package Check Results for Package SemiParBIVProbit

Last updated on 2015-05-25 22:47:20.

Flavor Version Tinstall Tcheck Ttotal Status Flags
r-devel-linux-x86_64-debian-clang 3.3 4.77 91.98 96.74 OK
r-devel-linux-x86_64-debian-gcc 3.3 4.44 89.10 93.54 OK
r-devel-linux-x86_64-fedora-clang 3.3 192.70 OK
r-devel-linux-x86_64-fedora-gcc 3.3 186.28 OK
r-devel-osx-x86_64-clang 3.3 167.49 OK
r-devel-windows-ix86+x86_64 3.3 12.00 125.00 137.00 OK
r-patched-linux-x86_64 3.3 4.46 91.12 95.57 OK
r-patched-solaris-sparc 3.3 1137.50 OK
r-patched-solaris-x86 3.3 244.60 OK
r-release-linux-x86_64 3.3 4.51 89.48 93.98 OK
r-release-osx-x86_64-mavericks 3.3 OK
r-release-osx-x86_64-snowleopard 3.3 ERROR
r-release-windows-ix86+x86_64 3.3 12.00 123.00 135.00 OK
r-oldrel-windows-ix86+x86_64 3.3 19.00 150.00 169.00 OK

Check Details

Version: 3.3
Check: package dependencies
Result: ERROR
    Packages required but not available: ‘VineCopula’ ‘survey’
    
    See section ‘The DESCRIPTION file’ in the ‘Writing R Extensions’
    manual.
Flavor: r-release-osx-x86_64-snowleopard