CRAN Package Check Results for Package SemiParSampleSel

Last updated on 2015-05-28 00:47:12.

Flavor Version Tinstall Tcheck Ttotal Status Flags
r-devel-linux-x86_64-debian-clang 1.2 5.19 92.39 97.58 NOTE
r-devel-linux-x86_64-debian-gcc 1.2 4.17 89.60 93.78 NOTE
r-devel-linux-x86_64-fedora-clang 1.2 185.00 NOTE
r-devel-linux-x86_64-fedora-gcc 1.2 178.65 NOTE
r-devel-osx-x86_64-clang 1.2 160.53 NOTE
r-devel-windows-ix86+x86_64 1.2 13.00 117.00 130.00 OK
r-patched-linux-x86_64 1.2 4.08 77.43 81.51 NOTE
r-patched-solaris-sparc 1.2 1102.10 NOTE
r-patched-solaris-x86 1.2 233.00 NOTE
r-release-linux-x86_64 1.2 4.47 92.27 96.74 NOTE
r-release-osx-x86_64-mavericks 1.2 OK
r-release-osx-x86_64-snowleopard 1.2 OK
r-release-windows-ix86+x86_64 1.2 11.00 119.00 130.00 OK
r-oldrel-windows-ix86+x86_64 1.2 15.00 137.00 152.00 OK

Check Details

Version: 1.2
Check: S3 generic/method consistency
Result: NOTE
    Found the following apparent S3 methods exported but not registered:
     logLik.SemiParSampleSel predict.SemiParSampleSel print.est.aver
    See section ‘Registering S3 methods’ in the ‘Writing R Extensions’
    manual.
Flavors: r-devel-linux-x86_64-debian-clang, r-devel-linux-x86_64-debian-gcc, r-devel-linux-x86_64-fedora-clang, r-devel-linux-x86_64-fedora-gcc, r-devel-osx-x86_64-clang, r-patched-linux-x86_64, r-patched-solaris-sparc, r-patched-solaris-x86, r-release-linux-x86_64