CRAN Package Check Results for Package SemiParSampleSel

Last updated on 2014-07-26 16:48:44.

Flavor Version Tinstall Tcheck Ttotal Status Flags
r-devel-linux-x86_64-debian-clang 1.1 4.46 68.03 72.49 OK
r-devel-linux-x86_64-debian-gcc 1.1 4.28 66.70 70.98 OK
r-devel-linux-x86_64-fedora-clang 1.1 169.71 OK
r-devel-linux-x86_64-fedora-gcc 1.1 161.46 OK
r-devel-osx-x86_64-clang 1.1 124.47 OK
r-devel-windows-ix86+x86_64 1.1 12.00 92.00 104.00 OK
r-patched-linux-x86_64 1.1 4.40 68.39 72.78 OK
r-patched-solaris-sparc 1.1 873.50 OK
r-patched-solaris-x86 1.1 209.20 OK
r-release-linux-ix86 1.1 5.21 81.47 86.68 OK
r-release-linux-x86_64 1.1 5.95 68.63 74.58 OK
r-release-osx-x86_64-mavericks 1.1 ERROR
r-release-osx-x86_64-snowleopard 1.1 OK
r-release-windows-ix86+x86_64 1.1 11.00 98.00 109.00 OK
r-oldrel-windows-ix86+x86_64 1.1 15.00 91.00 106.00 OK

Check Details

Version: 1.1
Check: package dependencies
Result: ERROR
    Package required but not available: ‘copula’
    
    See the information on DESCRIPTION files in the chapter ‘Creating R
    packages’ of the ‘Writing R Extensions’ manual.
Flavor: r-release-osx-x86_64-mavericks