CRAN Package Check Results for Package SemiParSampleSel

Last updated on 2014-08-02 07:50:27.

Flavor Version Tinstall Tcheck Ttotal Status Flags
r-devel-linux-x86_64-debian-clang 1.1 4.51 69.44 73.95 OK
r-devel-linux-x86_64-debian-gcc 1.1 4.53 67.23 71.76 OK
r-devel-linux-x86_64-fedora-clang 1.1 169.71 OK
r-devel-linux-x86_64-fedora-gcc 1.1 161.46 OK
r-devel-osx-x86_64-clang 1.1 123.71 OK
r-devel-windows-ix86+x86_64 1.1 14.00 88.00 102.00 OK
r-patched-linux-x86_64 1.1 4.49 68.80 73.29 OK
r-patched-solaris-sparc 1.1 906.30 OK
r-patched-solaris-x86 1.1 209.40 OK
r-release-linux-ix86 1.1 5.20 82.19 87.39 OK
r-release-linux-x86_64 1.1 4.51 69.32 73.83 OK
r-release-osx-x86_64-mavericks 1.1 ERROR
r-release-osx-x86_64-snowleopard 1.1 OK
r-release-windows-ix86+x86_64 1.1 13.00 99.00 112.00 OK
r-oldrel-windows-ix86+x86_64 1.1 19.00 128.00 147.00 OK

Check Details

Version: 1.1
Check: package dependencies
Result: ERROR
    Package required but not available: copula
    
    See the information on DESCRIPTION files in the chapter Creating R
    packages of the Writing R Extensions manual.
Flavor: r-release-osx-x86_64-mavericks