CRAN Package Check Results for Package SemiParSampleSel

Last updated on 2015-08-29 20:48:17.

Flavor Version Tinstall Tcheck Ttotal Status Flags
r-devel-linux-x86_64-debian-clang 1.2 3.60 88.33 91.93 NOTE
r-devel-linux-x86_64-debian-gcc 1.2 3.79 84.93 88.72 NOTE
r-devel-linux-x86_64-fedora-clang 1.2 179.79 NOTE
r-devel-linux-x86_64-fedora-gcc 1.2 169.09 NOTE
r-devel-osx-x86_64-clang 1.2 147.96 NOTE
r-devel-windows-ix86+x86_64 1.2 16.00 130.00 146.00 NOTE
r-patched-linux-x86_64 1.2 3.99 99.48 103.46 NOTE
r-patched-solaris-sparc 1.2 1177.20 NOTE
r-patched-solaris-x86 1.2 235.60 NOTE
r-release-linux-x86_64 1.2 5.11 94.22 99.33 NOTE
r-release-osx-x86_64-mavericks 1.2 OK
r-release-windows-ix86+x86_64 1.2 14.00 145.00 159.00 OK
r-oldrel-windows-ix86+x86_64 1.2 22.00 210.00 232.00 OK

Check Details

Version: 1.2
Check: S3 generic/method consistency
Result: NOTE
    Found the following apparent S3 methods exported but not registered:
     logLik.SemiParSampleSel predict.SemiParSampleSel print.est.aver
    See section ‘Registering S3 methods’ in the ‘Writing R Extensions’
    manual.
Flavors: r-devel-linux-x86_64-debian-clang, r-devel-linux-x86_64-debian-gcc, r-devel-linux-x86_64-fedora-clang, r-devel-linux-x86_64-fedora-gcc, r-devel-osx-x86_64-clang, r-patched-linux-x86_64, r-patched-solaris-sparc, r-patched-solaris-x86, r-release-linux-x86_64

Version: 1.2
Check: R code for possible problems
Result: NOTE
    SemiParSampleSel: no visible binding for global variable ‘na.pass’
    SemiParSampleSel: no visible global function definition for ‘na.omit’
    SemiParSampleSel: no visible global function definition for
     ‘model.matrix’
    SemiParSampleSel: no visible global function definition for ‘predict’
    SemiParSampleSel: no visible global function definition for ‘dnorm’
    SemiParSampleSel: no visible global function definition for ‘pnorm’
    SemiParSampleSel: no visible global function definition for
     ‘update.formula’
    SemiParSampleSel: no visible global function definition for ‘residuals’
    SemiParSampleSel: no visible global function definition for ‘qlogis’
    SemiParSampleSel: no visible global function definition for
     ‘as.formula’
    SemiParSampleSel: no visible global function definition for ‘plogis’
    VuongClarke.bcm: no visible global function definition for ‘var’
    VuongClarke.bcm: no visible global function definition for ‘qnorm’
    VuongClarke.bcm: no visible global function definition for ‘pbinom’
    bitsgHs: no visible global function definition for ‘qnorm’
    bitsgHs: no visible global function definition for ‘dnorm’
    bitsgHs: no visible global function definition for ‘pnorm’
    est.aver: no visible binding for global variable ‘weighted.mean’
    est.aver: no visible global function definition for ‘weighted.mean’
    est.aver: no visible global function definition for ‘qnorm’
    ghss: no visible global function definition for ‘pnorm’
    ghss: no visible global function definition for ‘dnorm’
    ghss: no visible global function definition for ‘pgamma’
    ghss: no visible global function definition for ‘dgamma’
    ghss : Gkf : <anonymous>: no visible global function definition for
     ‘integrate’
    ghss : G2kf : <anonymous>: no visible global function definition for
     ‘integrate’
    ghssD: no visible global function definition for ‘pnorm’
    ghssD: no visible global function definition for ‘dnorm’
    ghssD: no visible global function definition for ‘ppois’
    ghssD: no visible global function definition for ‘dpois’
    ghssD : df2.int: no visible global function definition for ‘dpois’
    ghssD: no visible global function definition for ‘plogis’
    ghssD: no visible global function definition for ‘qnorm’
    print.summary.SemiParSampleSel: no visible global function definition
     for ‘printCoefmat’
    summary.SemiParSampleSel: no visible global function definition for
     ‘plogis’
    summary.SemiParSampleSel: no visible global function definition for
     ‘quantile’
    summary.SemiParSampleSel: no visible global function definition for
     ‘pnorm’
    summary.SemiParSampleSel: no visible global function definition for
     ‘pchisq’
    Undefined global functions or variables:
     as.formula dgamma dnorm dpois integrate model.matrix na.omit na.pass
     pbinom pchisq pgamma plogis pnorm ppois predict printCoefmat qlogis
     qnorm quantile residuals update.formula var weighted.mean
    Consider adding
     importFrom("stats", "as.formula", "dgamma", "dnorm", "dpois",
     "integrate", "model.matrix", "na.omit", "na.pass", "pbinom",
     "pchisq", "pgamma", "plogis", "pnorm", "ppois", "predict",
     "printCoefmat", "qlogis", "qnorm", "quantile", "residuals",
     "update.formula", "var", "weighted.mean")
    to your NAMESPACE.
Flavors: r-devel-linux-x86_64-debian-clang, r-devel-linux-x86_64-debian-gcc, r-devel-linux-x86_64-fedora-clang, r-devel-linux-x86_64-fedora-gcc, r-devel-windows-ix86+x86_64