CRAN Package Check Results for Package SemiParSampleSel

Last updated on 2014-12-21 01:47:09.

Flavor Version Tinstall Tcheck Ttotal Status Flags
r-devel-linux-x86_64-debian-clang 1.1-1 5.42 65.44 70.86 OK
r-devel-linux-x86_64-debian-gcc 1.1-1 4.04 63.02 67.06 OK
r-devel-linux-x86_64-fedora-clang 1.1-1 168.85 OK
r-devel-linux-x86_64-fedora-gcc 1.1-1 150.83 OK
r-devel-osx-x86_64-clang 1.1-1 136.73 OK
r-devel-windows-ix86+x86_64 1.1-1 15.00 92.00 107.00 OK
r-patched-linux-x86_64 1.1-1 4.70 69.14 73.84 OK
r-patched-solaris-sparc 1.1-1 840.40 OK
r-patched-solaris-x86 1.1-1 209.50 OK
r-release-linux-ix86 1.1-1 5.11 79.63 84.74 OK
r-release-linux-x86_64 1.1-1 4.39 69.12 73.51 OK
r-release-osx-x86_64-mavericks 1.1-1 ERROR
r-release-osx-x86_64-snowleopard 1.1-1 OK
r-release-windows-ix86+x86_64 1.1-1 15.00 94.00 109.00 OK
r-oldrel-windows-ix86+x86_64 1.1-1 13.00 91.00 104.00 OK

Check Details

Version: 1.1-1
Check: package dependencies
Result: ERROR
    Package required but not available: ‘copula’
    
    See the information on DESCRIPTION files in the chapter ‘Creating R
    packages’ of the ‘Writing R Extensions’ manual.
Flavor: r-release-osx-x86_64-mavericks