CRAN Package Check Results for Package SemiParSampleSel

Last updated on 2014-04-23 17:47:54.

Flavor Version Tinstall Tcheck Ttotal Status Flags
r-devel-linux-x86_64-debian-clang 1.1 4.76 70.50 75.26 OK
r-devel-linux-x86_64-debian-gcc 1.1 4.68 73.36 78.03 OK
r-devel-linux-x86_64-fedora-clang 1.1 172.17 OK
r-devel-linux-x86_64-fedora-gcc 1.1 166.29 OK
r-devel-osx-x86_64-clang 1.1 117.89 OK
r-devel-osx-x86_64-gcc 1.1 OK
r-devel-windows-ix86+x86_64 1.1 14.00 102.00 116.00 OK
r-patched-linux-x86_64 1.1 4.67 70.77 75.44 OK
r-patched-solaris-sparc 1.1 873.50 OK
r-patched-solaris-x86 1.1 209.80 OK
r-release-linux-ix86 1.1 7.00 110.00 117.00 OK
r-release-linux-x86_64 1.1 4.92 73.29 78.21 OK
r-release-osx-x86_64-mavericks 1.1 ERROR
r-release-osx-x86_64-snowleopard 1.1 OK
r-release-windows-ix86+x86_64 1.1 13.00 98.00 111.00 OK
r-oldrel-windows-ix86+x86_64 1.1 13.00 95.00 108.00 OK

Check Details

Version: 1.1
Check: package dependencies
Result: ERROR
    Package required but not available: ‘copula’
    
    See the information on DESCRIPTION files in the chapter ‘Creating R
    packages’ of the ‘Writing R Extensions’ manual.
Flavor: r-release-osx-x86_64-mavericks