CRAN Package Check Results for Package SemiParSampleSel

Last updated on 2014-10-25 11:48:47.

Flavor Version Tinstall Tcheck Ttotal Status Flags
r-devel-linux-x86_64-debian-clang 1.1-1 4.25 65.92 70.18 OK
r-devel-linux-x86_64-debian-gcc 1.1-1 4.10 64.80 68.90 OK
r-devel-linux-x86_64-fedora-clang 1.1-1 166.48 OK
r-devel-linux-x86_64-fedora-gcc 1.1-1 153.35 OK
r-devel-osx-x86_64-clang 1.1-1 131.57 OK
r-devel-windows-ix86+x86_64 1.1-1 11.00 91.00 102.00 OK
r-patched-linux-x86_64 1.1-1 4.43 68.30 72.73 OK
r-patched-solaris-sparc 1.1-1 840.40 OK
r-patched-solaris-x86 1.1-1 214.20 OK
r-release-linux-ix86 1.1-1 5.37 82.91 88.28 OK
r-release-linux-x86_64 1.1-1 4.48 69.70 74.18 OK
r-release-osx-x86_64-mavericks 1.1-1 ERROR
r-release-osx-x86_64-snowleopard 1.1-1 OK
r-release-windows-ix86+x86_64 1.1-1 14.00 104.00 118.00 OK
r-oldrel-windows-ix86+x86_64 1.1-1 11.00 95.00 106.00 OK

Check Details

Version: 1.1-1
Check: package dependencies
Result: ERROR
    Package required but not available: ‘copula’
    
    See the information on DESCRIPTION files in the chapter ‘Creating R
    packages’ of the ‘Writing R Extensions’ manual.
Flavor: r-release-osx-x86_64-mavericks