CRAN Package Check Results for Package SemiParSampleSel

Last updated on 2015-04-18 21:49:17.

Flavor Version Tinstall Tcheck Ttotal Status Flags
r-devel-linux-x86_64-debian-clang 1.2 4.08 103.40 107.48 NOTE
r-devel-linux-x86_64-debian-gcc 1.2 4.14 88.63 92.78 NOTE
r-devel-linux-x86_64-fedora-clang 1.2 187.55 NOTE
r-devel-linux-x86_64-fedora-gcc 1.2 174.81 NOTE
r-devel-osx-x86_64-clang 1.2 158.06 NOTE
r-patched-linux-x86_64 1.2 4.06 90.20 94.26 NOTE
r-patched-solaris-sparc 1.2 1102.00 OK
r-patched-solaris-x86 1.2 226.70 OK
r-release-linux-x86_64 1.2 4.02 90.74 94.76 NOTE
r-release-osx-x86_64-mavericks 1.2 OK
r-release-osx-x86_64-snowleopard 1.2 OK
r-release-windows-ix86+x86_64 1.2 12.00 158.00 170.00 OK
r-oldrel-windows-ix86+x86_64 1.1-1 14.00 90.00 104.00 OK

Check Details

Version: 1.2
Check: S3 generic/method consistency
Result: NOTE
    Found the following apparent S3 methods exported but not registered:
     logLik.SemiParSampleSel predict.SemiParSampleSel print.est.aver
    See section ‘Registering S3 methods’ in the ‘Writing R Extensions’
    manual.
Flavors: r-devel-linux-x86_64-debian-clang, r-devel-linux-x86_64-debian-gcc, r-devel-linux-x86_64-fedora-clang, r-devel-linux-x86_64-fedora-gcc, r-devel-osx-x86_64-clang, r-patched-linux-x86_64, r-release-linux-x86_64