CRAN Package Check Results for Package SemiParSampleSel

Last updated on 2015-01-29 05:48:33.

Flavor Version Tinstall Tcheck Ttotal Status Flags
r-devel-linux-x86_64-debian-clang 1.2 4.44 97.26 101.70 NOTE
r-devel-linux-x86_64-debian-gcc 1.2 4.33 92.54 96.86 NOTE
r-devel-linux-x86_64-fedora-clang 1.2 239.68 NOTE
r-devel-linux-x86_64-fedora-gcc 1.2 215.94 NOTE
r-devel-osx-x86_64-clang 1.2 194.19 NOTE
r-devel-windows-ix86+x86_64 1.2 15.00 120.00 135.00 OK
r-patched-linux-x86_64 1.2 5.30 103.11 108.42 OK
r-patched-solaris-sparc 1.2 1235.10 OK
r-patched-solaris-x86 1.2 296.50 OK
r-release-linux-ix86 1.2 6.02 119.72 125.74 OK
r-release-linux-x86_64 1.2 5.35 105.40 110.74 OK
r-release-osx-x86_64-mavericks 1.2 OK
r-release-osx-x86_64-snowleopard 1.2 OK
r-release-windows-ix86+x86_64 1.2 15.00 141.00 156.00 OK
r-oldrel-windows-ix86+x86_64 1.1-1 14.00 90.00 104.00 OK

Check Details

Version: 1.2
Check: S3 generic/method consistency
Result: NOTE
    Found the following apparent S3 methods exported but not registered:
     print.est.aver logLik.SemiParSampleSel predict.SemiParSampleSel
    See section ‘Registering S3 methods’ in the ‘Writing R Extensions’
    manual.
Flavors: r-devel-linux-x86_64-debian-clang, r-devel-linux-x86_64-debian-gcc, r-devel-linux-x86_64-fedora-clang, r-devel-linux-x86_64-fedora-gcc, r-devel-osx-x86_64-clang