CRAN Package Check Results for Package SemiParSampleSel

Last updated on 2014-11-24 12:47:55.

Flavor Version Tinstall Tcheck Ttotal Status Flags
r-devel-linux-x86_64-debian-clang 1.1-1 4.31 68.74 73.05 OK
r-devel-linux-x86_64-debian-gcc 1.1-1 5.18 63.87 69.05 OK
r-devel-linux-x86_64-fedora-clang 1.1-1 163.94 OK
r-devel-linux-x86_64-fedora-gcc 1.1-1 152.68 OK
r-devel-osx-x86_64-clang 1.1-1 139.09 OK
r-devel-windows-ix86+x86_64 1.1-1 13.00 87.00 100.00 OK
r-patched-linux-x86_64 1.1-1 4.42 69.43 73.85 OK
r-patched-solaris-sparc 1.1-1 840.40 OK
r-patched-solaris-x86 1.1-1 211.10 OK
r-release-linux-ix86 1.1-1 5.32 79.55 84.86 OK
r-release-linux-x86_64 1.1-1 4.42 68.31 72.73 OK
r-release-osx-x86_64-mavericks 1.1-1 ERROR
r-release-osx-x86_64-snowleopard 1.1-1 OK
r-release-windows-ix86+x86_64 1.1-1 13.00 95.00 108.00 OK
r-oldrel-windows-ix86+x86_64 1.1-1 11.00 89.00 100.00 OK

Check Details

Version: 1.1-1
Check: package dependencies
Result: ERROR
    Package required but not available: ‘copula’
    
    See the information on DESCRIPTION files in the chapter ‘Creating R
    packages’ of the ‘Writing R Extensions’ manual.
Flavor: r-release-osx-x86_64-mavericks