CRAN Package Check Results for Package SemiParSampleSel

Last updated on 2015-03-06 21:48:33.

Flavor Version Tinstall Tcheck Ttotal Status Flags
r-devel-linux-x86_64-debian-clang 1.2 3.94 91.29 95.23 NOTE
r-devel-linux-x86_64-debian-gcc 1.2 4.15 88.66 92.81 NOTE
r-devel-linux-x86_64-fedora-clang 1.2 184.05 NOTE
r-devel-linux-x86_64-fedora-gcc 1.2 171.94 NOTE
r-devel-osx-x86_64-clang 1.2 159.78 NOTE
r-devel-windows-ix86+x86_64 1.2 17.00 116.00 133.00 OK
r-patched-linux-x86_64 1.2 5.57 105.13 110.70 OK
r-patched-solaris-sparc 1.2 1365.30 OK
r-patched-solaris-x86 1.2 293.10 OK
r-release-linux-ix86 1.2 6.34 119.68 126.02 OK
r-release-linux-x86_64 1.2 5.74 106.64 112.38 OK
r-release-osx-x86_64-mavericks 1.2 OK
r-release-osx-x86_64-snowleopard 1.2 OK
r-release-windows-ix86+x86_64 1.2 14.00 142.00 156.00 OK
r-oldrel-windows-ix86+x86_64 1.1-1 14.00 90.00 104.00 OK

Check Details

Version: 1.2
Check: S3 generic/method consistency
Result: NOTE
    Found the following apparent S3 methods exported but not registered:
     logLik.SemiParSampleSel predict.SemiParSampleSel print.est.aver
    See section ‘Registering S3 methods’ in the ‘Writing R Extensions’
    manual.
Flavors: r-devel-linux-x86_64-debian-clang, r-devel-linux-x86_64-debian-gcc, r-devel-linux-x86_64-fedora-clang, r-devel-linux-x86_64-fedora-gcc, r-devel-osx-x86_64-clang