CRAN Package Check Results for Package SenSrivastava

Last updated on 2015-01-27 01:48:14.

Flavor Version Tinstall Tcheck Ttotal Status Flags
r-devel-linux-x86_64-debian-clang 2012-04-0 1.09 8.75 9.84 NOTE
r-devel-linux-x86_64-debian-gcc 2012-04-0 1.07 8.12 9.18 NOTE
r-devel-linux-x86_64-fedora-clang 2012-04-0 20.41 NOTE
r-devel-linux-x86_64-fedora-gcc 2012-04-0 19.37 NOTE
r-devel-osx-x86_64-clang 2012-04-0 23.65 OK
r-devel-windows-ix86+x86_64 2012-04-0 5.00 14.00 19.00 OK
r-patched-linux-x86_64 2012-04-0 2.11 8.53 10.64 NOTE
r-patched-solaris-sparc 2012-04-0 123.20 OK
r-patched-solaris-x86 2012-04-0 30.40 OK
r-release-linux-ix86 2012-04-0 1.87 12.52 14.39 OK
r-release-linux-x86_64 2012-04-0 1.43 8.70 10.12 NOTE
r-release-osx-x86_64-mavericks 2012-04-0 OK
r-release-windows-ix86+x86_64 2012-04-0 8.00 16.00 24.00 OK
r-oldrel-windows-ix86+x86_64 2012-04-0 11.00 17.00 28.00 OK

Check Details

Version: 2012-04-0
Check: top-level files
Result: NOTE
    Non-standard file/directory found at top level:
     ‘SenSrivastava-Ex.R’
Flavors: r-devel-linux-x86_64-debian-clang, r-devel-linux-x86_64-debian-gcc, r-devel-linux-x86_64-fedora-clang, r-devel-linux-x86_64-fedora-gcc, r-patched-linux-x86_64, r-release-linux-x86_64