CRAN Package Check Results for Package SenSrivastava

Last updated on 2015-03-05 17:49:18.

Flavor Version Tinstall Tcheck Ttotal Status Flags
r-devel-linux-x86_64-debian-clang 2012-04-0 1.08 9.86 10.94 NOTE
r-devel-linux-x86_64-debian-gcc 2012-04-0 1.04 9.61 10.66 NOTE
r-devel-linux-x86_64-fedora-clang 2012-04-0 21.14 NOTE
r-devel-linux-x86_64-fedora-gcc 2012-04-0 20.79 NOTE
r-devel-osx-x86_64-clang 2012-04-0 25.33 OK
r-devel-windows-ix86+x86_64 2012-04-0 4.00 21.00 25.00 OK
r-patched-linux-x86_64 2012-04-0 1.68 11.39 13.06 NOTE
r-patched-solaris-sparc 2012-04-0 164.90 OK
r-patched-solaris-x86 2012-04-0 37.10 OK
r-release-linux-ix86 2012-04-0 2.49 15.16 17.65 NOTE
r-release-linux-x86_64 2012-04-0 1.44 10.58 12.02 NOTE
r-release-osx-x86_64-mavericks 2012-04-0 OK
r-release-windows-ix86+x86_64 2012-04-0 6.00 23.00 29.00 OK
r-oldrel-windows-ix86+x86_64 2012-04-0 7.00 18.00 25.00 OK

Check Details

Version: 2012-04-0
Check: top-level files
Result: NOTE
    Non-standard file/directory found at top level:
     ‘SenSrivastava-Ex.R’
Flavors: r-devel-linux-x86_64-debian-clang, r-devel-linux-x86_64-debian-gcc, r-devel-linux-x86_64-fedora-clang, r-devel-linux-x86_64-fedora-gcc, r-patched-linux-x86_64, r-release-linux-ix86, r-release-linux-x86_64