CRAN Package Check Results for Package SenSrivastava

Last updated on 2014-08-28 08:49:05.

Flavor Version Tinstall Tcheck Ttotal Status Flags
r-devel-linux-x86_64-debian-clang 2012-04-0 1.35 8.13 9.48 OK
r-devel-linux-x86_64-debian-gcc 2012-04-0 1.30 7.95 9.26 OK
r-devel-linux-x86_64-fedora-clang 2012-04-0 20.29 NOTE
r-devel-linux-x86_64-fedora-gcc 2012-04-0 17.68 NOTE
r-devel-osx-x86_64-clang 2012-04-0 19.61 OK
r-devel-windows-ix86+x86_64 2012-04-0 5.00 14.00 19.00 OK
r-patched-linux-x86_64 2012-04-0 1.44 8.11 9.55 OK
r-patched-solaris-sparc 2012-04-0 115.00 OK
r-patched-solaris-x86 2012-04-0 27.70 OK
r-release-linux-ix86 2012-04-0 1.82 12.56 14.39 OK
r-release-linux-x86_64 2012-04-0 1.39 8.40 9.79 OK
r-release-osx-x86_64-mavericks 2012-04-0 OK
r-release-windows-ix86+x86_64 2012-04-0 5.00 19.00 24.00 OK
r-oldrel-windows-ix86+x86_64 2012-04-0 5.00 16.00 21.00 OK

Check Details

Version: 2012-04-0
Check: top-level files
Result: NOTE
    Non-standard file/directory found at top level:
     ‘SenSrivastava-Ex.R’
Flavors: r-devel-linux-x86_64-fedora-clang, r-devel-linux-x86_64-fedora-gcc