CRAN Package Check Results for Package SenSrivastava

Last updated on 2014-04-19 08:50:21.

Flavor Version Tinstall Tcheck Ttotal Status Flags
r-devel-linux-x86_64-debian-clang 2012-04-0 1.52 8.32 9.84 OK
r-devel-linux-x86_64-debian-gcc 2012-04-0 1.44 8.43 9.87 OK
r-devel-linux-x86_64-fedora-clang 2012-04-0 18.64 NOTE
r-devel-linux-x86_64-fedora-gcc 2012-04-0 18.64 NOTE
r-devel-macosx-x86_64-clang 2012-04-0 18.42 OK
r-devel-macosx-x86_64-gcc 2012-04-0 NOTE
r-devel-windows-ix86+x86_64 2012-04-0 4.00 14.00 18.00 OK
r-patched-linux-x86_64 2012-04-0 1.42 8.42 9.85 OK
r-patched-solaris-sparc 2012-04-0 116.20 OK
r-patched-solaris-x86 2012-04-0 28.40 OK
r-release-linux-ix86 2012-04-0 4.00 18.00 22.00 OK
r-release-linux-x86_64 2012-04-0 1.45 8.18 9.63 OK
r-release-windows-ix86+x86_64 2012-04-0 6.00 16.00 22.00 OK
r-oldrel-windows-ix86+x86_64 2012-04-0 5.00 16.00 21.00 OK

Check Details

Version: 2012-04-0
Check: top-level files
Result: NOTE
    Non-standard file/directory found at top level:
     ‘SenSrivastava-Ex.R’
Flavors: r-devel-linux-x86_64-fedora-clang, r-devel-linux-x86_64-fedora-gcc

Version: 2012-04-0
Check: package dependencies
Result: NOTE
    Package suggested but not available for checking: ‘car’
Flavor: r-devel-macosx-x86_64-gcc