CRAN Package Check Results for Package SenSrivastava

Last updated on 2015-04-18 23:50:26.

Flavor Version Tinstall Tcheck Ttotal Status Flags
r-devel-linux-x86_64-debian-clang 2012-04-0 1.10 9.74 10.84 NOTE
r-devel-linux-x86_64-debian-gcc 2012-04-0 1.10 9.48 10.59 NOTE
r-devel-linux-x86_64-fedora-clang 2012-04-0 21.18 NOTE
r-devel-linux-x86_64-fedora-gcc 2012-04-0 20.04 NOTE
r-devel-osx-x86_64-clang 2012-04-0 25.67 OK
r-patched-linux-x86_64 2012-04-0 1.09 9.52 10.61 NOTE
r-patched-solaris-sparc 2012-04-0 143.80 OK
r-patched-solaris-x86 2012-04-0 29.90 OK
r-release-linux-x86_64 2012-04-0 1.11 9.54 10.64 NOTE
r-release-osx-x86_64-mavericks 2012-04-0 NOTE
r-release-osx-x86_64-snowleopard 2012-04-0 NOTE
r-release-windows-ix86+x86_64 2012-04-0 3.00 20.00 23.00 OK
r-oldrel-windows-ix86+x86_64 2012-04-0 6.00 23.00 29.00 OK

Check Details

Version: 2012-04-0
Check: top-level files
Result: NOTE
    Non-standard file/directory found at top level:
     ‘SenSrivastava-Ex.R’
Flavors: r-devel-linux-x86_64-debian-clang, r-devel-linux-x86_64-debian-gcc, r-devel-linux-x86_64-fedora-clang, r-devel-linux-x86_64-fedora-gcc, r-patched-linux-x86_64, r-release-linux-x86_64

Version: 2012-04-0
Check: package dependencies
Result: NOTE
    Package suggested but not available for checking: ‘car’
Flavors: r-release-osx-x86_64-mavericks, r-release-osx-x86_64-snowleopard