CRAN Package Check Results for Package SenSrivastava

Last updated on 2014-07-25 07:53:22.

Flavor Version Tinstall Tcheck Ttotal Status Flags
r-devel-linux-x86_64-debian-clang 2012-04-0 1.38 8.10 9.47 OK
r-devel-linux-x86_64-debian-gcc 2012-04-0 1.37 7.86 9.24 OK
r-devel-linux-x86_64-fedora-clang 2012-04-0 19.60 NOTE
r-devel-linux-x86_64-fedora-gcc 2012-04-0 18.43 NOTE
r-devel-osx-x86_64-clang 2012-04-0 20.75 OK
r-devel-windows-ix86+x86_64 2012-04-0 5.00 16.00 21.00 OK
r-patched-linux-x86_64 2012-04-0 1.36 8.74 10.10 OK
r-patched-solaris-sparc 2012-04-0 116.20 OK
r-patched-solaris-x86 2012-04-0 27.40 OK
r-release-linux-ix86 2012-04-0 1.84 12.60 14.43 OK
r-release-linux-x86_64 2012-04-0 1.49 8.02 9.51 OK
r-release-osx-x86_64-mavericks 2012-04-0 OK
r-release-windows-ix86+x86_64 2012-04-0 5.00 15.00 20.00 OK
r-oldrel-windows-ix86+x86_64 2012-04-0 5.00 16.00 21.00 OK

Check Details

Version: 2012-04-0
Check: top-level files
Result: NOTE
    Non-standard file/directory found at top level:
     ‘SenSrivastava-Ex.R’
Flavors: r-devel-linux-x86_64-fedora-clang, r-devel-linux-x86_64-fedora-gcc