CRAN Package Check Results for Package SenSrivastava

Last updated on 2014-09-15 05:48:21.

Flavor Version Tinstall Tcheck Ttotal Status Flags
r-devel-linux-x86_64-debian-clang 2012-04-0 2.04 8.50 10.54 NOTE
r-devel-linux-x86_64-debian-gcc 2012-04-0 1.31 8.14 9.45 NOTE
r-devel-linux-x86_64-fedora-clang 2012-04-0 18.87 NOTE
r-devel-linux-x86_64-fedora-gcc 2012-04-0 18.70 NOTE
r-devel-osx-x86_64-clang 2012-04-0 19.65 OK
r-devel-windows-ix86+x86_64 2012-04-0 5.00 17.00 22.00 OK
r-patched-linux-x86_64 2012-04-0 1.34 8.34 9.68 OK
r-patched-solaris-sparc 2012-04-0 115.00 OK
r-patched-solaris-x86 2012-04-0 27.70 OK
r-release-linux-ix86 2012-04-0 1.85 12.64 14.49 OK
r-release-linux-x86_64 2012-04-0 1.38 8.08 9.47 OK
r-release-osx-x86_64-mavericks 2012-04-0 OK
r-release-windows-ix86+x86_64 2012-04-0 5.00 16.00 21.00 OK
r-oldrel-windows-ix86+x86_64 2012-04-0 5.00 17.00 22.00 OK

Check Details

Version: 2012-04-0
Check: top-level files
Result: NOTE
    Non-standard file/directory found at top level:
     ‘SenSrivastava-Ex.R’
Flavors: r-devel-linux-x86_64-debian-clang, r-devel-linux-x86_64-debian-gcc, r-devel-linux-x86_64-fedora-clang, r-devel-linux-x86_64-fedora-gcc