CRAN Package Check Results for Package SenSrivastava

Last updated on 2015-05-30 13:47:35.

Flavor Version Tinstall Tcheck Ttotal Status Flags
r-devel-linux-x86_64-debian-clang 2012-04-0 1.06 9.70 10.76 NOTE
r-devel-linux-x86_64-debian-gcc 2012-04-0 1.58 9.46 11.04 NOTE
r-devel-linux-x86_64-fedora-clang 2012-04-0 21.42 NOTE
r-devel-linux-x86_64-fedora-gcc 2012-04-0 19.98 NOTE
r-devel-osx-x86_64-clang 2012-04-0 26.16 OK
r-devel-windows-ix86+x86_64 2012-04-0 4.00 22.00 26.00 OK
r-patched-linux-x86_64 2012-04-0 1.11 9.76 10.88 NOTE
r-patched-solaris-sparc 2012-04-0 133.70 OK
r-patched-solaris-x86 2012-04-0 30.90 OK
r-release-linux-x86_64 2012-04-0 1.09 9.78 10.87 NOTE
r-release-osx-x86_64-mavericks 2012-04-0 OK
r-release-osx-x86_64-snowleopard 2012-04-0 NOTE
r-release-windows-ix86+x86_64 2012-04-0 4.00 20.00 24.00 OK
r-oldrel-windows-ix86+x86_64 2012-04-0 8.00 19.00 27.00 OK

Check Details

Version: 2012-04-0
Check: top-level files
Result: NOTE
    Non-standard file/directory found at top level:
     ‘SenSrivastava-Ex.R’
Flavors: r-devel-linux-x86_64-debian-clang, r-devel-linux-x86_64-debian-gcc, r-devel-linux-x86_64-fedora-clang, r-devel-linux-x86_64-fedora-gcc, r-patched-linux-x86_64, r-release-linux-x86_64

Version: 2012-04-0
Check: package dependencies
Result: NOTE
    Package suggested but not available for checking: ‘car’
Flavor: r-release-osx-x86_64-snowleopard