CRAN Package Check Results for Package SenSrivastava

Last updated on 2014-12-20 21:47:01.

Flavor Version Tinstall Tcheck Ttotal Status Flags
r-devel-linux-x86_64-debian-clang 2012-04-0 1.46 8.44 9.90 NOTE
r-devel-linux-x86_64-debian-gcc 2012-04-0 1.35 8.22 9.57 NOTE
r-devel-linux-x86_64-fedora-clang 2012-04-0 20.57 NOTE
r-devel-linux-x86_64-fedora-gcc 2012-04-0 19.38 NOTE
r-devel-osx-x86_64-clang 2012-04-0 22.88 OK
r-devel-windows-ix86+x86_64 2012-04-0 6.00 18.00 24.00 OK
r-patched-linux-x86_64 2012-04-0 1.42 8.79 10.21 NOTE
r-patched-solaris-sparc 2012-04-0 115.00 OK
r-patched-solaris-x86 2012-04-0 29.70 OK
r-release-linux-ix86 2012-04-0 1.84 12.57 14.41 OK
r-release-linux-x86_64 2012-04-0 1.64 8.53 10.16 NOTE
r-release-osx-x86_64-mavericks 2012-04-0 OK
r-release-windows-ix86+x86_64 2012-04-0 6.00 17.00 23.00 OK
r-oldrel-windows-ix86+x86_64 2012-04-0 6.00 18.00 24.00 OK

Check Details

Version: 2012-04-0
Check: top-level files
Result: NOTE
    Non-standard file/directory found at top level:
     ‘SenSrivastava-Ex.R’
Flavors: r-devel-linux-x86_64-debian-clang, r-devel-linux-x86_64-debian-gcc, r-devel-linux-x86_64-fedora-clang, r-devel-linux-x86_64-fedora-gcc, r-patched-linux-x86_64, r-release-linux-x86_64