CRAN Package Check Results for Package SensoMineR

Last updated on 2015-03-04 03:47:00.

Flavor Version Tinstall Tcheck Ttotal Status Flags
r-devel-linux-x86_64-debian-clang 1.20 4.59 75.48 80.06 NOTE
r-devel-linux-x86_64-debian-gcc 1.20 4.31 72.22 76.53 NOTE
r-devel-linux-x86_64-fedora-clang 1.20 160.13 NOTE
r-devel-linux-x86_64-fedora-gcc 1.20 153.42 NOTE
r-devel-osx-x86_64-clang 1.20 141.79 NOTE
r-devel-windows-ix86+x86_64 1.20 14.00 112.00 126.00 NOTE
r-patched-linux-x86_64 1.20 7.66 97.02 104.68 OK
r-patched-solaris-sparc 1.20 1234.70 OK
r-patched-solaris-x86 1.20 261.70 OK
r-release-linux-ix86 1.20 7.73 112.58 120.32 OK
r-release-linux-x86_64 1.20 7.99 96.35 104.34 OK
r-release-osx-x86_64-mavericks 1.20 OK
r-release-osx-x86_64-snowleopard 1.20 OK
r-release-windows-ix86+x86_64 1.20 22.00 207.00 229.00 OK
r-oldrel-windows-ix86+x86_64 1.20 22.00 136.00 158.00 OK

Check Details

Version: 1.20
Check: DESCRIPTION meta-information
Result: NOTE
    Malformed Description field: should contain one or more complete sentences.
Flavors: r-devel-linux-x86_64-debian-clang, r-devel-linux-x86_64-debian-gcc, r-devel-linux-x86_64-fedora-clang, r-devel-linux-x86_64-fedora-gcc, r-devel-osx-x86_64-clang, r-devel-windows-ix86+x86_64

Version: 1.20
Check: S3 generic/method consistency
Result: NOTE
    Found the following apparent S3 methods exported but not registered:
     plot.IdMap plot.WordCountAna plot.fahst plot.fasnt plot.fast
     print.fahst print.fasnt print.fast
    See section ‘Registering S3 methods’ in the ‘Writing R Extensions’
    manual.
Flavors: r-devel-linux-x86_64-debian-clang, r-devel-linux-x86_64-debian-gcc, r-devel-linux-x86_64-fedora-clang, r-devel-linux-x86_64-fedora-gcc, r-devel-osx-x86_64-clang