CRAN Package Check Results for Package SensoMineR

Last updated on 2015-05-23 02:47:00.

Flavor Version Tinstall Tcheck Ttotal Status Flags
r-devel-linux-x86_64-debian-clang 1.20 5.27 75.18 80.45 NOTE
r-devel-linux-x86_64-debian-gcc 1.20 4.40 74.35 78.75 NOTE
r-devel-linux-x86_64-fedora-clang 1.20 161.58 NOTE
r-devel-linux-x86_64-fedora-gcc 1.20 154.51 NOTE
r-devel-osx-x86_64-clang 1.20 141.81 NOTE
r-devel-windows-ix86+x86_64 1.20 11.00 107.00 118.00 NOTE
r-patched-linux-x86_64 1.20 4.45 74.28 78.72 NOTE
r-patched-solaris-sparc 1.20 941.90 NOTE
r-patched-solaris-x86 1.20 199.10 NOTE
r-release-linux-x86_64 1.20 4.66 75.66 80.32 NOTE
r-release-osx-x86_64-mavericks 1.20 NOTE
r-release-osx-x86_64-snowleopard 1.20 ERROR
r-release-windows-ix86+x86_64 1.20 14.00 107.00 121.00 NOTE
r-oldrel-windows-ix86+x86_64 1.20 20.00 134.00 154.00 OK

Check Details

Version: 1.20
Check: DESCRIPTION meta-information
Result: NOTE
    Malformed Description field: should contain one or more complete sentences.
Flavors: r-devel-linux-x86_64-debian-clang, r-devel-linux-x86_64-debian-gcc, r-devel-linux-x86_64-fedora-clang, r-devel-linux-x86_64-fedora-gcc, r-devel-osx-x86_64-clang, r-devel-windows-ix86+x86_64, r-patched-linux-x86_64, r-patched-solaris-sparc, r-patched-solaris-x86, r-release-linux-x86_64, r-release-osx-x86_64-mavericks, r-release-windows-ix86+x86_64

Version: 1.20
Check: S3 generic/method consistency
Result: NOTE
    Found the following apparent S3 methods exported but not registered:
     plot.IdMap plot.WordCountAna plot.fahst plot.fasnt plot.fast
     print.fahst print.fasnt print.fast
    See section ‘Registering S3 methods’ in the ‘Writing R Extensions’
    manual.
Flavors: r-devel-linux-x86_64-debian-clang, r-devel-linux-x86_64-debian-gcc, r-devel-linux-x86_64-fedora-clang, r-devel-linux-x86_64-fedora-gcc, r-devel-osx-x86_64-clang, r-patched-linux-x86_64, r-patched-solaris-sparc, r-patched-solaris-x86, r-release-linux-x86_64

Version: 1.20
Check: package dependencies
Result: ERROR
    Package required but not available: ‘FactoMineR’
    
    See section ‘The DESCRIPTION file’ in the ‘Writing R Extensions’
    manual.
Flavor: r-release-osx-x86_64-snowleopard