CRAN Package Check Results for Package SensoMineR

Last updated on 2015-01-26 08:49:06.

Flavor Version Tinstall Tcheck Ttotal Status Flags
r-devel-linux-x86_64-debian-clang 1.20 1.67 48.71 50.38 OK
r-devel-linux-x86_64-debian-gcc 1.20 1.64 47.29 48.93 OK
r-devel-linux-x86_64-fedora-clang 1.20 110.24 NOTE
r-devel-linux-x86_64-fedora-gcc 1.20 101.96 NOTE
r-devel-osx-x86_64-clang 1.20 97.28 NOTE
r-devel-windows-ix86+x86_64 1.20 10.00 65.00 75.00 OK
r-patched-linux-x86_64 1.20 1.92 54.36 56.28 OK
r-patched-solaris-sparc 1.20 632.00 OK
r-patched-solaris-x86 1.20 123.80 OK
r-release-linux-ix86 1.20 2.32 64.75 67.07 OK
r-release-linux-x86_64 1.20 1.92 59.49 61.41 OK
r-release-osx-x86_64-mavericks 1.20 OK
r-release-osx-x86_64-snowleopard 1.20 OK
r-release-windows-ix86+x86_64 1.20 9.00 83.00 92.00 OK
r-oldrel-windows-ix86+x86_64 1.20 11.00 117.00 128.00 OK

Check Details

Version: 1.20
Check: S3 generic/method consistency
Result: NOTE
    Found the following apparent S3 methods exported but not registered:
     print.fahst print.fasnt print.fast plot.IdMap plot.WordCountAna
     plot.fahst plot.fasnt plot.fast
    See section ‘Registering S3 methods’ in the ‘Writing R Extensions’
    manual.
Flavors: r-devel-linux-x86_64-fedora-clang, r-devel-linux-x86_64-fedora-gcc, r-devel-osx-x86_64-clang