CRAN Package Check Results for Package SensoMineR

Last updated on 2014-04-17 06:46:58.

Flavor Version Tinstall Tcheck Ttotal Status Flags
r-devel-linux-x86_64-debian-clang 1.20 1.95 55.00 56.95 OK
r-devel-linux-x86_64-debian-gcc 1.20 1.96 56.84 58.79 OK
r-devel-linux-x86_64-fedora-clang 1.20 57.64 OK
r-devel-linux-x86_64-fedora-gcc 1.20 58.98 OK
r-devel-macosx-x86_64-clang 1.20 97.50 OK
r-devel-macosx-x86_64-gcc 1.20 ERROR
r-devel-windows-ix86+x86_64 1.20 6.00 72.00 78.00 OK
r-patched-linux-x86_64 1.20 2.00 55.78 57.77 OK
r-patched-solaris-sparc 1.20 573.70 OK
r-patched-solaris-x86 1.20 107.60 OK
r-release-linux-ix86 1.20 5.00 85.00 90.00 OK
r-release-linux-x86_64 1.20 1.96 55.74 57.70 OK
r-release-macosx-x86_64 1.20 OK
r-release-windows-ix86+x86_64 1.20 6.00 82.00 88.00 OK
r-oldrel-windows-ix86+x86_64 1.20 6.00 81.00 87.00 OK

Check Details

Version: 1.20
Check: package dependencies
Result: ERROR
    Package required but not available: ‘FactoMineR’
    
    See the information on DESCRIPTION files in the chapter ‘Creating R
    packages’ of the ‘Writing R Extensions’ manual.
Flavor: r-devel-macosx-x86_64-gcc