CRAN Package Check Results for Package SensoMineR

Last updated on 2015-04-19 17:48:49.

Flavor Version Tinstall Tcheck Ttotal Status Flags
r-devel-linux-x86_64-debian-clang 1.20 4.60 75.54 80.14 NOTE
r-devel-linux-x86_64-debian-gcc 1.20 4.75 75.52 80.27 NOTE
r-devel-linux-x86_64-fedora-clang 1.20 162.36 NOTE
r-devel-linux-x86_64-fedora-gcc 1.20 150.61 NOTE
r-devel-osx-x86_64-clang 1.20 145.65 NOTE
r-devel-windows-ix86+x86_64 1.20 18.00 141.00 159.00 NOTE
r-patched-linux-x86_64 1.20 5.06 77.74 82.80 NOTE
r-patched-solaris-sparc 1.20 938.10 NOTE
r-patched-solaris-x86 1.20 195.40 NOTE
r-release-linux-x86_64 1.20 4.72 74.88 79.60 NOTE
r-release-osx-x86_64-mavericks 1.20 NOTE
r-release-osx-x86_64-snowleopard 1.20 ERROR
r-release-windows-ix86+x86_64 1.20 12.00 100.00 112.00 NOTE
r-oldrel-windows-ix86+x86_64 1.20 19.00 189.00 208.00 OK

Check Details

Version: 1.20
Check: DESCRIPTION meta-information
Result: NOTE
    Malformed Description field: should contain one or more complete sentences.
Flavors: r-devel-linux-x86_64-debian-clang, r-devel-linux-x86_64-debian-gcc, r-devel-linux-x86_64-fedora-clang, r-devel-linux-x86_64-fedora-gcc, r-devel-osx-x86_64-clang, r-devel-windows-ix86+x86_64, r-patched-linux-x86_64, r-patched-solaris-sparc, r-patched-solaris-x86, r-release-linux-x86_64, r-release-osx-x86_64-mavericks, r-release-windows-ix86+x86_64

Version: 1.20
Check: S3 generic/method consistency
Result: NOTE
    Found the following apparent S3 methods exported but not registered:
     plot.IdMap plot.WordCountAna plot.fahst plot.fasnt plot.fast
     print.fahst print.fasnt print.fast
    See section ‘Registering S3 methods’ in the ‘Writing R Extensions’
    manual.
Flavors: r-devel-linux-x86_64-debian-clang, r-devel-linux-x86_64-debian-gcc, r-devel-linux-x86_64-fedora-clang, r-devel-linux-x86_64-fedora-gcc, r-devel-osx-x86_64-clang, r-patched-linux-x86_64, r-release-linux-x86_64

Version: 1.20
Check: package dependencies
Result: ERROR
    Package required but not available: ‘FactoMineR’
    
    See section ‘The DESCRIPTION file’ in the ‘Writing R Extensions’
    manual.
Flavor: r-release-osx-x86_64-snowleopard