CRAN Package Check Results for Package SeqGrapheR

Last updated on 2014-10-20 19:49:41.

Flavor Version Tinstall Tcheck Ttotal Status Flags
r-devel-linux-x86_64-debian-clang 0.4.8.3 7.97 84.86 92.83 OK
r-devel-linux-x86_64-debian-gcc 0.4.8.3 7.74 84.28 92.03 OK
r-devel-linux-x86_64-fedora-clang 0.4.8.3 233.03 OK
r-devel-linux-x86_64-fedora-gcc 0.4.8.3 216.07 OK
r-devel-osx-x86_64-clang 0.4.8.3 181.56 OK
r-devel-windows-ix86+x86_64 0.4.8.3 21.00 108.00 129.00 OK
r-patched-linux-x86_64 0.4.8.3 8.24 90.48 98.72 OK
r-release-linux-ix86 0.4.8.3 8.65 93.88 102.54 OK
r-release-linux-x86_64 0.4.8.3 7.14 80.94 88.09 OK
r-release-osx-x86_64-mavericks 0.4.8.3 ERROR
r-release-osx-x86_64-snowleopard 0.4.8.3 ERROR
r-release-windows-ix86+x86_64 0.4.8.3 20.00 108.00 128.00 OK
r-oldrel-windows-ix86+x86_64 0.4.8.3 21.00 106.00 127.00 OK

Check Details

Version: 0.4.8.3
Check: package dependencies
Result: ERROR
    Packages required but not available: ‘rggobi’ ‘gWidgetsRGtk2’ ‘cairoDevice’
    
    See the information on DESCRIPTION files in the chapter ‘Creating R
    packages’ of the ‘Writing R Extensions’ manual.
Flavor: r-release-osx-x86_64-mavericks

Version: 0.4.8.3
Check: package dependencies
Result: ERROR
    Package required but not available: ‘rggobi’
    
    See the information on DESCRIPTION files in the chapter ‘Creating R
    packages’ of the ‘Writing R Extensions’ manual.
Flavor: r-release-osx-x86_64-snowleopard