CRAN Package Check Results for Package SeqGrapheR

Last updated on 2016-09-27 18:48:05.

Flavor Version Tinstall Tcheck Ttotal Status Flags
r-devel-linux-x86_64-debian-clang 0.4.8.5 5.30 63.94 69.24 WARN
r-devel-linux-x86_64-debian-gcc 0.4.8.5 5.63 68.81 74.43 WARN
r-devel-linux-x86_64-fedora-clang 0.4.8.5 145.46 WARN
r-devel-linux-x86_64-fedora-gcc 0.4.8.5 140.81 WARN
r-devel-windows-ix86+x86_64 0.4.8.5 22.00 135.00 157.00 WARN
r-patched-linux-x86_64 0.4.8.5 5.41 63.39 68.81 OK
r-release-linux-x86_64 0.4.8.5 7.61 68.05 75.66 OK
r-release-osx-x86_64-mavericks 0.4.8.5 ERROR
r-release-windows-ix86+x86_64 0.4.8.5 22.00 105.00 127.00 OK
r-oldrel-windows-ix86+x86_64 0.4.8.5 24.00 173.00 197.00 OK

Check Details

Version: 0.4.8.5
Check: files in ‘vignettes’
Result: WARN
    Files in the 'vignettes' directory newer than all files in 'inst/doc':
     ‘SeqGrapheR.Rnw’, ‘SeqGrapheR.pdf’
Flavors: r-devel-linux-x86_64-debian-clang, r-devel-linux-x86_64-debian-gcc, r-devel-linux-x86_64-fedora-clang, r-devel-linux-x86_64-fedora-gcc, r-devel-windows-ix86+x86_64

Version: 0.4.8.5
Check: whether package can be installed
Result: WARN
    Found the following significant warnings:
     Warning: multiple methods tables found for 'which.max'
     Warning: multiple methods tables found for 'which.min'
     Warning: multiple methods tables found for 'which'
Flavor: r-devel-windows-ix86+x86_64

Version: 0.4.8.5
Check: package dependencies
Result: ERROR
    Package required but not available: ‘rggobi’
    
    See section ‘The DESCRIPTION file’ in the ‘Writing R Extensions’
    manual.
Flavor: r-release-osx-x86_64-mavericks