CRAN Package Check Results for Package SeqGrapheR

Last updated on 2017-01-17 06:48:34.

Flavor Version Tinstall Tcheck Ttotal Status Flags
r-devel-linux-x86_64-debian-clang 0.4.8.5 5.86 67.77 73.62 OK
r-devel-linux-x86_64-debian-gcc 0.4.8.5 6.27 67.99 74.26 OK
r-devel-linux-x86_64-fedora-clang 0.4.8.5 153.12 OK --no-stop-on-test-error
r-devel-linux-x86_64-fedora-gcc 0.4.8.5 149.74 OK --no-stop-on-test-error
r-devel-windows-ix86+x86_64 0.4.8.5 23.00 106.00 129.00 OK
r-patched-linux-x86_64 0.4.8.5 5.70 65.50 71.20 OK
r-release-linux-x86_64 0.4.8.5 5.62 64.76 70.38 OK
r-release-osx-x86_64-mavericks 0.4.8.5 ERROR
r-release-windows-ix86+x86_64 0.4.8.5 23.00 160.00 183.00 OK
r-oldrel-windows-ix86+x86_64 0.4.8.5 19.00 175.00 194.00 OK

Check Details

Version: 0.4.8.5
Check: package dependencies
Result: ERROR
    Package required but not available: ‘rggobi’
    
    See section ‘The DESCRIPTION file’ in the ‘Writing R Extensions’
    manual.
Flavor: r-release-osx-x86_64-mavericks