CRAN Package Check Results for Package SeqGrapheR

Last updated on 2016-08-25 21:47:01.

Flavor Version Tinstall Tcheck Ttotal Status Flags
r-devel-linux-x86_64-debian-clang 0.4.8.5 5.99 68.30 74.29 OK
r-devel-linux-x86_64-debian-gcc 0.4.8.5 6.24 67.35 73.59 OK
r-devel-linux-x86_64-fedora-clang 0.4.8.5 148.69 OK
r-devel-linux-x86_64-fedora-gcc 0.4.8.5 146.85 OK
r-devel-windows-ix86+x86_64 0.4.8.5 20.00 109.00 129.00 WARN
r-patched-linux-x86_64 0.4.8.5 5.41 64.86 70.27 OK
r-release-linux-x86_64 0.4.8.5 5.65 66.53 72.19 OK
r-release-osx-x86_64-mavericks 0.4.8.5 ERROR
r-release-windows-ix86+x86_64 0.4.8.5 15.00 103.00 118.00 OK
r-oldrel-windows-ix86+x86_64 0.4.8.5 14.00 112.00 126.00 OK

Check Details

Version: 0.4.8.5
Check: whether package can be installed
Result: WARN
    Found the following significant warnings:
     Warning: multiple methods tables found for 'which.max'
     Warning: multiple methods tables found for 'which.min'
     Warning: multiple methods tables found for 'which'
Flavor: r-devel-windows-ix86+x86_64

Version: 0.4.8.5
Check: package dependencies
Result: ERROR
    Package required but not available: ‘rggobi’
    
    See section ‘The DESCRIPTION file’ in the ‘Writing R Extensions’
    manual.
Flavor: r-release-osx-x86_64-mavericks