CRAN Package Check Results for Package SeqGrapheR

Last updated on 2017-11-24 09:48:20 CET.

Flavor Version Tinstall Tcheck Ttotal Status Flags
r-devel-linux-x86_64-debian-clang 0.4.8.5 5.40 99.16 104.56 OK
r-devel-linux-x86_64-debian-gcc 0.4.8.5 5.54 136.85 142.39 OK
r-devel-linux-x86_64-fedora-clang 0.4.8.5 127.74 OK
r-devel-linux-x86_64-fedora-gcc 0.4.8.5 127.14 OK
r-devel-windows-ix86+x86_64 0.4.8.5 25.00 7.00 32.00 ERROR
r-patched-linux-x86_64 0.4.8.5 8.69 168.62 177.31 OK
r-release-linux-x86_64 0.4.8.5 7.67 171.98 179.65 OK
r-release-windows-ix86+x86_64 0.4.8.5 29.00 5.00 34.00 ERROR
r-release-osx-x86_64 0.4.8.5 ERROR
r-oldrel-windows-ix86+x86_64 0.4.8.5 26.00 5.00 31.00 ERROR
r-oldrel-osx-x86_64 0.4.8.5 ERROR

Check Details

Version: 0.4.8.5
Check: whether package can be installed
Result: ERROR
    Installation failed.
Flavors: r-devel-windows-ix86+x86_64, r-release-windows-ix86+x86_64, r-oldrel-windows-ix86+x86_64

Version: 0.4.8.5
Check: package dependencies
Result: ERROR
    Packages required but not available:
     ‘Biostrings’ ‘rggobi’ ‘gWidgetsRGtk2’ ‘cairoDevice’
    
    See section ‘The DESCRIPTION file’ in the ‘Writing R Extensions’
    manual.
Flavor: r-release-osx-x86_64

Version: 0.4.8.5
Check: package dependencies
Result: ERROR
    Package required but not available: ‘rggobi’
    
    See section ‘The DESCRIPTION file’ in the ‘Writing R Extensions’
    manual.
Flavor: r-oldrel-osx-x86_64