CRAN Package Check Results for Package SeqGrapheR

Last updated on 2014-12-23 01:49:12.

Flavor Version Tinstall Tcheck Ttotal Status Flags
r-devel-linux-x86_64-debian-clang 0.4.8.3 8.11 84.65 92.76 OK
r-devel-linux-x86_64-debian-gcc 0.4.8.3 7.48 82.66 90.15 OK
r-devel-linux-x86_64-fedora-clang 0.4.8.3 228.40 OK
r-devel-linux-x86_64-fedora-gcc 0.4.8.3 221.07 OK
r-devel-osx-x86_64-clang 0.4.8.3 183.26 OK
r-devel-windows-ix86+x86_64 0.4.8.3 18.00 115.00 133.00 OK
r-patched-linux-x86_64 0.4.8.3 8.67 89.66 98.32 OK
r-release-linux-ix86 0.4.8.3 9.61 100.93 110.54 OK
r-release-linux-x86_64 0.4.8.3 8.18 87.16 95.33 OK
r-release-osx-x86_64-mavericks 0.4.8.3 ERROR
r-release-osx-x86_64-snowleopard 0.4.8.3 ERROR
r-release-windows-ix86+x86_64 0.4.8.3 23.00 127.00 150.00 OK
r-oldrel-windows-ix86+x86_64 0.4.8.3 20.00 104.00 124.00 OK

Check Details

Version: 0.4.8.3
Check: package dependencies
Result: ERROR
    Packages required but not available: ‘rggobi’ ‘gWidgetsRGtk2’ ‘cairoDevice’
    
    See the information on DESCRIPTION files in the chapter ‘Creating R
    packages’ of the ‘Writing R Extensions’ manual.
Flavor: r-release-osx-x86_64-mavericks

Version: 0.4.8.3
Check: package dependencies
Result: ERROR
    Package required but not available: ‘rggobi’
    
    See the information on DESCRIPTION files in the chapter ‘Creating R
    packages’ of the ‘Writing R Extensions’ manual.
Flavor: r-release-osx-x86_64-snowleopard