CRAN Package Check Results for Package SeqGrapheR

Last updated on 2017-02-20 11:51:01.

Flavor Version Tinstall Tcheck Ttotal Status Flags
r-devel-linux-x86_64-debian-clang 0.4.8.5 6.34 67.13 73.47 OK
r-devel-linux-x86_64-debian-gcc 0.4.8.5 6.21 69.57 75.78 OK
r-devel-linux-x86_64-fedora-clang 0.4.8.5 150.09 OK --no-stop-on-test-error
r-devel-linux-x86_64-fedora-gcc 0.4.8.5 149.19 OK --no-stop-on-test-error
r-devel-windows-ix86+x86_64 0.4.8.5 25.00 146.00 171.00 OK
r-patched-linux-x86_64 0.4.8.5 5.90 65.59 71.49 OK
r-release-linux-x86_64 0.4.8.5 6.31 64.54 70.85 OK
r-release-osx-x86_64-mavericks 0.4.8.5 ERROR
r-release-windows-ix86+x86_64 0.4.8.5 17.00 114.00 131.00 OK
r-oldrel-windows-ix86+x86_64 0.4.8.5 18.00 115.00 133.00 OK

Check Details

Version: 0.4.8.5
Check: package dependencies
Result: ERROR
    Package required but not available: ‘rggobi’
    
    See section ‘The DESCRIPTION file’ in the ‘Writing R Extensions’
    manual.
Flavor: r-release-osx-x86_64-mavericks