CRAN Package Check Results for Package SeqGrapheR

Last updated on 2014-07-25 07:53:22.

Flavor Version Tinstall Tcheck Ttotal Status Flags
r-devel-linux-x86_64-debian-clang 0.4.8.3 11.18 89.50 100.68 OK
r-devel-linux-x86_64-debian-gcc 0.4.8.3 8.13 85.71 93.84 OK
r-devel-linux-x86_64-fedora-clang 0.4.8.3 241.96 OK
r-devel-linux-x86_64-fedora-gcc 0.4.8.3 225.56 OK
r-devel-osx-x86_64-clang 0.4.8.3 170.73 OK
r-devel-windows-ix86+x86_64 0.4.8.3 22.00 110.00 132.00 OK
r-patched-linux-x86_64 0.4.8.3 6.82 74.96 81.78 OK
r-release-linux-ix86 0.4.8.3 8.71 92.97 101.68 OK
r-release-linux-x86_64 0.4.8.3 7.05 77.64 84.68 OK
r-release-osx-x86_64-mavericks 0.4.8.3 ERROR
r-release-osx-x86_64-snowleopard 0.4.8.3 ERROR
r-release-windows-ix86+x86_64 0.4.8.3 20.00 111.00 131.00 OK
r-oldrel-windows-ix86+x86_64 0.4.8.3 21.00 106.00 127.00 OK

Check Details

Version: 0.4.8.3
Check: package dependencies
Result: ERROR
    Packages required but not available: ‘rggobi’ ‘gWidgetsRGtk2’ ‘cairoDevice’
    
    See the information on DESCRIPTION files in the chapter ‘Creating R
    packages’ of the ‘Writing R Extensions’ manual.
Flavor: r-release-osx-x86_64-mavericks

Version: 0.4.8.3
Check: package dependencies
Result: ERROR
    Package required but not available: ‘rggobi’
    
    See the information on DESCRIPTION files in the chapter ‘Creating R
    packages’ of the ‘Writing R Extensions’ manual.
Flavor: r-release-osx-x86_64-snowleopard