CRAN Package Check Results for Package SeqGrapheR

Last updated on 2015-04-01 17:48:48.

Flavor Version Tinstall Tcheck Ttotal Status Flags
r-devel-linux-x86_64-debian-clang 0.4.8.3 6.07 71.44 77.51 NOTE
r-devel-linux-x86_64-debian-gcc 0.4.8.3 6.13 69.86 75.99 NOTE
r-devel-linux-x86_64-fedora-clang 0.4.8.3 167.34 NOTE
r-devel-linux-x86_64-fedora-gcc 0.4.8.3 157.96 NOTE
r-devel-osx-x86_64-clang 0.4.8.3 145.33 NOTE
r-prerel-windows-ix86+x86_64 0.4.8.3 16.00 101.00 117.00 WARN
r-prerel-linux-x86_64 0.4.8.3 6.02 58.11 64.13 NOTE
r-release-linux-x86_64 0.4.8.3 11.53 90.44 101.97 OK
r-release-osx-x86_64-mavericks 0.4.8.3 ERROR
r-release-osx-x86_64-snowleopard 0.4.8.3 ERROR
r-release-windows-ix86+x86_64 0.4.8.3 24.00 127.00 151.00 OK
r-oldrel-windows-ix86+x86_64 0.4.8.3 20.00 104.00 124.00 OK

Check Details

Version: 0.4.8.3
Check: DESCRIPTION meta-information
Result: NOTE
    Malformed Description field: should contain one or more complete sentences.
Flavors: r-devel-linux-x86_64-debian-clang, r-devel-linux-x86_64-debian-gcc, r-devel-linux-x86_64-fedora-clang, r-devel-linux-x86_64-fedora-gcc, r-devel-osx-x86_64-clang, r-prerel-windows-ix86+x86_64, r-prerel-linux-x86_64

Version: 0.4.8.3
Check: whether package can be installed
Result: WARN
    Found the following significant warnings:
     Warning: multiple methods tables found for 'score'
Flavor: r-prerel-windows-ix86+x86_64

Version: 0.4.8.3
Check: package dependencies
Result: ERROR
    Packages required but not available: ‘rggobi’ ‘gWidgetsRGtk2’ ‘cairoDevice’
    
    See section ‘The DESCRIPTION file’ in the ‘Writing R Extensions’
    manual.
Flavor: r-release-osx-x86_64-mavericks

Version: 0.4.8.3
Check: package dependencies
Result: ERROR
    Package required but not available: ‘rggobi’
    
    See section ‘The DESCRIPTION file’ in the ‘Writing R Extensions’
    manual.
Flavor: r-release-osx-x86_64-snowleopard