CRAN Package Check Results for Package SeqGrapheR

Last updated on 2014-04-24 07:52:37.

Flavor Version Tinstall Tcheck Ttotal Status Flags
r-devel-linux-x86_64-debian-clang 0.4.8.3 7.89 83.33 91.22 OK
r-devel-linux-x86_64-debian-gcc 0.4.8.3 7.54 83.30 90.84 OK
r-devel-linux-x86_64-fedora-clang 0.4.8.3 213.10 OK
r-devel-linux-x86_64-fedora-gcc 0.4.8.3 204.89 OK
r-devel-osx-x86_64-clang 0.4.8.3 140.78 OK
r-devel-osx-x86_64-gcc 0.4.8.3 ERROR
r-devel-windows-ix86+x86_64 0.4.8.3 19.00 106.00 125.00 OK
r-patched-linux-x86_64 0.4.8.3 7.41 79.66 87.08 OK
r-release-linux-ix86 0.4.8.3 11.00 122.00 133.00 OK
r-release-linux-x86_64 0.4.8.3 7.51 80.60 88.11 OK
r-release-osx-x86_64-mavericks 0.4.8.3 ERROR
r-release-osx-x86_64-snowleopard 0.4.8.3 ERROR
r-release-windows-ix86+x86_64 0.4.8.3 20.00 109.00 129.00 OK
r-oldrel-windows-ix86+x86_64 0.4.8.3 20.00 96.00 116.00 OK

Check Details

Version: 0.4.8.3
Check: package dependencies
Result: ERROR
    Packages required but not available: ‘Biostrings’ ‘igraph’ ‘rggobi’
    
    See the information on DESCRIPTION files in the chapter ‘Creating R
    packages’ of the ‘Writing R Extensions’ manual.
Flavor: r-devel-osx-x86_64-gcc

Version: 0.4.8.3
Check: package dependencies
Result: ERROR
    Packages required but not available:
     ‘Biostrings’ ‘rggobi’ ‘gWidgetsRGtk2’ ‘cairoDevice’
    
    See the information on DESCRIPTION files in the chapter ‘Creating R
    packages’ of the ‘Writing R Extensions’ manual.
Flavor: r-release-osx-x86_64-mavericks

Version: 0.4.8.3
Check: package dependencies
Result: ERROR
    Package required but not available: ‘rggobi’
    
    See the information on DESCRIPTION files in the chapter ‘Creating R
    packages’ of the ‘Writing R Extensions’ manual.
Flavor: r-release-osx-x86_64-snowleopard