CRAN Package Check Results for Package SeqGrapheR

Last updated on 2016-06-26 22:48:01.

Flavor Version Tinstall Tcheck Ttotal Status Flags
r-devel-linux-x86_64-debian-gcc 0.4.8.5 5.55 64.19 69.74 OK
r-devel-linux-x86_64-fedora-clang 0.4.8.5 144.54 OK
r-devel-linux-x86_64-fedora-gcc 0.4.8.5 139.14 OK
r-devel-windows-ix86+x86_64 0.4.8.5 14.00 99.00 113.00 OK
r-patched-linux-x86_64 0.4.8.5 5.73 65.83 71.56 OK
r-release-linux-x86_64 0.4.8.5 6.21 68.25 74.47 OK
r-release-osx-x86_64-mavericks 0.4.8.5 ERROR
r-release-windows-ix86+x86_64 0.4.8.5 15.00 103.00 118.00 OK
r-oldrel-windows-ix86+x86_64 0.4.8.5 24.00 168.00 192.00 OK

Check Details

Version: 0.4.8.5
Check: package dependencies
Result: ERROR
    Package required but not available: ‘rggobi’
    
    See section ‘The DESCRIPTION file’ in the ‘Writing R Extensions’
    manual.
Flavor: r-release-osx-x86_64-mavericks