CRAN Package Check Results for Package SeqGrapheR

Last updated on 2018-06-25 11:52:54 CEST.

Flavor Version Tinstall Tcheck Ttotal Status Flags
r-devel-linux-x86_64-debian-clang 0.4.8.5 10.77 133.11 143.88 OK
r-devel-linux-x86_64-debian-gcc 0.4.8.5 10.82 112.95 123.77 OK
r-devel-linux-x86_64-fedora-clang 0.4.8.5 182.34 OK
r-devel-linux-x86_64-fedora-gcc 0.4.8.5 174.83 OK
r-devel-windows-ix86+x86_64 0.4.8.5 27.00 142.00 169.00 OK
r-patched-linux-x86_64 0.4.8.5 10.83 116.70 127.53 OK
r-release-linux-x86_64 0.4.8.5 9.75 116.40 126.15 OK
r-release-windows-ix86+x86_64 0.4.8.5 22.00 160.00 182.00 OK
r-release-osx-x86_64 0.4.8.5 ERROR
r-oldrel-windows-ix86+x86_64 0.4.8.5 22.00 152.00 174.00 OK
r-oldrel-osx-x86_64 0.4.8.5 ERROR

Check Details

Version: 0.4.8.5
Check: package dependencies
Result: ERROR
    Packages required but not available: ‘rggobi’ ‘gWidgetsRGtk2’ ‘cairoDevice’
    
    See section ‘The DESCRIPTION file’ in the ‘Writing R Extensions’
    manual.
Flavors: r-release-osx-x86_64, r-oldrel-osx-x86_64