CRAN Package Check Results for Package SeqGrapheR

Last updated on 2014-09-17 08:49:28.

Flavor Version Tinstall Tcheck Ttotal Status Flags
r-devel-linux-x86_64-debian-clang 0.4.8.3 7.96 84.63 92.58 OK
r-devel-linux-x86_64-debian-gcc 0.4.8.3 7.66 82.64 90.30 OK
r-devel-linux-x86_64-fedora-clang 0.4.8.3 229.15 OK
r-devel-linux-x86_64-fedora-gcc 0.4.8.3 227.28 OK
r-devel-osx-x86_64-clang 0.4.8.3 164.68 OK
r-devel-windows-ix86+x86_64 0.4.8.3 21.00 118.00 139.00 OK
r-patched-linux-x86_64 0.4.8.3 7.03 75.46 82.49 OK
r-release-linux-ix86 0.4.8.3 8.68 93.75 102.43 OK
r-release-linux-x86_64 0.4.8.3 7.34 80.46 87.80 OK
r-release-osx-x86_64-mavericks 0.4.8.3 ERROR
r-release-osx-x86_64-snowleopard 0.4.8.3 ERROR
r-release-windows-ix86+x86_64 0.4.8.3 20.00 108.00 128.00 OK
r-oldrel-windows-ix86+x86_64 0.4.8.3 19.00 103.00 122.00 OK

Check Details

Version: 0.4.8.3
Check: package dependencies
Result: ERROR
    Packages required but not available: ‘rggobi’ ‘gWidgetsRGtk2’ ‘cairoDevice’
    
    See the information on DESCRIPTION files in the chapter ‘Creating R
    packages’ of the ‘Writing R Extensions’ manual.
Flavor: r-release-osx-x86_64-mavericks

Version: 0.4.8.3
Check: package dependencies
Result: ERROR
    Package required but not available: ‘rggobi’
    
    See the information on DESCRIPTION files in the chapter ‘Creating R
    packages’ of the ‘Writing R Extensions’ manual.
Flavor: r-release-osx-x86_64-snowleopard