CRAN Package Check Results for Package SeqGrapheR

Last updated on 2014-11-26 11:48:46.

Flavor Version Tinstall Tcheck Ttotal Status Flags
r-devel-linux-x86_64-debian-clang 0.4.8.3 8.00 85.43 93.44 OK
r-devel-linux-x86_64-debian-gcc 0.4.8.3 7.53 81.77 89.30 OK
r-devel-linux-x86_64-fedora-clang 0.4.8.3 233.34 OK
r-devel-linux-x86_64-fedora-gcc 0.4.8.3 213.70 OK
r-devel-osx-x86_64-clang 0.4.8.3 179.85 OK
r-devel-windows-ix86+x86_64 0.4.8.3 19.00 111.00 130.00 OK
r-patched-linux-x86_64 0.4.8.3 8.25 90.21 98.46 OK
r-release-linux-ix86 0.4.8.3 9.42 101.04 110.46 OK
r-release-linux-x86_64 0.4.8.3 8.50 88.94 97.45 OK
r-release-osx-x86_64-mavericks 0.4.8.3 ERROR
r-release-osx-x86_64-snowleopard 0.4.8.3 ERROR
r-release-windows-ix86+x86_64 0.4.8.3 23.00 125.00 148.00 OK
r-oldrel-windows-ix86+x86_64 0.4.8.3 20.00 103.00 123.00 OK

Check Details

Version: 0.4.8.3
Check: package dependencies
Result: ERROR
    Packages required but not available: ‘rggobi’ ‘gWidgetsRGtk2’ ‘cairoDevice’
    
    See the information on DESCRIPTION files in the chapter ‘Creating R
    packages’ of the ‘Writing R Extensions’ manual.
Flavor: r-release-osx-x86_64-mavericks

Version: 0.4.8.3
Check: package dependencies
Result: ERROR
    Package required but not available: ‘rggobi’
    
    See the information on DESCRIPTION files in the chapter ‘Creating R
    packages’ of the ‘Writing R Extensions’ manual.
Flavor: r-release-osx-x86_64-snowleopard