CRAN Package Check Results for Package SeqGrapheR

Last updated on 2016-07-27 12:50:49.

Flavor Version Tinstall Tcheck Ttotal Status Flags
r-devel-linux-x86_64-debian-clang 0.4.8.5 6.62 78.38 85.00 OK
r-devel-linux-x86_64-debian-gcc 0.4.8.5 6.88 80.42 87.29 OK
r-devel-linux-x86_64-fedora-clang 0.4.8.5 145.84 OK
r-devel-linux-x86_64-fedora-gcc 0.4.8.5 136.20 OK
r-devel-windows-ix86+x86_64 0.4.8.5 22.00 160.00 182.00 OK
r-patched-linux-x86_64 0.4.8.5 7.11 74.41 81.52 OK
r-release-linux-x86_64 0.4.8.5 6.83 74.17 81.00 OK
r-release-osx-x86_64-mavericks 0.4.8.5 ERROR
r-release-windows-ix86+x86_64 0.4.8.5 23.00 160.00 183.00 OK
r-oldrel-windows-ix86+x86_64 0.4.8.5 23.00 128.00 151.00 OK

Check Details

Version: 0.4.8.5
Check: package dependencies
Result: ERROR
    Package required but not available: ‘rggobi’
    
    See section ‘The DESCRIPTION file’ in the ‘Writing R Extensions’
    manual.
Flavor: r-release-osx-x86_64-mavericks