CRAN Package Check Results for Package SeqGrapheR

Last updated on 2016-12-02 23:48:21.

Flavor Version Tinstall Tcheck Ttotal Status Flags
r-devel-linux-x86_64-debian-clang 0.4.8.5 5.96 68.17 74.13 OK
r-devel-linux-x86_64-debian-gcc 0.4.8.5 6.50 69.32 75.81 OK
r-devel-linux-x86_64-fedora-clang 0.4.8.5 156.07 OK
r-devel-linux-x86_64-fedora-gcc 0.4.8.5 155.68 OK
r-devel-windows-ix86+x86_64 0.4.8.5 15.00 153.00 168.00 OK
r-patched-linux-x86_64 0.4.8.5 6.09 65.07 71.17 OK
r-release-linux-x86_64 0.4.8.5 5.94 64.97 70.91 OK
r-release-osx-x86_64-mavericks 0.4.8.5 ERROR
r-release-windows-ix86+x86_64 0.4.8.5 20.00 162.00 182.00 OK
r-oldrel-windows-ix86+x86_64 0.4.8.5 26.00 162.00 188.00 OK

Check Details

Version: 0.4.8.5
Check: package dependencies
Result: ERROR
    Package required but not available: ‘rggobi’
    
    See section ‘The DESCRIPTION file’ in the ‘Writing R Extensions’
    manual.
Flavor: r-release-osx-x86_64-mavericks