CRAN Package Check Results for Package SeqGrapheR

Last updated on 2015-08-04 16:48:46.

Flavor Version Tinstall Tcheck Ttotal Status Flags
r-devel-linux-x86_64-debian-clang 0.4.8.5 6.74 80.88 87.62 OK
r-devel-linux-x86_64-debian-gcc 0.4.8.5 6.65 74.04 80.68 OK
r-devel-linux-x86_64-fedora-clang 0.4.8.5 170.01 OK
r-devel-linux-x86_64-fedora-gcc 0.4.8.5 159.54 OK
r-devel-osx-x86_64-clang 0.4.8.5 135.08 OK
r-devel-windows-ix86+x86_64 0.4.8.5 23.00 114.00 137.00 OK
r-patched-linux-x86_64 0.4.8.5 6.29 73.16 79.45 OK
r-release-linux-x86_64 0.4.8.5 6.41 75.64 82.05 OK
r-release-osx-x86_64-mavericks 0.4.8.5 ERROR
r-release-windows-ix86+x86_64 0.4.8.5 22.00 113.00 135.00 OK
r-oldrel-windows-ix86+x86_64 0.4.8.5 26.00 141.00 167.00 OK

Check Details

Version: 0.4.8.5
Check: package dependencies
Result: ERROR
    Package required but not available: ‘rggobi’
    
    See section ‘The DESCRIPTION file’ in the ‘Writing R Extensions’
    manual.
Flavor: r-release-osx-x86_64-mavericks