CRAN Package Check Results for Package SeqGrapheR

Last updated on 2016-02-13 23:47:18.

Flavor Version Tinstall Tcheck Ttotal Status Flags
r-devel-linux-x86_64-debian-gcc 0.4.8.5 6.12 63.75 69.87 OK
r-devel-linux-x86_64-fedora-clang 0.4.8.5 143.92 OK
r-devel-linux-x86_64-fedora-gcc 0.4.8.5 138.17 OK
r-devel-windows-ix86+x86_64 0.4.8.5 22.00 129.00 151.00 WARN
r-patched-linux-x86_64 0.4.8.5 6.90 79.96 86.86 OK
r-release-linux-x86_64 0.4.8.5 6.71 76.69 83.40 OK
r-release-osx-x86_64-mavericks 0.4.8.5 ERROR
r-release-windows-ix86+x86_64 0.4.8.5 23.00 122.00 145.00 OK
r-oldrel-windows-ix86+x86_64 0.4.8.5 32.00 165.00 197.00 OK

Check Details

Version: 0.4.8.5
Check: whether package can be installed
Result: WARN
    Found the following significant warnings:
     Warning: multiple methods tables found for 'as.vector'
     Warning: multiple methods tables found for 'relistToClass'
Flavor: r-devel-windows-ix86+x86_64

Version: 0.4.8.5
Check: package dependencies
Result: ERROR
    Package required but not available: ‘rggobi’
    
    See section ‘The DESCRIPTION file’ in the ‘Writing R Extensions’
    manual.
Flavor: r-release-osx-x86_64-mavericks