CRAN Package Check Results for Package SeqGrapheR

Last updated on 2017-07-26 02:48:15.

Flavor Version Tinstall Tcheck Ttotal Status Flags
r-devel-linux-x86_64-debian-clang 0.4.8.5 5.89 76.97 82.86 OK
r-devel-linux-x86_64-debian-gcc 0.4.8.5 5.83 74.87 80.70 OK
r-devel-linux-x86_64-fedora-clang 0.4.8.5 153.29 OK
r-devel-linux-x86_64-fedora-gcc 0.4.8.5 159.19 OK
r-devel-windows-ix86+x86_64 0.4.8.5 22.00 148.00 170.00 OK
r-patched-linux-x86_64 0.4.8.5 6.01 77.32 83.32 OK
r-release-linux-x86_64 0.4.8.5 6.01 77.39 83.40 OK
r-release-windows-ix86+x86_64 0.4.8.5 13.00 149.00 162.00 OK
r-release-osx-x86_64 0.4.8.5 ERROR
r-oldrel-windows-ix86+x86_64 0.4.8.5 15.00 107.00 122.00 OK
r-oldrel-osx-x86_64 0.4.8.5 ERROR

Check Details

Version: 0.4.8.5
Check: package dependencies
Result: ERROR
    Packages required but not available:
     ‘Biostrings’ ‘rggobi’ ‘gWidgetsRGtk2’ ‘cairoDevice’
    
    See section ‘The DESCRIPTION file’ in the ‘Writing R Extensions’
    manual.
Flavor: r-release-osx-x86_64

Version: 0.4.8.5
Check: package dependencies
Result: ERROR
    Package required but not available: ‘rggobi’
    
    See section ‘The DESCRIPTION file’ in the ‘Writing R Extensions’
    manual.
Flavor: r-oldrel-osx-x86_64