CRAN Package Check Results for Package SeqGrapheR

Last updated on 2017-03-30 20:47:27.

Flavor Version Tinstall Tcheck Ttotal Status Flags
r-devel-linux-x86_64-debian-clang 0.4.8.5 6.14 69.00 75.14 OK
r-devel-linux-x86_64-debian-gcc 0.4.8.5 6.90 67.99 74.89 OK
r-devel-linux-x86_64-fedora-clang 0.4.8.5 152.49 OK --no-stop-on-test-error
r-devel-linux-x86_64-fedora-gcc 0.4.8.5 146.69 OK --no-stop-on-test-error
r-devel-windows-ix86+x86_64 0.4.8.5 14.00 107.00 121.00 OK
r-patched-linux-x86_64 0.4.8.5 6.30 68.12 74.43 OK
r-release-linux-x86_64 0.4.8.5 5.98 64.05 70.03 OK
r-release-osx-x86_64-mavericks 0.4.8.5 ERROR
r-release-windows-ix86+x86_64 0.4.8.5 26.00 105.00 131.00 OK
r-oldrel-windows-ix86+x86_64 0.4.8.5 18.00 135.00 153.00 OK

Check Details

Version: 0.4.8.5
Check: package dependencies
Result: ERROR
    Package required but not available: ‘rggobi’
    
    See section ‘The DESCRIPTION file’ in the ‘Writing R Extensions’
    manual.
Flavor: r-release-osx-x86_64-mavericks