CRAN Package Check Results for Package SeqGrapheR

Last updated on 2018-02-22 16:48:02 CET.

Flavor Version Tinstall Tcheck Ttotal Status Flags
r-devel-linux-x86_64-debian-clang 0.4.8.5 11.25 104.07 115.32 OK
r-devel-linux-x86_64-debian-gcc 0.4.8.5 9.54 93.74 103.28 OK
r-devel-windows-ix86+x86_64 0.4.8.5 22.00 109.00 131.00 OK
r-patched-linux-x86_64 0.4.8.5 7.83 111.70 119.53 OK
r-release-linux-x86_64 0.4.8.5 6.85 111.16 118.01 OK
r-release-windows-ix86+x86_64 0.4.8.5 22.00 147.00 169.00 OK
r-release-osx-x86_64 0.4.8.5 ERROR
r-oldrel-windows-ix86+x86_64 0.4.8.5 15.00 145.00 160.00 OK
r-oldrel-osx-x86_64 0.4.8.5 ERROR

Check Details

Version: 0.4.8.5
Check: package dependencies
Result: ERROR
    Packages required but not available:
     ‘Biostrings’ ‘rggobi’ ‘gWidgetsRGtk2’ ‘cairoDevice’
    
    See section ‘The DESCRIPTION file’ in the ‘Writing R Extensions’
    manual.
Flavor: r-release-osx-x86_64

Version: 0.4.8.5
Check: package dependencies
Result: ERROR
    Package required but not available: ‘rggobi’
    
    See section ‘The DESCRIPTION file’ in the ‘Writing R Extensions’
    manual.
Flavor: r-oldrel-osx-x86_64