CRAN Package Check Results for Package SeqGrapheR

Last updated on 2018-04-23 10:50:34 CEST.

Flavor Version Tinstall Tcheck Ttotal Status Flags
r-devel-linux-x86_64-debian-clang 0.4.8.5 9.40 109.39 118.79 OK
r-devel-linux-x86_64-debian-gcc 0.4.8.5 9.81 92.55 102.36 OK
r-devel-linux-x86_64-fedora-clang 0.4.8.5 157.98 OK
r-devel-linux-x86_64-fedora-gcc 0.4.8.5 154.73 OK
r-devel-windows-ix86+x86_64 0.4.8.5 22.00 118.00 140.00 OK
r-devel-osx-x86_64 0.4.8.5 ERROR
r-patched-linux-x86_64 0.4.8.5 10.30 113.80 124.10 OK
r-release-linux-x86_64 0.4.8.5 8.83 112.64 121.47 OK
r-release-windows-ix86+x86_64 0.4.8.5 14.00 128.00 142.00 OK
r-release-osx-x86_64 0.4.8.5 ERROR
r-oldrel-windows-ix86+x86_64 0.4.8.5 19.00 108.00 127.00 OK

Check Details

Version: 0.4.8.5
Check: package dependencies
Result: ERROR
    Packages required but not available: ‘rggobi’ ‘gWidgetsRGtk2’ ‘cairoDevice’
    
    See section ‘The DESCRIPTION file’ in the ‘Writing R Extensions’
    manual.
Flavors: r-devel-osx-x86_64, r-release-osx-x86_64