CRAN Package Check Results for Package SeqGrapheR

Last updated on 2015-09-05 11:47:31.

Flavor Version Tinstall Tcheck Ttotal Status Flags
r-devel-linux-x86_64-debian-clang 0.4.8.5 6.21 70.24 76.46 OK
r-devel-linux-x86_64-debian-gcc 0.4.8.5 6.48 68.80 75.28 OK
r-devel-linux-x86_64-fedora-clang 0.4.8.5 154.58 OK
r-devel-linux-x86_64-fedora-gcc 0.4.8.5 151.80 OK
r-devel-windows-ix86+x86_64 0.4.8.5 23.00 110.00 133.00 OK
r-patched-linux-x86_64 0.4.8.5 6.96 75.89 82.86 OK
r-release-linux-x86_64 0.4.8.5 6.36 78.45 84.82 OK
r-release-osx-x86_64-mavericks 0.4.8.5 ERROR
r-release-windows-ix86+x86_64 0.4.8.5 24.00 158.00 182.00 OK
r-oldrel-windows-ix86+x86_64 0.4.8.5 26.00 197.00 223.00 OK

Check Details

Version: 0.4.8.5
Check: package dependencies
Result: ERROR
    Package required but not available: ‘rggobi’
    
    See section ‘The DESCRIPTION file’ in the ‘Writing R Extensions’
    manual.
Flavor: r-release-osx-x86_64-mavericks