CRAN Package Check Results for Package SeqGrapheR

Last updated on 2017-09-22 10:47:49.

Flavor Version Tinstall Tcheck Ttotal Status Flags
r-devel-linux-x86_64-debian-clang 0.4.8.5 5.94 68.86 74.80 OK
r-devel-linux-x86_64-debian-gcc 0.4.8.5 5.83 67.06 72.89 OK
r-devel-linux-x86_64-fedora-clang 0.4.8.5 152.12 OK
r-devel-linux-x86_64-fedora-gcc 0.4.8.5 152.67 OK
r-devel-windows-ix86+x86_64 0.4.8.5 17.00 108.00 125.00 OK
r-patched-linux-x86_64 0.4.8.5 5.86 70.21 76.06 OK
r-release-linux-x86_64 0.4.8.5 5.88 69.55 75.44 OK
r-release-windows-ix86+x86_64 0.4.8.5 15.00 119.00 134.00 OK
r-release-osx-x86_64 0.4.8.5 ERROR
r-oldrel-windows-ix86+x86_64 0.4.8.5 14.00 103.00 117.00 OK
r-oldrel-osx-x86_64 0.4.8.5 ERROR

Check Details

Version: 0.4.8.5
Check: package dependencies
Result: ERROR
    Packages required but not available:
     ‘Biostrings’ ‘rggobi’ ‘gWidgetsRGtk2’ ‘cairoDevice’
    
    See section ‘The DESCRIPTION file’ in the ‘Writing R Extensions’
    manual.
Flavor: r-release-osx-x86_64

Version: 0.4.8.5
Check: package dependencies
Result: ERROR
    Package required but not available: ‘rggobi’
    
    See section ‘The DESCRIPTION file’ in the ‘Writing R Extensions’
    manual.
Flavor: r-oldrel-osx-x86_64