CRAN Package Check Results for Package SeqGrapheR

Last updated on 2016-05-28 09:11:58.

Flavor Version Tinstall Tcheck Ttotal Status Flags
r-devel-linux-x86_64-debian-gcc 0.4.8.5 5.69 65.59 71.28 OK
r-devel-linux-x86_64-fedora-clang 0.4.8.5 149.01 OK
r-devel-linux-x86_64-fedora-gcc 0.4.8.5 138.06 OK
r-devel-windows-ix86+x86_64 0.4.8.5 13.00 117.00 130.00 OK
r-patched-linux-x86_64 0.4.8.5 5.60 66.34 71.94 OK
r-release-linux-x86_64 0.4.8.5 6.16 64.33 70.49 OK
r-release-osx-x86_64-mavericks 0.4.8.5 ERROR
r-release-windows-ix86+x86_64 0.4.8.5 22.00 119.00 141.00 OK
r-oldrel-windows-ix86+x86_64 0.4.8.5 18.00 123.00 141.00 OK

Check Details

Version: 0.4.8.5
Check: package dependencies
Result: ERROR
    Package required but not available: ‘rggobi’
    
    See section ‘The DESCRIPTION file’ in the ‘Writing R Extensions’
    manual.
Flavor: r-release-osx-x86_64-mavericks