CRAN Package Check Results for Package SeqGrapheR

Last updated on 2015-07-05 06:46:50.

Flavor Version Tinstall Tcheck Ttotal Status Flags
r-devel-linux-x86_64-debian-clang 0.4.8.3 2.54 1.50 4.04 ERROR
r-devel-linux-x86_64-debian-gcc 0.4.8.3 2.58 1.86 4.43 ERROR
r-devel-linux-x86_64-fedora-clang 0.4.8.3 7.30 ERROR
r-devel-linux-x86_64-fedora-gcc 0.4.8.3 8.53 ERROR
r-devel-osx-x86_64-clang 0.4.8.3 6.79 ERROR
r-devel-windows-ix86+x86_64 0.4.8.3 4.00 1.00 5.00 ERROR
r-patched-linux-x86_64 0.4.8.3 2.31 1.64 3.95 ERROR
r-release-linux-x86_64 0.4.8.3 2.53 1.55 4.08 ERROR
r-release-osx-x86_64-mavericks 0.4.8.3 ERROR
r-release-windows-ix86+x86_64 0.4.8.3 7.00 1.00 8.00 ERROR
r-oldrel-windows-ix86+x86_64 0.4.8.3 9.00 1.00 10.00 ERROR

Check Details

Version: 0.4.8.3
Check: whether package can be installed
Result: ERROR
    Installation failed.
Flavors: r-devel-linux-x86_64-debian-clang, r-devel-linux-x86_64-debian-gcc, r-devel-linux-x86_64-fedora-clang, r-devel-linux-x86_64-fedora-gcc, r-devel-osx-x86_64-clang, r-devel-windows-ix86+x86_64, r-patched-linux-x86_64, r-release-linux-x86_64, r-release-windows-ix86+x86_64, r-oldrel-windows-ix86+x86_64

Version: 0.4.8.3
Check: package dependencies
Result: ERROR
    Package required but not available: ‘rggobi’
    
    See section ‘The DESCRIPTION file’ in the ‘Writing R Extensions’
    manual.
Flavor: r-release-osx-x86_64-mavericks