CRAN Package Check Results for Package SeqGrapheR

Last updated on 2015-01-26 16:46:52.

Flavor Version Tinstall Tcheck Ttotal Status Flags
r-devel-linux-x86_64-debian-clang 0.4.8.3 7.53 80.07 87.60 OK
r-devel-linux-x86_64-debian-gcc 0.4.8.3 7.06 76.58 83.64 OK
r-devel-linux-x86_64-fedora-clang 0.4.8.3 223.33 OK
r-devel-linux-x86_64-fedora-gcc 0.4.8.3 212.26 OK
r-devel-osx-x86_64-clang 0.4.8.3 179.95 OK
r-devel-windows-ix86+x86_64 0.4.8.3 24.00 107.00 131.00 OK
r-patched-linux-x86_64 0.4.8.3 8.24 89.73 97.97 OK
r-release-linux-ix86 0.4.8.3 9.50 101.36 110.86 OK
r-release-linux-x86_64 0.4.8.3 8.67 95.05 103.72 OK
r-release-osx-x86_64-mavericks 0.4.8.3 ERROR
r-release-osx-x86_64-snowleopard 0.4.8.3 ERROR
r-release-windows-ix86+x86_64 0.4.8.3 22.00 126.00 148.00 OK
r-oldrel-windows-ix86+x86_64 0.4.8.3 26.00 98.00 124.00 OK

Check Details

Version: 0.4.8.3
Check: package dependencies
Result: ERROR
    Packages required but not available: ‘rggobi’ ‘gWidgetsRGtk2’ ‘cairoDevice’
    
    See the information on DESCRIPTION files in the chapter ‘Creating R
    packages’ of the ‘Writing R Extensions’ manual.
Flavor: r-release-osx-x86_64-mavericks

Version: 0.4.8.3
Check: package dependencies
Result: ERROR
    Package required but not available: ‘rggobi’
    
    See the information on DESCRIPTION files in the chapter ‘Creating R
    packages’ of the ‘Writing R Extensions’ manual.
Flavor: r-release-osx-x86_64-snowleopard