CRAN Package Check Results for Package SeqGrapheR

Last updated on 2015-05-04 11:48:10.

Flavor Version Tinstall Tcheck Ttotal Status Flags
r-devel-linux-x86_64-debian-clang 0.4.8.3 6.64 73.34 79.98 NOTE
r-devel-linux-x86_64-debian-gcc 0.4.8.3 5.93 72.49 78.42 NOTE
r-devel-linux-x86_64-fedora-clang 0.4.8.3 173.75 NOTE
r-devel-linux-x86_64-fedora-gcc 0.4.8.3 155.50 NOTE
r-devel-osx-x86_64-clang 0.4.8.3 136.46 NOTE
r-devel-windows-ix86+x86_64 0.4.8.3 16.00 100.00 116.00 NOTE
r-patched-linux-x86_64 0.4.8.3 6.20 72.90 79.10 NOTE
r-release-linux-x86_64 0.4.8.3 5.94 69.61 75.54 NOTE
r-release-osx-x86_64-mavericks 0.4.8.3 ERROR
r-release-osx-x86_64-snowleopard 0.4.8.3 ERROR
r-release-windows-ix86+x86_64 0.4.8.3 16.00 95.00 111.00 NOTE
r-oldrel-windows-ix86+x86_64 0.4.8.3 20.00 130.00 150.00 OK

Check Details

Version: 0.4.8.3
Check: DESCRIPTION meta-information
Result: NOTE
    Malformed Description field: should contain one or more complete sentences.
Flavors: r-devel-linux-x86_64-debian-clang, r-devel-linux-x86_64-debian-gcc, r-devel-linux-x86_64-fedora-clang, r-devel-linux-x86_64-fedora-gcc, r-devel-osx-x86_64-clang, r-devel-windows-ix86+x86_64, r-patched-linux-x86_64, r-release-linux-x86_64, r-release-windows-ix86+x86_64

Version: 0.4.8.3
Check: package dependencies
Result: ERROR
    Packages required but not available: ‘rggobi’ ‘gWidgetsRGtk2’ ‘cairoDevice’
    
    See section ‘The DESCRIPTION file’ in the ‘Writing R Extensions’
    manual.
Flavor: r-release-osx-x86_64-mavericks

Version: 0.4.8.3
Check: package dependencies
Result: ERROR
    Packages required but not available: ‘Biostrings’ ‘igraph’ ‘rggobi’
    
    See section ‘The DESCRIPTION file’ in the ‘Writing R Extensions’
    manual.
Flavor: r-release-osx-x86_64-snowleopard