CRAN Package Check Results for Package SeqGrapheR

Last updated on 2017-05-26 03:48:46.

Flavor Version Tinstall Tcheck Ttotal Status Flags
r-devel-linux-x86_64-debian-clang 0.4.8.5 5.98 68.37 74.35 OK
r-devel-linux-x86_64-debian-gcc 0.4.8.5 5.94 67.50 73.44 OK
r-devel-linux-x86_64-fedora-clang 0.4.8.5 153.57 OK --no-stop-on-test-error
r-devel-linux-x86_64-fedora-gcc 0.4.8.5 147.52 OK --no-stop-on-test-error
r-devel-windows-ix86+x86_64 0.4.8.5 15.00 114.00 129.00 OK
r-patched-linux-x86_64 0.4.8.5 6.06 68.21 74.28 OK
r-release-linux-x86_64 0.4.8.5 6.09 66.52 72.61 OK
r-release-windows-ix86+x86_64 0.4.8.5 25.00 168.00 193.00 OK
r-release-osx-x86_64 0.4.8.5 ERROR
r-oldrel-windows-ix86+x86_64 0.4.8.5 23.00 107.00 130.00 OK
r-oldrel-osx-x86_64 0.4.8.5 ERROR

Check Details

Version: 0.4.8.5
Check: package dependencies
Result: ERROR
    Packages required but not available:
     ‘Biostrings’ ‘rggobi’ ‘gWidgetsRGtk2’ ‘cairoDevice’
    
    See section ‘The DESCRIPTION file’ in the ‘Writing R Extensions’
    manual.
Flavor: r-release-osx-x86_64

Version: 0.4.8.5
Check: package dependencies
Result: ERROR
    Package required but not available: ‘rggobi’
    
    See section ‘The DESCRIPTION file’ in the ‘Writing R Extensions’
    manual.
Flavor: r-oldrel-osx-x86_64