CRAN Package Check Results for Package Sequential

Last updated on 2015-09-04 11:47:52.

Flavor Version Tinstall Tcheck Ttotal Status Flags
r-devel-linux-x86_64-debian-clang 2.0.1 0.82 20.23 21.04 NOTE
r-devel-linux-x86_64-debian-gcc 2.0.1 0.66 19.78 20.44 NOTE
r-devel-linux-x86_64-fedora-clang 2.0.1 40.47 NOTE
r-devel-linux-x86_64-fedora-gcc 2.0.1 35.93 NOTE
r-devel-osx-x86_64-clang 2.0.1 32.74 OK
r-devel-windows-ix86+x86_64 2.0.1 3.00 31.00 34.00 NOTE
r-patched-linux-x86_64 2.0.1 0.73 20.44 21.18 OK
r-patched-solaris-sparc 2.0.1 268.70 OK
r-patched-solaris-x86 2.0.1 51.10 OK
r-release-linux-x86_64 2.0.1 0.89 20.44 21.32 OK
r-release-osx-x86_64-mavericks 2.0.1 OK
r-release-windows-ix86+x86_64 2.0.1 3.00 44.00 47.00 OK
r-oldrel-windows-ix86+x86_64 2.0.1 4.00 42.00 46.00 OK

Check Details

Version: 2.0.1
Check: R code for possible problems
Result: NOTE
    Analyze.Binomial: no visible global function definition for
     ‘read.table’
    Analyze.Binomial : cumulative_prob: no visible global function
     definition for ‘dbinom’
    Analyze.Binomial : cumulative_prob: no visible global function
     definition for ‘pbinom’
    Analyze.Binomial : CVGbinPar : Perror_I: no visible global function
     definition for ‘dbinom’
    Analyze.Binomial : CVGbinPar : Perror_I: no visible global function
     definition for ‘pbinom’
    Analyze.Binomial: no visible global function definition for ‘pbinom’
    Analyze.Binomial: no visible global function definition for ‘par’
    Analyze.Binomial: no visible global function definition for ‘plot’
    Analyze.Binomial: no visible global function definition for ‘points’
    Analyze.Binomial: no visible global function definition for ‘lines’
    Analyze.Binomial: no visible global function definition for ‘axis’
    Analyze.Binomial: no visible global function definition for ‘legend’
    Analyze.Binomial: no visible global function definition for
     ‘write.table’
    AnalyzeSetUp.Binomial: no visible global function definition for
     ‘write.table’
    AnalyzeSetUp.Binomial : SalphafLAtcv : Perror_I : func_aux2: no visible
     global function definition for ‘dbinom’
    AnalyzeSetUp.Binomial : SalphafLAtcv : Perror_I : func_aux3: no visible
     global function definition for ‘pbinom’
    AnalyzeSetUp.Binomial : SalphafLAtcv : Perror_I: no visible global
     function definition for ‘dbinom’
    AnalyzeSetUp.Binomial : SalphafLAtcv : Perror_I: no visible global
     function definition for ‘pbinom’
    AnalyzeSetUp.Binomial: no visible global function definition for
     ‘qbinom’
    CV.Binomial: no visible global function definition for ‘pbinom’
    CV.Binomial : Erro_I : func_aux2: no visible global function definition
     for ‘dbinom’
    CV.Binomial : Erro_I : func_aux3: no visible global function definition
     for ‘pbinom’
    CV.Binomial : Erro_I: no visible global function definition for
     ‘dbinom’
    CV.Binomial : Erro_I: no visible global function definition for
     ‘pbinom’
    CV.G.Binomial: no visible global function definition for ‘pbinom’
    CV.G.Binomial : Erro_I : func_aux2: no visible global function
     definition for ‘dbinom’
    CV.G.Binomial : Erro_I : func_aux3: no visible global function
     definition for ‘pbinom’
    CV.G.Binomial : Erro_I: no visible global function definition for
     ‘dbinom’
    CV.G.Binomial : Erro_I: no visible global function definition for
     ‘pbinom’
    CV.G.Poisson: no visible global function definition for ‘ppois’
    CV.G.Poisson: no visible global function definition for ‘qpois’
    CV.G.Poisson : Perro_I: no visible global function definition for
     ‘dpois’
    CV.G.Poisson : Perro_I: no visible global function definition for
     ‘ppois’
    CV.Poisson: no visible global function definition for ‘ppois’
    CV.Poisson : Perror_I: no visible global function definition for
     ‘dpois’
    CV.Poisson : Perror_I: no visible global function definition for
     ‘ppois’
    Performance.Binomial : func_aux2: no visible global function definition
     for ‘dbinom’
    Performance.Binomial : func_aux3: no visible global function definition
     for ‘pbinom’
    Performance.Binomial: no visible global function definition for
     ‘dbinom’
    Performance.Binomial: no visible global function definition for
     ‘pbinom’
    Performance.G.Binomial : func_aux2: no visible global function
     definition for ‘dbinom’
    Performance.G.Binomial : func_aux3: no visible global function
     definition for ‘pbinom’
    Performance.G.Binomial: no visible global function definition for
     ‘dbinom’
    Performance.G.Binomial: no visible global function definition for
     ‘pbinom’
    Performance.G.Poisson: no visible global function definition for
     ‘dpois’
    Performance.G.Poisson: no visible global function definition for
     ‘ppois’
    Performance.Poisson: no visible global function definition for ‘dpois’
    Performance.Poisson: no visible global function definition for ‘ppois’
    SampleSize.Binomial: no visible global function definition for ‘pbinom’
    SampleSize.Poisson: no visible global function definition for ‘qexp’
    SampleSize.Poisson: no visible global function definition for ‘ppois’
    Undefined global functions or variables:
     axis dbinom dpois legend lines par pbinom plot points ppois qbinom
     qexp qpois read.table write.table
    Consider adding
     importFrom("graphics", "axis", "legend", "lines", "par", "plot",
     "points")
     importFrom("stats", "dbinom", "dpois", "pbinom", "ppois", "qbinom",
     "qexp", "qpois")
     importFrom("utils", "read.table", "write.table")
    to your NAMESPACE.
Flavors: r-devel-linux-x86_64-debian-clang, r-devel-linux-x86_64-debian-gcc, r-devel-linux-x86_64-fedora-clang, r-devel-linux-x86_64-fedora-gcc

Version: 2.0.1
Check: R code for possible problems
Result: NOTE
    Analyze.Binomial: no visible global function definition for
     'read.table'
    Analyze.Binomial : cumulative_prob: no visible global function
     definition for 'dbinom'
    Analyze.Binomial : cumulative_prob: no visible global function
     definition for 'pbinom'
    Analyze.Binomial : CVGbinPar : Perror_I: no visible global function
     definition for 'dbinom'
    Analyze.Binomial : CVGbinPar : Perror_I: no visible global function
     definition for 'pbinom'
    Analyze.Binomial: no visible global function definition for 'pbinom'
    Analyze.Binomial: no visible global function definition for 'par'
    Analyze.Binomial: no visible global function definition for 'plot'
    Analyze.Binomial: no visible global function definition for 'points'
    Analyze.Binomial: no visible global function definition for 'lines'
    Analyze.Binomial: no visible global function definition for 'axis'
    Analyze.Binomial: no visible global function definition for 'legend'
    Analyze.Binomial: no visible global function definition for
     'write.table'
    AnalyzeSetUp.Binomial: no visible global function definition for
     'choose.dir'
    AnalyzeSetUp.Binomial: no visible global function definition for
     'write.table'
    AnalyzeSetUp.Binomial : SalphafLAtcv : Perror_I : func_aux2: no visible
     global function definition for 'dbinom'
    AnalyzeSetUp.Binomial : SalphafLAtcv : Perror_I : func_aux3: no visible
     global function definition for 'pbinom'
    AnalyzeSetUp.Binomial : SalphafLAtcv : Perror_I: no visible global
     function definition for 'dbinom'
    AnalyzeSetUp.Binomial : SalphafLAtcv : Perror_I: no visible global
     function definition for 'pbinom'
    AnalyzeSetUp.Binomial: no visible global function definition for
     'qbinom'
    CV.Binomial: no visible global function definition for 'pbinom'
    CV.Binomial : Erro_I : func_aux2: no visible global function definition
     for 'dbinom'
    CV.Binomial : Erro_I : func_aux3: no visible global function definition
     for 'pbinom'
    CV.Binomial : Erro_I: no visible global function definition for
     'dbinom'
    CV.Binomial : Erro_I: no visible global function definition for
     'pbinom'
    CV.G.Binomial: no visible global function definition for 'pbinom'
    CV.G.Binomial : Erro_I : func_aux2: no visible global function
     definition for 'dbinom'
    CV.G.Binomial : Erro_I : func_aux3: no visible global function
     definition for 'pbinom'
    CV.G.Binomial : Erro_I: no visible global function definition for
     'dbinom'
    CV.G.Binomial : Erro_I: no visible global function definition for
     'pbinom'
    CV.G.Poisson: no visible global function definition for 'ppois'
    CV.G.Poisson: no visible global function definition for 'qpois'
    CV.G.Poisson : Perro_I: no visible global function definition for
     'dpois'
    CV.G.Poisson : Perro_I: no visible global function definition for
     'ppois'
    CV.Poisson: no visible global function definition for 'ppois'
    CV.Poisson : Perror_I: no visible global function definition for
     'dpois'
    CV.Poisson : Perror_I: no visible global function definition for
     'ppois'
    Performance.Binomial : func_aux2: no visible global function definition
     for 'dbinom'
    Performance.Binomial : func_aux3: no visible global function definition
     for 'pbinom'
    Performance.Binomial: no visible global function definition for
     'dbinom'
    Performance.Binomial: no visible global function definition for
     'pbinom'
    Performance.G.Binomial : func_aux2: no visible global function
     definition for 'dbinom'
    Performance.G.Binomial : func_aux3: no visible global function
     definition for 'pbinom'
    Performance.G.Binomial: no visible global function definition for
     'dbinom'
    Performance.G.Binomial: no visible global function definition for
     'pbinom'
    Performance.G.Poisson: no visible global function definition for
     'dpois'
    Performance.G.Poisson: no visible global function definition for
     'ppois'
    Performance.Poisson: no visible global function definition for 'dpois'
    Performance.Poisson: no visible global function definition for 'ppois'
    SampleSize.Binomial: no visible global function definition for 'pbinom'
    SampleSize.Poisson: no visible global function definition for 'qexp'
    SampleSize.Poisson: no visible global function definition for 'ppois'
    Undefined global functions or variables:
     axis choose.dir dbinom dpois legend lines par pbinom plot points
     ppois qbinom qexp qpois read.table write.table
    Consider adding
     importFrom("graphics", "axis", "legend", "lines", "par", "plot",
     "points")
     importFrom("stats", "dbinom", "dpois", "pbinom", "ppois", "qbinom",
     "qexp", "qpois")
     importFrom("utils", "choose.dir", "read.table", "write.table")
    to your NAMESPACE.
Flavor: r-devel-windows-ix86+x86_64