CRAN Package Check Results for Package Sequential

Last updated on 2015-04-27 23:47:38.

Flavor Version Tinstall Tcheck Ttotal Status Flags
r-devel-linux-x86_64-debian-clang 1.1 0.55 12.14 12.70 OK
r-devel-linux-x86_64-debian-gcc 1.1 0.57 11.71 12.28 OK
r-devel-linux-x86_64-fedora-clang 1.1 24.59 OK
r-devel-linux-x86_64-fedora-gcc 1.1 22.04 OK
r-devel-osx-x86_64-clang 1.1 26.63 OK
r-devel-windows-ix86+x86_64 1.1 2.00 18.00 20.00 OK
r-patched-linux-x86_64 1.1 0.58 12.20 12.77 OK
r-patched-solaris-sparc 1.1 155.70 OK
r-patched-solaris-x86 1.1 32.80 OK
r-release-linux-x86_64 1.1 0.68 11.93 12.61 OK
r-release-osx-x86_64-mavericks 1.1 OK
r-release-osx-x86_64-snowleopard 1.1 NOTE
r-release-windows-ix86+x86_64 1.1 1.00 21.00 22.00 OK
r-oldrel-windows-ix86+x86_64 1.1 4.00 21.00 25.00 OK

Check Details

Version: 1.1
Check: Rd cross-references
Result: NOTE
    Package unavailable to check Rd xrefs: ‘gsDesign’
Flavor: r-release-osx-x86_64-snowleopard