CRAN Package Check Results for Package Sequential

Last updated on 2015-05-28 15:47:48.

Flavor Version Tinstall Tcheck Ttotal Status Flags
r-devel-linux-x86_64-debian-clang 1.1 0.65 12.08 12.74 OK
r-devel-linux-x86_64-debian-gcc 1.1 0.59 11.67 12.26 OK
r-devel-linux-x86_64-fedora-clang 1.1 24.07 OK
r-devel-linux-x86_64-fedora-gcc 1.1 22.74 OK
r-devel-osx-x86_64-clang 1.1 27.74 OK
r-devel-windows-ix86+x86_64 1.1 2.00 19.00 21.00 OK
r-patched-linux-x86_64 1.1 0.54 11.78 12.32 OK
r-patched-solaris-sparc 1.1 141.50 OK
r-patched-solaris-x86 1.1 32.60 OK
r-release-linux-x86_64 1.1 0.54 12.16 12.70 OK
r-release-osx-x86_64-mavericks 1.1 OK
r-release-osx-x86_64-snowleopard 1.1 NOTE
r-release-windows-ix86+x86_64 1.1 1.00 21.00 22.00 OK
r-oldrel-windows-ix86+x86_64 1.1 4.00 21.00 25.00 OK

Check Details

Version: 1.1
Check: Rd cross-references
Result: NOTE
    Package unavailable to check Rd xrefs: ‘gsDesign’
Flavor: r-release-osx-x86_64-snowleopard