CRAN Package Check Results for Package Sequential

Last updated on 2016-05-02 21:50:01.

Flavor Version Tinstall Tcheck Ttotal Status Flags
r-devel-linux-x86_64-debian-gcc 2.0.2 0.71 21.31 22.02 OK
r-devel-linux-x86_64-fedora-clang 2.0.2 39.46 OK
r-devel-linux-x86_64-fedora-gcc 2.0.2 36.99 OK
r-devel-osx-x86_64-clang 2.0.2 43.19 OK
r-devel-windows-ix86+x86_64 2.0.2 3.00 48.00 51.00 NOTE
r-patched-linux-x86_64 2.0.2 0.68 21.11 21.79 OK
r-patched-solaris-sparc 2.0.2 248.70 OK
r-patched-solaris-x86 2.0.2 47.10 OK
r-release-linux-x86_64 2.0.2 0.83 21.66 22.49 OK
r-release-osx-x86_64-mavericks 2.0.2 OK
r-release-windows-ix86+x86_64 2.0.2 2.00 28.00 30.00 OK
r-oldrel-windows-ix86+x86_64 2.0.2 4.00 48.00 52.00 OK

Check Details

Version: 2.0.2
Check: R code for possible problems
Result: NOTE
    AnalyzeSetUp.Binomial: no visible global function definition for
     'choose.dir'
    Undefined global functions or variables:
     choose.dir
    Consider adding
     importFrom("utils", "choose.dir")
    to your NAMESPACE file.
Flavor: r-devel-windows-ix86+x86_64