CRAN Package Check Results for Package Sequential

Last updated on 2014-04-16 15:49:35.

Flavor Version Tinstall Tcheck Ttotal Status Flags
r-devel-linux-x86_64-debian-clang 1.1 0.64 12.71 13.35 OK
r-devel-linux-x86_64-debian-gcc 1.1 0.63 12.11 12.74 OK
r-devel-linux-x86_64-fedora-clang 1.1 26.52 OK
r-devel-linux-x86_64-fedora-gcc 1.1 23.66 OK
r-devel-macosx-x86_64-clang 1.1 27.03 OK
r-devel-macosx-x86_64-gcc 1.1 NOTE
r-devel-windows-ix86+x86_64 1.1 2.00 24.00 26.00 OK
r-patched-linux-x86_64 1.1 0.58 12.29 12.88 OK
r-patched-solaris-sparc 1.1 144.10 OK
r-patched-solaris-x86 1.1 33.60 OK
r-release-linux-ix86 1.1 2.00 25.00 27.00 OK
r-release-linux-x86_64 1.1 0.59 12.22 12.80 OK
r-release-macosx-x86_64 1.1 OK
r-release-windows-ix86+x86_64 1.1 5.00 25.00 30.00 OK
r-oldrel-windows-ix86+x86_64 1.1 2.00 20.00 22.00 OK

Check Details

Version: 1.1
Check: Rd cross-references
Result: NOTE
    Package unavailable to check Rd xrefs: ‘gsDesign’
Flavor: r-devel-macosx-x86_64-gcc