CRAN Package Check Results for Package Sequential

Last updated on 2016-02-10 11:55:29.

Flavor Version Tinstall Tcheck Ttotal Status Flags
r-devel-linux-x86_64-debian-gcc 2.0.2 0.66 20.06 20.71 OK
r-devel-linux-x86_64-fedora-clang 2.0.2 37.86 OK
r-devel-linux-x86_64-fedora-gcc 2.0.2 34.97 OK
r-devel-osx-x86_64-clang 2.0.2 43.11 OK
r-devel-windows-ix86+x86_64 2.0.2 4.00 51.00 55.00 NOTE
r-patched-linux-x86_64 2.0.2 0.72 20.83 21.54 OK
r-patched-solaris-sparc 2.0.2 245.70 OK
r-patched-solaris-x86 2.0.2 45.90 OK
r-release-linux-x86_64 2.0.2 0.76 21.14 21.90 OK
r-release-osx-x86_64-mavericks 2.0.2 OK
r-release-windows-ix86+x86_64 2.0.2 2.00 28.00 30.00 OK
r-oldrel-windows-ix86+x86_64 2.0.2 4.00 48.00 52.00 OK

Check Details

Version: 2.0.2
Check: R code for possible problems
Result: NOTE
    AnalyzeSetUp.Binomial: no visible global function definition for
     'choose.dir'
    Undefined global functions or variables:
     choose.dir
    Consider adding
     importFrom("utils", "choose.dir")
    to your NAMESPACE file.
Flavor: r-devel-windows-ix86+x86_64