CRAN Package Check Results for Package SesIndexCreatoR

Last updated on 2014-11-23 03:48:10.

Flavor Version Tinstall Tcheck Ttotal Status Flags
r-devel-linux-x86_64-debian-clang 1.0-2 1.07 22.74 23.81 NOTE
r-devel-linux-x86_64-debian-gcc 1.0-2 0.98 22.36 23.34 NOTE
r-devel-linux-x86_64-fedora-clang 1.0-2 47.00 NOTE
r-devel-linux-x86_64-fedora-gcc 1.0-2 44.40 NOTE
r-devel-osx-x86_64-clang 1.0-2 45.43 NOTE
r-devel-windows-ix86+x86_64 1.0-2 6.00 34.00 40.00 NOTE
r-patched-linux-x86_64 1.0-2 1.03 23.48 24.51 NOTE
r-patched-solaris-sparc 1.0-2 275.50 NOTE
r-patched-solaris-x86 1.0-2 60.60 NOTE
r-release-linux-ix86 1.0-2 1.49 28.62 30.10 NOTE
r-release-linux-x86_64 1.0-2 1.03 23.30 24.33 NOTE
r-release-osx-x86_64-mavericks 1.0-2 NOTE
r-release-osx-x86_64-snowleopard 1.0-2 WARN
r-release-windows-ix86+x86_64 1.0-2 7.00 39.00 46.00 NOTE
r-oldrel-windows-ix86+x86_64 1.0-2 6.00 41.00 47.00 NOTE

Check Details

Version: 1.0-2
Check: top-level files
Result: NOTE
    Non-standard file/directory found at top level:
     ‘SesIndexCreatoR-Ex.R’
Flavors: r-devel-linux-x86_64-debian-clang, r-devel-linux-x86_64-debian-gcc, r-devel-linux-x86_64-fedora-clang, r-devel-linux-x86_64-fedora-gcc, r-patched-linux-x86_64, r-release-linux-x86_64

Version: 1.0-2
Check: dependencies in R code
Result: NOTE
    Packages in Depends field not imported from:
     ‘FactoMineR’ ‘class’
     These packages need to be imported from (in the NAMESPACE file)
     for when this namespace is loaded but not attached.
    See the information on DESCRIPTION files in the chapter ‘Creating R
    packages’ of the ‘Writing R Extensions’ manual.
Flavors: r-devel-linux-x86_64-debian-clang, r-devel-linux-x86_64-debian-gcc, r-devel-linux-x86_64-fedora-clang, r-devel-linux-x86_64-fedora-gcc, r-devel-osx-x86_64-clang, r-devel-windows-ix86+x86_64, r-patched-linux-x86_64, r-patched-solaris-sparc, r-patched-solaris-x86, r-release-linux-ix86, r-release-linux-x86_64, r-release-osx-x86_64-mavericks, r-release-windows-ix86+x86_64, r-oldrel-windows-ix86+x86_64

Version: 1.0-2
Check: R code for possible problems
Result: NOTE
    ClassifHC: no visible global function definition for ‘HCPC’
    SelectVar: no visible global function definition for ‘PCA’
    SelectVar: no visible global function definition for ‘MFA’
    SesReport: no visible global function definition for ‘catdes’
    plot.SesClassif: no visible global function definition for ‘PCA’
    plot.SesClassif: no visible global function definition for ‘plot.PCA’
Flavors: r-devel-linux-x86_64-debian-clang, r-devel-linux-x86_64-debian-gcc, r-devel-linux-x86_64-fedora-clang, r-devel-linux-x86_64-fedora-gcc, r-devel-osx-x86_64-clang, r-devel-windows-ix86+x86_64, r-patched-linux-x86_64, r-patched-solaris-sparc, r-patched-solaris-x86, r-release-linux-ix86, r-release-linux-x86_64, r-release-windows-ix86+x86_64

Version: 1.0-2
Check: examples
Result: WARN
    checking a package with encoding 'latin1' in an ASCII locale
    
     OK
Flavor: r-release-osx-x86_64-snowleopard