CRAN Package Check Results for Package SesIndexCreatoR

Last updated on 2014-04-24 07:52:37.

Flavor Version Tinstall Tcheck Ttotal Status Flags
r-devel-linux-x86_64-debian-clang 1.0-2 1.15 21.89 23.04 NOTE
r-devel-linux-x86_64-debian-gcc 1.0-2 1.08 22.18 23.27 NOTE
r-devel-linux-x86_64-fedora-clang 1.0-2 47.63 NOTE
r-devel-linux-x86_64-fedora-gcc 1.0-2 45.39 NOTE
r-devel-osx-x86_64-clang 1.0-2 38.45 NOTE
r-devel-osx-x86_64-gcc 1.0-2 ERROR
r-devel-windows-ix86+x86_64 1.0-2 4.00 36.00 40.00 NOTE
r-patched-linux-x86_64 1.0-2 1.04 22.40 23.44 NOTE
r-patched-solaris-sparc 1.0-2 279.20 NOTE
r-patched-solaris-x86 1.0-2 60.90 NOTE
r-release-linux-ix86 1.0-2 2.00 41.00 43.00 NOTE
r-release-linux-x86_64 1.0-2 1.06 23.08 24.13 NOTE
r-release-osx-x86_64-mavericks 1.0-2 WARN
r-release-osx-x86_64-snowleopard 1.0-2 WARN
r-release-windows-ix86+x86_64 1.0-2 4.00 35.00 39.00 NOTE
r-oldrel-windows-ix86+x86_64 1.0-2 5.00 39.00 44.00 NOTE

Check Details

Version: 1.0-2
Check: dependencies in R code
Result: NOTE
    Packages in Depends field not imported from:
     ‘FactoMineR’ ‘class’
     These packages need to be imported from (in the NAMESPACE file)
     for when this namespace is loaded but not attached.
    See the information on DESCRIPTION files in the chapter ‘Creating R
    packages’ of the ‘Writing R Extensions’ manual.
Flavors: r-devel-linux-x86_64-debian-clang, r-devel-linux-x86_64-debian-gcc, r-devel-linux-x86_64-fedora-clang, r-devel-linux-x86_64-fedora-gcc, r-devel-osx-x86_64-clang, r-devel-windows-ix86+x86_64, r-patched-linux-x86_64, r-patched-solaris-sparc, r-patched-solaris-x86, r-release-linux-ix86, r-release-linux-x86_64, r-release-osx-x86_64-mavericks, r-release-windows-ix86+x86_64, r-oldrel-windows-ix86+x86_64

Version: 1.0-2
Check: top-level files
Result: NOTE
    Non-standard file/directory found at top level:
     ‘SesIndexCreatoR-Ex.R’
Flavors: r-devel-linux-x86_64-fedora-clang, r-devel-linux-x86_64-fedora-gcc

Version: 1.0-2
Check: package dependencies
Result: ERROR
    Package required but not available: ‘FactoMineR’
    
    See the information on DESCRIPTION files in the chapter ‘Creating R
    packages’ of the ‘Writing R Extensions’ manual.
Flavor: r-devel-osx-x86_64-gcc

Version: 1.0-2
Check: PDF version of manual
Result: WARNING
    LaTeX errors when creating PDF version.
    This typically indicates Rd problems.
    LaTeX errors found:
    ! LaTeX Error: File `upquote.sty' not found.
    
    Type X to quit or <RETURN> to proceed,
    or enter new name. (Default extension: sty)
    
    ac8edfb/Rd2.tex:8: ==> Fatal error occurred, no output PDF file produced!
Flavor: r-release-osx-x86_64-mavericks

Version: 1.0-2
Check: examples
Result: WARNING
    checking a package with encoding 'latin1' in an ASCII locale
    
     OK
Flavor: r-release-osx-x86_64-snowleopard