CRAN Package Check Results for Package SesIndexCreatoR

Last updated on 2014-07-24 16:48:06.

Flavor Version Tinstall Tcheck Ttotal Status Flags
r-devel-linux-x86_64-debian-clang 1.0-2 0.97 21.31 22.28 NOTE
r-devel-linux-x86_64-debian-gcc 1.0-2 1.02 20.88 21.90 NOTE
r-devel-linux-x86_64-fedora-clang 1.0-2 47.90 NOTE
r-devel-linux-x86_64-fedora-gcc 1.0-2 46.24 NOTE
r-devel-osx-x86_64-clang 1.0-2 42.25 NOTE
r-devel-windows-ix86+x86_64 1.0-2 5.00 37.00 42.00 NOTE
r-patched-linux-x86_64 1.0-2 1.07 21.18 22.24 NOTE
r-patched-solaris-sparc 1.0-2 279.20 NOTE
r-patched-solaris-x86 1.0-2 61.60 NOTE
r-release-linux-ix86 1.0-2 1.44 29.70 31.14 NOTE
r-release-linux-x86_64 1.0-2 1.10 21.42 22.52 NOTE
r-release-osx-x86_64-mavericks 1.0-2 NOTE
r-release-osx-x86_64-snowleopard 1.0-2 WARN
r-release-windows-ix86+x86_64 1.0-2 5.00 35.00 40.00 NOTE
r-oldrel-windows-ix86+x86_64 1.0-2 5.00 40.00 45.00 NOTE

Check Details

Version: 1.0-2
Check: dependencies in R code
Result: NOTE
    Packages in Depends field not imported from:
     ‘FactoMineR’ ‘class’
     These packages need to be imported from (in the NAMESPACE file)
     for when this namespace is loaded but not attached.
    See the information on DESCRIPTION files in the chapter ‘Creating R
    packages’ of the ‘Writing R Extensions’ manual.
Flavors: r-devel-linux-x86_64-debian-clang, r-devel-linux-x86_64-debian-gcc, r-devel-linux-x86_64-fedora-clang, r-devel-linux-x86_64-fedora-gcc, r-devel-osx-x86_64-clang, r-devel-windows-ix86+x86_64, r-patched-linux-x86_64, r-patched-solaris-sparc, r-patched-solaris-x86, r-release-linux-ix86, r-release-linux-x86_64, r-release-osx-x86_64-mavericks, r-release-windows-ix86+x86_64, r-oldrel-windows-ix86+x86_64

Version: 1.0-2
Check: top-level files
Result: NOTE
    Non-standard file/directory found at top level:
     ‘SesIndexCreatoR-Ex.R’
Flavors: r-devel-linux-x86_64-fedora-clang, r-devel-linux-x86_64-fedora-gcc

Version: 1.0-2
Check: examples
Result: WARNING
    checking a package with encoding 'latin1' in an ASCII locale
    
     OK
Flavor: r-release-osx-x86_64-snowleopard