CRAN Package Check Results for Package SetMethods

Last updated on 2017-11-25 09:50:08 CET.

Flavor Version Tinstall Tcheck Ttotal Status Flags
r-devel-linux-x86_64-debian-clang 2.1 2.86 110.96 113.82 OK
r-devel-linux-x86_64-debian-gcc 2.1 2.80 101.61 104.41 OK
r-devel-linux-x86_64-fedora-clang 2.1 82.52 OK
r-devel-linux-x86_64-fedora-gcc 2.1 81.95 OK
r-devel-windows-ix86+x86_64 2.1 7.00 117.00 124.00 OK
r-patched-linux-x86_64 2.1 3.88 117.20 121.07 OK
r-patched-solaris-x86 2.1 364.50 ERROR
r-release-linux-x86_64 2.1 3.34 113.30 116.64 OK
r-release-windows-ix86+x86_64 2.1 7.00 79.00 86.00 OK
r-release-osx-x86_64 2.1 OK
r-oldrel-windows-ix86+x86_64 2.1 7.00 79.00 86.00 OK
r-oldrel-osx-x86_64 2.1 OK

Check Details

Version: 2.1
Check: examples
Result: ERROR
    Running examples in ‘SetMethods-Ex.R’ failed
    The error most likely occurred in:
    
    > ### Name: pimplot
    > ### Title: Prime implicants, truth table rows, and necessity plots.
    > ### Aliases: pimplot
    > ### Keywords: QCA
    >
    > ### ** Examples
    >
    > # Import your data. For example:
    >
    > data(Schneider)
    >
    > # Get the parsimonious solution:
    >
    >
    > sol_yp <- eqmcc(Schneider, outcome = "EXPORT",
    + conditions = c("EMP","BARGAIN","UNI","OCCUP","STOCK", "MA"),
    + incl.cut1 = .9,
    + include = "?",
    + details = TRUE, show.cases = TRUE)
    >
    > # Get the intermediate solution:
    >
    > sol_yi <- eqmcc(Schneider, outcome = "EXPORT",
    + conditions = c("EMP","BARGAIN","UNI","OCCUP","STOCK", "MA"),
    + incl.cut1 = .9,
    + include = "?",
    + details = TRUE, show.cases = TRUE, dir.exp = c(0,0,0,0,0,0))
    >
    > # Plot the prime implicants of the parsimonious solution:
    >
    > pimplot(data = Schneider, results = sol_yp, outcome = "EXPORT")
    >
    > # Plot the prime implicants of the first intermediate solution:
    >
    > pimplot(data = Schneider, results = sol_yi, outcome = "EXPORT", intermed=TRUE, sol = 1)
    >
    > # Plot all truth table rows with a consistency higher than 0.9:
    >
    > pimplot(data=Schneider, results = sol_yi, incl.tt=0.9, outcome = "EXPORT", intermed=TRUE, sol = 1)
    >
    > # Plot truth table rows "60" and "61":
    >
    > pimplot(data=Schneider, results = sol_yi, ttrows =c("60","61"),
    + outcome = "EXPORT", intermed=TRUE, sol = 1)
    >
    > # For plotting results of necessity analyses using superSubset,
    > # the first stept is to obtain an "sS" object:
    >
    > SUPSUB <- superSubset(Schneider, outcome="EXPORT",
    + conditions = c("EMP","BARGAIN","UNI","OCCUP","STOCK", "MA"),
    + relation = "necessity", incl.cut = 0.8)
    
     *** caught segfault ***
    address 56849f0, cause 'memory not mapped'
    
    Traceback:
     1: .Call("superSubset", as.matrix(data[, conditions]), noflevels, as.numeric(fc), data[, outcome], as.numeric(nec(relation)), incl.cut, cov.cut, depth, PACKAGE = "QCA")
     2: superSubset(Schneider, outcome = "EXPORT", conditions = c("EMP", "BARGAIN", "UNI", "OCCUP", "STOCK", "MA"), relation = "necessity", incl.cut = 0.8)
    An irrecoverable exception occurred. R is aborting now ...
Flavor: r-patched-solaris-x86