CRAN Package Check Results for Package SetMethods

Last updated on 2014-09-20 15:49:32.

Flavor Version Tinstall Tcheck Ttotal Status Flags
r-devel-linux-x86_64-debian-clang 1.0 2.41 25.63 28.04 NOTE
r-devel-linux-x86_64-debian-gcc 1.0 2.38 25.06 27.44 NOTE
r-devel-linux-x86_64-fedora-clang 1.0 61.77 NOTE
r-devel-linux-x86_64-fedora-gcc 1.0 56.77 NOTE
r-devel-osx-x86_64-clang 1.0 55.11 NOTE
r-devel-windows-ix86+x86_64 1.0 8.00 41.00 49.00 NOTE
r-patched-linux-x86_64 1.0 2.64 28.84 31.47 NOTE
r-patched-solaris-sparc 1.0 369.10 NOTE
r-patched-solaris-x86 1.0 79.50 NOTE
r-release-linux-ix86 1.0 3.21 36.01 39.22 NOTE
r-release-linux-x86_64 1.0 2.56 29.14 31.70 NOTE
r-release-osx-x86_64-mavericks 1.0 NOTE
r-release-osx-x86_64-snowleopard 1.0 NOTE
r-release-windows-ix86+x86_64 1.0 10.00 44.00 54.00 NOTE
r-oldrel-windows-ix86+x86_64 1.0 9.00 46.00 55.00 NOTE

Check Details

Version: 1.0
Check: DESCRIPTION meta-information
Result: NOTE
    Packages listed in more than one of Depends, Imports, Suggests, Enhances:
     ‘lattice’ ‘betareg’
    A package should be listed in only one of these fields.
Flavors: r-devel-linux-x86_64-debian-clang, r-devel-linux-x86_64-debian-gcc, r-devel-linux-x86_64-fedora-clang, r-devel-linux-x86_64-fedora-gcc, r-devel-osx-x86_64-clang, r-devel-windows-ix86+x86_64, r-patched-linux-x86_64, r-patched-solaris-sparc, r-patched-solaris-x86, r-release-linux-ix86, r-release-linux-x86_64, r-release-osx-x86_64-mavericks, r-release-osx-x86_64-snowleopard, r-release-windows-ix86+x86_64, r-oldrel-windows-ix86+x86_64

Version: 1.0
Check: dependencies in R code
Result: NOTE
    Namespaces in Imports field not imported from:
     ‘betareg’ ‘lattice’
     All declared Imports should be used.
    Packages in Depends field not imported from:
     ‘betareg’ ‘lattice’
     These packages need to be imported from (in the NAMESPACE file)
     for when this namespace is loaded but not attached.
    See the information on DESCRIPTION files in the chapter ‘Creating R
    packages’ of the ‘Writing R Extensions’ manual.
Flavors: r-devel-linux-x86_64-debian-clang, r-devel-linux-x86_64-debian-gcc, r-devel-linux-x86_64-fedora-clang, r-devel-linux-x86_64-fedora-gcc, r-devel-osx-x86_64-clang, r-devel-windows-ix86+x86_64, r-patched-linux-x86_64, r-patched-solaris-sparc, r-patched-solaris-x86, r-release-linux-ix86, r-release-linux-x86_64, r-release-osx-x86_64-mavericks, r-release-windows-ix86+x86_64, r-oldrel-windows-ix86+x86_64

Version: 1.0
Check: R code for possible problems
Result: NOTE
    indirectCalibration: no visible global function definition for
     ‘betareg’
    xy.plot.lat: no visible global function definition for ‘xyplot’
    xy.plot.lat: no visible global function definition for ‘strip.custom’
    xy.plot.lat : <anonymous>: no visible global function definition for
     ‘panel.abline’
    xy.plot.lat : <anonymous>: no visible global function definition for
     ‘panel.xyplot’
    xy.plot.lat : <anonymous>: no visible global function definition for
     ‘panel.text’
Flavors: r-devel-linux-x86_64-debian-clang, r-devel-linux-x86_64-debian-gcc, r-devel-linux-x86_64-fedora-clang, r-devel-linux-x86_64-fedora-gcc, r-devel-osx-x86_64-clang, r-devel-windows-ix86+x86_64