CRAN Package Check Results for Package SetMethods

Last updated on 2014-07-22 10:47:26.

Flavor Version Tinstall Tcheck Ttotal Status Flags
r-devel-linux-x86_64-debian-clang 1.0 2.55 27.39 29.94 NOTE
r-devel-linux-x86_64-debian-gcc 1.0 2.62 26.41 29.02 NOTE
r-devel-linux-x86_64-fedora-clang 1.0 65.38 NOTE
r-devel-linux-x86_64-fedora-gcc 1.0 61.62 NOTE
r-devel-osx-x86_64-clang 1.0 54.18 NOTE
r-devel-windows-ix86+x86_64 1.0 8.00 41.00 49.00 NOTE
r-patched-linux-x86_64 1.0 2.68 26.78 29.46 NOTE
r-patched-solaris-sparc 1.0 358.30 NOTE
r-patched-solaris-x86 1.0 81.90 NOTE
r-release-linux-ix86 1.0 3.19 35.75 38.94 NOTE
r-release-linux-x86_64 1.0 2.54 27.92 30.46 NOTE
r-release-osx-x86_64-mavericks 1.0 NOTE
r-release-osx-x86_64-snowleopard 1.0 NOTE
r-release-windows-ix86+x86_64 1.0 8.00 44.00 52.00 NOTE
r-oldrel-windows-ix86+x86_64 1.0 9.00 46.00 55.00 NOTE

Check Details

Version: 1.0
Check: DESCRIPTION meta-information
Result: NOTE
    Packages listed in more than one of Depends, Imports, Suggests, Enhances:
     ‘lattice’ ‘betareg’
    A package should be listed in only one of these fields.
Flavors: r-devel-linux-x86_64-debian-clang, r-devel-linux-x86_64-debian-gcc, r-devel-linux-x86_64-fedora-clang, r-devel-linux-x86_64-fedora-gcc, r-devel-osx-x86_64-clang, r-devel-windows-ix86+x86_64, r-patched-linux-x86_64, r-patched-solaris-sparc, r-patched-solaris-x86, r-release-linux-ix86, r-release-linux-x86_64, r-release-osx-x86_64-mavericks, r-release-osx-x86_64-snowleopard, r-release-windows-ix86+x86_64, r-oldrel-windows-ix86+x86_64

Version: 1.0
Check: dependencies in R code
Result: NOTE
    Namespaces in Imports field not imported from:
     ‘betareg’ ‘lattice’
     All declared Imports should be used.
    Packages in Depends field not imported from:
     ‘betareg’ ‘lattice’
     These packages need to be imported from (in the NAMESPACE file)
     for when this namespace is loaded but not attached.
    See the information on DESCRIPTION files in the chapter ‘Creating R
    packages’ of the ‘Writing R Extensions’ manual.
Flavors: r-devel-linux-x86_64-debian-clang, r-devel-linux-x86_64-debian-gcc, r-devel-linux-x86_64-fedora-clang, r-devel-linux-x86_64-fedora-gcc, r-devel-osx-x86_64-clang, r-devel-windows-ix86+x86_64, r-patched-linux-x86_64, r-patched-solaris-sparc, r-patched-solaris-x86, r-release-linux-ix86, r-release-linux-x86_64, r-release-osx-x86_64-mavericks, r-release-windows-ix86+x86_64, r-oldrel-windows-ix86+x86_64