CRAN Package Check Results for Package SetMethods

Last updated on 2016-08-24 20:54:36.

Flavor Version Tinstall Tcheck Ttotal Status Flags
r-devel-linux-x86_64-debian-clang 2.0 2.12 37.67 39.79 OK
r-devel-linux-x86_64-debian-gcc 2.0 2.06 36.58 38.65 OK
r-devel-linux-x86_64-fedora-clang 2.0 77.04 OK
r-devel-linux-x86_64-fedora-gcc 2.0 73.59 OK
r-devel-osx-x86_64-clang 2.0 62.03 OK
r-devel-windows-ix86+x86_64 2.0 11.00 59.00 70.00 OK
r-patched-linux-x86_64 2.0 2.22 36.81 39.03 OK
r-patched-solaris-sparc 2.0 433.40 OK
r-patched-solaris-x86 2.0 90.10 OK
r-release-linux-x86_64 2.0 2.41 36.97 39.37 OK
r-release-osx-x86_64-mavericks 2.0 OK
r-release-windows-ix86+x86_64 2.0 9.00 63.00 72.00 OK
r-oldrel-windows-ix86+x86_64 1.0 8.00 57.00 65.00 NOTE

Check Details

Version: 1.0
Check: DESCRIPTION meta-information
Result: NOTE
    Malformed Title field: should not end in a period.
    Packages listed in more than one of Depends, Imports, Suggests, Enhances:
     'lattice' 'betareg'
    A package should be listed in only one of these fields.
Flavor: r-oldrel-windows-ix86+x86_64

Version: 1.0
Check: dependencies in R code
Result: NOTE
    Namespaces in Imports field not imported from:
     'betareg' 'lattice'
     All declared Imports should be used.
    Packages in Depends field not imported from:
     'betareg' 'lattice'
     These packages need to be imported from (in the NAMESPACE file)
     for when this namespace is loaded but not attached.
Flavor: r-oldrel-windows-ix86+x86_64

Version: 1.0
Check: R code for possible problems
Result: NOTE
    indirectCalibration: no visible global function definition for
     'betareg'
    xy.plot.lat: no visible global function definition for 'xyplot'
    xy.plot.lat: no visible global function definition for 'strip.custom'
    xy.plot.lat : <anonymous>: no visible global function definition for
     'panel.abline'
    xy.plot.lat : <anonymous>: no visible global function definition for
     'panel.xyplot'
    xy.plot.lat : <anonymous>: no visible global function definition for
     'panel.text'
Flavor: r-oldrel-windows-ix86+x86_64