CRAN Package Check Results for Package SetMethods

Last updated on 2014-08-22 19:47:58.

Flavor Version Tinstall Tcheck Ttotal Status Flags
r-devel-linux-x86_64-debian-clang 1.0 2.52 25.63 28.15 NOTE
r-devel-linux-x86_64-debian-gcc 1.0 2.43 26.29 28.72 NOTE
r-devel-linux-x86_64-fedora-clang 1.0 62.07 NOTE
r-devel-linux-x86_64-fedora-gcc 1.0 57.62 NOTE
r-devel-osx-x86_64-clang 1.0 54.98 NOTE
r-devel-windows-ix86+x86_64 1.0 7.00 44.00 51.00 NOTE
r-patched-linux-x86_64 1.0 2.54 26.42 28.96 NOTE
r-patched-solaris-sparc 1.0 369.10 NOTE
r-patched-solaris-x86 1.0 82.10 NOTE
r-release-linux-ix86 1.0 3.20 35.92 39.11 NOTE
r-release-linux-x86_64 1.0 2.74 27.93 30.67 NOTE
r-release-osx-x86_64-mavericks 1.0 NOTE
r-release-osx-x86_64-snowleopard 1.0 NOTE
r-release-windows-ix86+x86_64 1.0 8.00 44.00 52.00 NOTE
r-oldrel-windows-ix86+x86_64 1.0 8.00 43.00 51.00 NOTE

Check Details

Version: 1.0
Check: DESCRIPTION meta-information
Result: NOTE
    Packages listed in more than one of Depends, Imports, Suggests, Enhances:
     ‘lattice’ ‘betareg’
    A package should be listed in only one of these fields.
Flavors: r-devel-linux-x86_64-debian-clang, r-devel-linux-x86_64-debian-gcc, r-devel-linux-x86_64-fedora-clang, r-devel-linux-x86_64-fedora-gcc, r-devel-osx-x86_64-clang, r-devel-windows-ix86+x86_64, r-patched-linux-x86_64, r-patched-solaris-sparc, r-patched-solaris-x86, r-release-linux-ix86, r-release-linux-x86_64, r-release-osx-x86_64-mavericks, r-release-osx-x86_64-snowleopard, r-release-windows-ix86+x86_64, r-oldrel-windows-ix86+x86_64

Version: 1.0
Check: dependencies in R code
Result: NOTE
    Namespaces in Imports field not imported from:
     ‘betareg’ ‘lattice’
     All declared Imports should be used.
    Packages in Depends field not imported from:
     ‘betareg’ ‘lattice’
     These packages need to be imported from (in the NAMESPACE file)
     for when this namespace is loaded but not attached.
    See the information on DESCRIPTION files in the chapter ‘Creating R
    packages’ of the ‘Writing R Extensions’ manual.
Flavors: r-devel-linux-x86_64-debian-clang, r-devel-linux-x86_64-debian-gcc, r-devel-linux-x86_64-fedora-clang, r-devel-linux-x86_64-fedora-gcc, r-devel-osx-x86_64-clang, r-devel-windows-ix86+x86_64, r-patched-linux-x86_64, r-patched-solaris-sparc, r-patched-solaris-x86, r-release-linux-ix86, r-release-linux-x86_64, r-release-osx-x86_64-mavericks, r-release-windows-ix86+x86_64, r-oldrel-windows-ix86+x86_64

Version: 1.0
Check: R code for possible problems
Result: NOTE
    indirectCalibration: no visible global function definition for
     ‘betareg’
    xy.plot.lat: no visible global function definition for ‘xyplot’
    xy.plot.lat: no visible global function definition for ‘strip.custom’
    xy.plot.lat : <anonymous>: no visible global function definition for
     ‘panel.abline’
    xy.plot.lat : <anonymous>: no visible global function definition for
     ‘panel.xyplot’
    xy.plot.lat : <anonymous>: no visible global function definition for
     ‘panel.text’
Flavors: r-devel-linux-x86_64-debian-clang, r-devel-linux-x86_64-fedora-clang, r-devel-linux-x86_64-fedora-gcc, r-devel-osx-x86_64-clang