CRAN Package Check Results for Package SetMethods

Last updated on 2015-02-28 02:48:57.

Flavor Version Tinstall Tcheck Ttotal Status Flags
r-devel-linux-x86_64-debian-clang 1.0 1.85 20.05 21.90 NOTE
r-devel-linux-x86_64-debian-gcc 1.0 1.85 19.45 21.30 NOTE
r-devel-linux-x86_64-fedora-clang 1.0 45.17 NOTE
r-devel-linux-x86_64-fedora-gcc 1.0 43.21 NOTE
r-devel-osx-x86_64-clang 1.0 46.60 NOTE
r-devel-windows-ix86+x86_64 1.0 8.00 30.00 38.00 NOTE
r-patched-linux-x86_64 1.0 2.66 27.32 29.98 NOTE
r-patched-solaris-sparc 1.0 376.20 NOTE
r-release-linux-ix86 1.0 2.95 34.57 37.52 NOTE
r-release-linux-x86_64 1.0 3.68 27.49 31.16 NOTE
r-release-osx-x86_64-mavericks 1.0 NOTE
r-release-osx-x86_64-snowleopard 1.0 NOTE
r-release-windows-ix86+x86_64 1.0 8.00 46.00 54.00 NOTE
r-oldrel-windows-ix86+x86_64 1.0 9.00 43.00 52.00 NOTE

Check Details

Version: 1.0
Check: DESCRIPTION meta-information
Result: NOTE
    Malformed Title field: should not end in a period.
    Packages listed in more than one of Depends, Imports, Suggests, Enhances:
     ‘lattice’ ‘betareg’
    A package should be listed in only one of these fields.
Flavors: r-devel-linux-x86_64-debian-clang, r-devel-linux-x86_64-debian-gcc, r-devel-linux-x86_64-fedora-clang, r-devel-linux-x86_64-fedora-gcc, r-devel-osx-x86_64-clang, r-devel-windows-ix86+x86_64

Version: 1.0
Check: dependencies in R code
Result: NOTE
    Namespaces in Imports field not imported from:
     ‘betareg’ ‘lattice’
     All declared Imports should be used.
    Packages in Depends field not imported from:
     ‘betareg’ ‘lattice’
     These packages need to be imported from (in the NAMESPACE file)
     for when this namespace is loaded but not attached.
Flavors: r-devel-linux-x86_64-debian-clang, r-devel-linux-x86_64-debian-gcc, r-devel-linux-x86_64-fedora-clang, r-devel-linux-x86_64-fedora-gcc, r-devel-osx-x86_64-clang, r-devel-windows-ix86+x86_64, r-patched-linux-x86_64

Version: 1.0
Check: R code for possible problems
Result: NOTE
    indirectCalibration: no visible global function definition for
     ‘betareg’
    xy.plot.lat: no visible global function definition for ‘xyplot’
    xy.plot.lat: no visible global function definition for ‘strip.custom’
    xy.plot.lat : <anonymous>: no visible global function definition for
     ‘panel.abline’
    xy.plot.lat : <anonymous>: no visible global function definition for
     ‘panel.xyplot’
    xy.plot.lat : <anonymous>: no visible global function definition for
     ‘panel.text’
Flavors: r-devel-linux-x86_64-debian-clang, r-devel-linux-x86_64-debian-gcc, r-devel-linux-x86_64-fedora-clang, r-devel-linux-x86_64-fedora-gcc, r-devel-osx-x86_64-clang, r-devel-windows-ix86+x86_64, r-patched-linux-x86_64, r-patched-solaris-sparc, r-release-linux-ix86, r-release-linux-x86_64, r-release-osx-x86_64-mavericks, r-release-windows-ix86+x86_64

Version: 1.0
Check: DESCRIPTION meta-information
Result: NOTE
    Packages listed in more than one of Depends, Imports, Suggests, Enhances:
     ‘lattice’ ‘betareg’
    A package should be listed in only one of these fields.
Flavors: r-patched-linux-x86_64, r-patched-solaris-sparc, r-release-linux-ix86, r-release-linux-x86_64, r-release-osx-x86_64-mavericks, r-release-osx-x86_64-snowleopard, r-release-windows-ix86+x86_64, r-oldrel-windows-ix86+x86_64

Version: 1.0
Check: dependencies in R code
Result: NOTE
    Namespaces in Imports field not imported from:
     ‘betareg’ ‘lattice’
     All declared Imports should be used.
    Packages in Depends field not imported from:
     ‘betareg’ ‘lattice’
     These packages need to be imported from (in the NAMESPACE file)
     for when this namespace is loaded but not attached.
    See the information on DESCRIPTION files in the chapter ‘Creating R
    packages’ of the ‘Writing R Extensions’ manual.
Flavors: r-patched-solaris-sparc, r-release-linux-ix86, r-release-linux-x86_64, r-release-osx-x86_64-mavericks, r-release-windows-ix86+x86_64, r-oldrel-windows-ix86+x86_64