CRAN Package Check Results for Package SetMethods

Last updated on 2016-12-03 17:48:43.

Flavor Version Tinstall Tcheck Ttotal Status Flags
r-devel-linux-x86_64-debian-clang 2.0 2.41 46.63 49.04 WARN
r-devel-linux-x86_64-debian-gcc 2.0 2.32 44.67 46.99 WARN
r-devel-linux-x86_64-fedora-clang 2.0 90.78 WARN
r-devel-linux-x86_64-fedora-gcc 2.0 89.18 WARN
r-devel-macos-x86_64-clang 2.0 69.38 WARN
r-devel-windows-ix86+x86_64 2.0 9.00 75.00 84.00 WARN
r-patched-linux-x86_64 2.0 2.21 36.30 38.51 WARN
r-patched-solaris-sparc 2.0 438.40 WARN
r-patched-solaris-x86 2.0 89.90 WARN
r-release-linux-x86_64 2.0 2.18 37.03 39.21 WARN
r-release-osx-x86_64-mavericks 2.0 OK
r-release-windows-ix86+x86_64 2.0 9.00 116.00 125.00 WARN
r-oldrel-windows-ix86+x86_64 1.0 8.00 57.00 65.00 NOTE

Check Details

Version: 2.0
Check: Rd cross-references
Result: WARN
    Missing link or links in documentation object 'cases.nec.iir.Rd':
     ‘[QCAGUI:eqmcc]{eqmcc}’
    
    Missing link or links in documentation object 'cases.suf.dcn.Rd':
     ‘[QCAGUI:eqmcc]{eqmcc}’
    
    Missing link or links in documentation object 'cases.suf.dcv.Rd':
     ‘[QCAGUI:eqmcc]{eqmcc}’
    
    Missing link or links in documentation object 'cases.suf.iir.Rd':
     ‘[QCAGUI:eqmcc]{eqmcc}’
    
    Missing link or links in documentation object 'cases.suf.typ.Rd':
     ‘[QCAGUI:eqmcc]{eqmcc}’
    
    Missing link or links in documentation object 'cases.suf.typ.most.Rd':
     ‘[QCAGUI:eqmcc]{eqmcc}’
    
    Missing link or links in documentation object 'cases.suf.typ.unique.Rd':
     ‘[QCAGUI:eqmcc]{eqmcc}’
    
    Missing link or links in documentation object 'cases.theory.evaluation.Rd':
     ‘[QCAGUI:eqmcc]{eqmcc}’
    
    Missing link or links in documentation object 'cluster.diagnostics.Rd':
     ‘[QCAGUI:eqmcc]{eqmcc}’
    
    Missing link or links in documentation object 'cluster.eqmcc.Rd':
     ‘[QCAGUI:eqmcc]{eqmcc}’
    
    Missing link or links in documentation object 'esa.Rd':
     ‘[QCAGUI:eqmcc]{eqmcc}’
    
    Missing link or links in documentation object 'matches.suf.dcviir.Rd':
     ‘[QCAGUI:eqmcc]{eqmcc}’
    
    Missing link or links in documentation object 'matches.suf.typdcn.Rd':
     ‘[QCAGUI:eqmcc]{eqmcc}’
    
    Missing link or links in documentation object 'matches.suf.typiir.Rd':
     ‘[QCAGUI:eqmcc]{eqmcc}’
    
    Missing link or links in documentation object 'matches.suf.typtyp.Rd':
     ‘[QCAGUI:eqmcc]{eqmcc}’
    
    Missing link or links in documentation object 'pimdata.Rd':
     ‘[QCAGUI:eqmcc]{eqmcc}’
    
    Missing link or links in documentation object 'pimplot.Rd':
     ‘[QCAGUI:eqmcc]{eqmcc}’
    
    Missing link or links in documentation object 'print.clusterdiagnostics.Rd':
     ‘[QCAGUI:eqmcc]{eqmcc}’
    
    Missing link or links in documentation object 'print.clustereqmcc.Rd':
     ‘[QCAGUI:eqmcc]{eqmcc}’
    
    Missing link or links in documentation object 'theory.evaluation.Rd':
     ‘[QCAGUI:eqmcc]{eqmcc}’
    
    Missing link or links in documentation object 'theory.fit.Rd':
     ‘[QCAGUI:eqmcc]{eqmcc}’
    
    See section 'Cross-references' in the 'Writing R Extensions' manual.
Flavors: r-devel-linux-x86_64-debian-clang, r-devel-linux-x86_64-debian-gcc, r-devel-linux-x86_64-fedora-clang, r-devel-linux-x86_64-fedora-gcc, r-devel-macos-x86_64-clang, r-devel-windows-ix86+x86_64, r-patched-linux-x86_64, r-patched-solaris-sparc, r-patched-solaris-x86, r-release-linux-x86_64, r-release-windows-ix86+x86_64

Version: 1.0
Check: DESCRIPTION meta-information
Result: NOTE
    Malformed Title field: should not end in a period.
    Packages listed in more than one of Depends, Imports, Suggests, Enhances:
     'lattice' 'betareg'
    A package should be listed in only one of these fields.
Flavor: r-oldrel-windows-ix86+x86_64

Version: 1.0
Check: dependencies in R code
Result: NOTE
    Namespaces in Imports field not imported from:
     'betareg' 'lattice'
     All declared Imports should be used.
    Packages in Depends field not imported from:
     'betareg' 'lattice'
     These packages need to be imported from (in the NAMESPACE file)
     for when this namespace is loaded but not attached.
Flavor: r-oldrel-windows-ix86+x86_64

Version: 1.0
Check: R code for possible problems
Result: NOTE
    indirectCalibration: no visible global function definition for
     'betareg'
    xy.plot.lat: no visible global function definition for 'xyplot'
    xy.plot.lat: no visible global function definition for 'strip.custom'
    xy.plot.lat : <anonymous>: no visible global function definition for
     'panel.abline'
    xy.plot.lat : <anonymous>: no visible global function definition for
     'panel.xyplot'
    xy.plot.lat : <anonymous>: no visible global function definition for
     'panel.text'
Flavor: r-oldrel-windows-ix86+x86_64