CRAN Package Check Results for Package SetMethods

Last updated on 2014-04-20 15:46:59.

Flavor Version Tinstall Tcheck Ttotal Status Flags
r-devel-linux-x86_64-debian-clang 1.0 2.67 28.72 31.39 NOTE
r-devel-linux-x86_64-debian-gcc 1.0 2.67 28.28 30.95 NOTE
r-devel-linux-x86_64-fedora-clang 1.0 65.16 NOTE
r-devel-linux-x86_64-fedora-gcc 1.0 61.64 NOTE
r-devel-macosx-x86_64-clang 1.0 53.23 NOTE
r-devel-macosx-x86_64-gcc 1.0 ERROR
r-devel-windows-ix86+x86_64 1.0 8.00 40.00 48.00 NOTE
r-patched-linux-x86_64 1.0 2.72 28.28 30.99 NOTE
r-patched-solaris-sparc 1.0 358.30 NOTE
r-patched-solaris-x86 1.0 82.30 NOTE
r-release-linux-ix86 NOTE
r-release-linux-x86_64 1.0 2.67 28.24 30.91 NOTE
r-release-macosx-x86_64 1.0 NOTE
r-release-windows-ix86+x86_64 1.0 10.00 44.00 54.00 NOTE
r-oldrel-windows-ix86+x86_64 1.0 9.00 43.00 52.00 NOTE

Check Details

Version: 1.0
Check: DESCRIPTION meta-information
Result: NOTE
    Packages listed in more than one of Depends, Imports, Suggests, Enhances:
     ‘lattice’ ‘betareg’
    A package should be listed in only one of these fields.
Flavors: r-devel-linux-x86_64-debian-clang, r-devel-linux-x86_64-debian-gcc, r-devel-linux-x86_64-fedora-clang, r-devel-linux-x86_64-fedora-gcc, r-devel-macosx-x86_64-clang, r-devel-windows-ix86+x86_64, r-patched-linux-x86_64, r-patched-solaris-sparc, r-patched-solaris-x86, r-release-linux-ix86, r-release-linux-x86_64, r-release-macosx-x86_64, r-release-windows-ix86+x86_64, r-oldrel-windows-ix86+x86_64

Version: 1.0
Check: dependencies in R code
Result: NOTE
    Namespaces in Imports field not imported from:
     ‘betareg’ ‘lattice’
     All declared Imports should be used.
    Packages in Depends field not imported from:
     ‘betareg’ ‘lattice’
     These packages need to be imported from (in the NAMESPACE file)
     for when this namespace is loaded but not attached.
    See the information on DESCRIPTION files in the chapter ‘Creating R
    packages’ of the ‘Writing R Extensions’ manual.
Flavors: r-devel-linux-x86_64-debian-clang, r-devel-linux-x86_64-debian-gcc, r-devel-linux-x86_64-fedora-clang, r-devel-linux-x86_64-fedora-gcc, r-devel-macosx-x86_64-clang, r-devel-windows-ix86+x86_64, r-patched-linux-x86_64, r-patched-solaris-sparc, r-patched-solaris-x86, r-release-linux-ix86, r-release-linux-x86_64, r-release-windows-ix86+x86_64, r-oldrel-windows-ix86+x86_64

Version: 1.0
Check: package dependencies
Result: ERROR
    Package required but not available: ‘betareg’
    
    See the information on DESCRIPTION files in the chapter ‘Creating R
    packages’ of the ‘Writing R Extensions’ manual.
Flavor: r-devel-macosx-x86_64-gcc