CRAN Package Check Results for Package SetMethods

Last updated on 2017-03-28 06:48:16.

Flavor Version Tinstall Tcheck Ttotal Status Flags
r-devel-linux-x86_64-debian-clang 2.1 2.44 47.95 50.39 OK
r-devel-linux-x86_64-debian-gcc 2.1 2.38 47.82 50.20 OK
r-devel-linux-x86_64-fedora-clang 2.1 88.04 OK --no-stop-on-test-error
r-devel-linux-x86_64-fedora-gcc 2.1 87.23 OK --no-stop-on-test-error
r-devel-macos-x86_64-clang 2.1 40.18 OK --no-stop-on-test-error
r-devel-windows-ix86+x86_64 2.1 8.00 72.00 80.00 OK
r-patched-linux-x86_64 2.1 2.34 46.87 49.21 OK
r-patched-solaris-sparc 2.1 529.70 OK
r-patched-solaris-x86 2.1 105.70 OK
r-release-linux-x86_64 2.1 2.29 38.19 40.48 OK
r-release-osx-x86_64-mavericks 2.1 OK
r-release-windows-ix86+x86_64 2.1 16.00 96.00 112.00 OK
r-oldrel-windows-ix86+x86_64 1.0 8.00 57.00 65.00 NOTE

Check Details

Version: 1.0
Check: DESCRIPTION meta-information
Result: NOTE
    Malformed Title field: should not end in a period.
    Packages listed in more than one of Depends, Imports, Suggests, Enhances:
     'lattice' 'betareg'
    A package should be listed in only one of these fields.
Flavor: r-oldrel-windows-ix86+x86_64

Version: 1.0
Check: dependencies in R code
Result: NOTE
    Namespaces in Imports field not imported from:
     'betareg' 'lattice'
     All declared Imports should be used.
    Packages in Depends field not imported from:
     'betareg' 'lattice'
     These packages need to be imported from (in the NAMESPACE file)
     for when this namespace is loaded but not attached.
Flavor: r-oldrel-windows-ix86+x86_64

Version: 1.0
Check: R code for possible problems
Result: NOTE
    indirectCalibration: no visible global function definition for
     'betareg'
    xy.plot.lat: no visible global function definition for 'xyplot'
    xy.plot.lat: no visible global function definition for 'strip.custom'
    xy.plot.lat : <anonymous>: no visible global function definition for
     'panel.abline'
    xy.plot.lat : <anonymous>: no visible global function definition for
     'panel.xyplot'
    xy.plot.lat : <anonymous>: no visible global function definition for
     'panel.text'
Flavor: r-oldrel-windows-ix86+x86_64