CRAN Package Check Results for Package SetMethods

Last updated on 2015-07-05 17:47:46.

Flavor Version Tinstall Tcheck Ttotal Status Flags
r-devel-linux-x86_64-debian-clang 1.0 1.70 20.48 22.18 NOTE
r-devel-linux-x86_64-debian-gcc 1.0 1.65 20.47 22.12 NOTE
r-devel-linux-x86_64-fedora-clang 1.0 42.86 NOTE
r-devel-linux-x86_64-fedora-gcc 1.0 44.97 NOTE
r-devel-osx-x86_64-clang 1.0 41.06 NOTE
r-devel-windows-ix86+x86_64 1.0 6.00 33.00 39.00 NOTE
r-patched-linux-x86_64 1.0 1.67 20.32 21.99 NOTE
r-patched-solaris-sparc 1.0 264.40 NOTE
r-patched-solaris-x86 1.0 61.90 NOTE
r-release-linux-x86_64 1.0 1.76 19.66 21.42 NOTE
r-release-osx-x86_64-mavericks 1.0 NOTE
r-release-windows-ix86+x86_64 1.0 8.00 35.00 43.00 NOTE
r-oldrel-windows-ix86+x86_64 1.0 14.00 53.00 67.00 NOTE

Check Details

Version: 1.0
Check: DESCRIPTION meta-information
Result: NOTE
    Malformed Title field: should not end in a period.
    Packages listed in more than one of Depends, Imports, Suggests, Enhances:
     ‘lattice’ ‘betareg’
    A package should be listed in only one of these fields.
Flavors: r-devel-linux-x86_64-debian-clang, r-devel-linux-x86_64-debian-gcc, r-devel-linux-x86_64-fedora-clang, r-devel-linux-x86_64-fedora-gcc, r-devel-osx-x86_64-clang, r-devel-windows-ix86+x86_64, r-patched-linux-x86_64, r-patched-solaris-sparc, r-patched-solaris-x86, r-release-linux-x86_64, r-release-osx-x86_64-mavericks, r-release-windows-ix86+x86_64

Version: 1.0
Check: dependencies in R code
Result: NOTE
    Namespaces in Imports field not imported from:
     ‘betareg’ ‘lattice’
     All declared Imports should be used.
    Packages in Depends field not imported from:
     ‘betareg’ ‘lattice’
     These packages need to be imported from (in the NAMESPACE file)
     for when this namespace is loaded but not attached.
Flavors: r-devel-linux-x86_64-debian-clang, r-devel-linux-x86_64-debian-gcc, r-devel-linux-x86_64-fedora-clang, r-devel-linux-x86_64-fedora-gcc, r-devel-osx-x86_64-clang, r-devel-windows-ix86+x86_64, r-patched-linux-x86_64, r-patched-solaris-sparc, r-patched-solaris-x86, r-release-linux-x86_64, r-release-osx-x86_64-mavericks, r-release-windows-ix86+x86_64, r-oldrel-windows-ix86+x86_64

Version: 1.0
Check: R code for possible problems
Result: NOTE
    indirectCalibration: no visible global function definition for ‘glm’
    indirectCalibration: no visible binding for global variable ‘binomial’
    indirectCalibration: no visible global function definition for ‘coef’
    indirectCalibration: no visible global function definition for
     ‘betareg’
    xy.plot: no visible global function definition for ‘par’
    xy.plot: no visible global function definition for ‘plot’
    xy.plot: no visible global function definition for ‘axis’
    xy.plot: no visible global function definition for ‘box’
    xy.plot: no visible global function definition for ‘abline’
    xy.plot: no visible global function definition for ‘mtext’
    xy.plot: no visible global function definition for ‘text’
    xy.plot: no visible global function definition for ‘identify’
    xy.plot.lat: no visible global function definition for ‘xyplot’
    xy.plot.lat: no visible global function definition for ‘strip.custom’
    xy.plot.lat : <anonymous>: no visible global function definition for
     ‘panel.abline’
    xy.plot.lat : <anonymous>: no visible global function definition for
     ‘panel.xyplot’
    xy.plot.lat : <anonymous>: no visible global function definition for
     ‘panel.text’
    Undefined global functions or variables:
     abline axis betareg binomial box coef glm identify mtext panel.abline
     panel.text panel.xyplot par plot strip.custom text xyplot
Flavors: r-devel-linux-x86_64-debian-clang, r-devel-linux-x86_64-debian-gcc, r-devel-linux-x86_64-fedora-clang, r-devel-linux-x86_64-fedora-gcc, r-devel-windows-ix86+x86_64

Version: 1.0
Check: R code for possible problems
Result: NOTE
    indirectCalibration: no visible global function definition for
     ‘betareg’
    xy.plot.lat: no visible global function definition for ‘xyplot’
    xy.plot.lat: no visible global function definition for ‘strip.custom’
    xy.plot.lat : <anonymous>: no visible global function definition for
     ‘panel.abline’
    xy.plot.lat : <anonymous>: no visible global function definition for
     ‘panel.xyplot’
    xy.plot.lat : <anonymous>: no visible global function definition for
     ‘panel.text’
    Undefined global functions or variables:
     betareg panel.abline panel.text panel.xyplot strip.custom xyplot
Flavor: r-devel-osx-x86_64-clang

Version: 1.0
Check: R code for possible problems
Result: NOTE
    indirectCalibration: no visible global function definition for
     ‘betareg’
    xy.plot.lat: no visible global function definition for ‘xyplot’
    xy.plot.lat: no visible global function definition for ‘strip.custom’
    xy.plot.lat : <anonymous>: no visible global function definition for
     ‘panel.abline’
    xy.plot.lat : <anonymous>: no visible global function definition for
     ‘panel.xyplot’
    xy.plot.lat : <anonymous>: no visible global function definition for
     ‘panel.text’
Flavors: r-patched-linux-x86_64, r-patched-solaris-sparc, r-patched-solaris-x86, r-release-linux-x86_64, r-release-osx-x86_64-mavericks, r-release-windows-ix86+x86_64, r-oldrel-windows-ix86+x86_64

Version: 1.0
Check: DESCRIPTION meta-information
Result: NOTE
    Packages listed in more than one of Depends, Imports, Suggests, Enhances:
     'lattice' 'betareg'
    A package should be listed in only one of these fields.
Flavor: r-oldrel-windows-ix86+x86_64