CRAN Package Check Results for Package ShapeChange

Last updated on 2024-03-01 13:54:36 CET.

Flavor Version Tinstall Tcheck Ttotal Status Flags
r-devel-linux-x86_64-debian-clang 1.5 12.26 63.59 75.85 NOTE
r-devel-linux-x86_64-debian-gcc 1.5 8.26 48.12 56.38 NOTE
r-devel-linux-x86_64-fedora-clang 1.5 94.66 NOTE
r-devel-linux-x86_64-fedora-gcc 1.5 94.90 NOTE
r-devel-windows-x86_64 1.5 10.00 64.00 74.00 OK
r-patched-linux-x86_64 1.5 13.14 62.73 75.87 OK
r-release-linux-x86_64 1.5 11.68 60.87 72.55 OK
r-release-macos-arm64 1.5 31.00 OK
r-release-macos-x86_64 1.5 56.00 OK
r-release-windows-x86_64 1.5 9.00 71.00 80.00 OK
r-oldrel-macos-arm64 1.5 30.00 OK
r-oldrel-windows-x86_64 1.5 13.00 77.00 90.00 OK

Check Details

Version: 1.5
Check: Rd files
Result: NOTE checkRd: (-1) changept.Rd:17-19: Lost braces in \itemize; meant \describe ? checkRd: (-1) changept.Rd:20-21: Lost braces in \itemize; meant \describe ? checkRd: (-1) changept.Rd:22: Lost braces in \itemize; meant \describe ? Flavors: r-devel-linux-x86_64-debian-clang, r-devel-linux-x86_64-debian-gcc, r-devel-linux-x86_64-fedora-clang, r-devel-linux-x86_64-fedora-gcc