CRAN Package Check Results for Package ShapleyValue

Last updated on 2022-08-16 14:50:24 CEST.

Flavor Version Tinstall Tcheck Ttotal Status Flags
r-devel-linux-x86_64-debian-clang 0.2.0 1.90 31.17 33.07 OK
r-devel-linux-x86_64-debian-gcc 0.2.0 1.96 23.93 25.89 OK
r-devel-linux-x86_64-fedora-clang 0.2.0 53.28 NOTE
r-devel-linux-x86_64-fedora-gcc 0.2.0 52.07 NOTE
r-devel-windows-x86_64 0.2.0 14.00 57.00 71.00 OK
r-patched-linux-x86_64 0.2.0 1.72 29.76 31.48 OK
r-release-linux-x86_64 0.2.0 1.80 29.91 31.71 OK
r-release-macos-arm64 0.2.0 19.00 NOTE
r-release-macos-x86_64 0.2.0 28.00 NOTE
r-release-windows-x86_64 0.2.0 17.00 58.00 75.00 OK
r-oldrel-macos-arm64 0.2.0 19.00 NOTE
r-oldrel-macos-x86_64 0.2.0 23.00 NOTE
r-oldrel-windows-ix86+x86_64 0.2.0 7.00 57.00 64.00 OK

Check Details

Version: 0.2.0
Check: dependencies in R code
Result: NOTE
    Namespaces in Imports field not imported from:
     ‘MASS’ ‘kableExtra’ ‘tidyverse’
     All declared Imports should be used.
Flavors: r-devel-linux-x86_64-fedora-clang, r-devel-linux-x86_64-fedora-gcc, r-release-macos-arm64, r-release-macos-x86_64, r-oldrel-macos-arm64, r-oldrel-macos-x86_64