CRAN Package Check Results for Package ShellChron

Last updated on 2021-02-27 07:54:00 CET.

Flavor Version Tinstall Tcheck Ttotal Status Flags
r-devel-linux-x86_64-debian-clang 0.2.8 4.50 47.09 51.59 OK
r-devel-linux-x86_64-debian-gcc 0.2.8 3.90 35.66 39.56 OK
r-devel-linux-x86_64-fedora-clang 0.2.8 76.84 NOTE
r-devel-linux-x86_64-fedora-gcc 0.2.8 68.07 NOTE
r-devel-windows-ix86+x86_64 0.2.8 7.00 50.00 57.00 OK
r-patched-linux-x86_64 0.2.8 3.04 44.69 47.73 OK
r-patched-solaris-x86 0.2.8 100.80 NOTE
r-release-linux-x86_64 0.2.8 3.17 45.09 48.26 OK
r-release-macos-x86_64 0.2.8 NOTE
r-release-windows-ix86+x86_64 0.2.8 12.00 65.00 77.00 OK
r-oldrel-macos-x86_64 0.2.8 NOTE
r-oldrel-windows-ix86+x86_64 0.2.8 6.00 66.00 72.00 OK

Check Details

Version: 0.2.8
Check: dependencies in R code
Result: NOTE
    Namespace in Imports field not imported from: ‘tidyverse’
     All declared Imports should be used.
Flavors: r-devel-linux-x86_64-fedora-clang, r-devel-linux-x86_64-fedora-gcc, r-patched-solaris-x86, r-release-macos-x86_64, r-oldrel-macos-x86_64