CRAN Package Check Results for Package SiZer

Last updated on 2015-03-31 03:48:42.

Flavor Version Tinstall Tcheck Ttotal Status Flags
r-devel-linux-x86_64-debian-clang 0.1-4 0.63 16.54 17.18 NOTE
r-devel-linux-x86_64-debian-gcc 0.1-4 0.59 18.14 18.73 NOTE
r-devel-linux-x86_64-fedora-clang 0.1-4 34.43 NOTE
r-devel-linux-x86_64-fedora-gcc 0.1-4 32.46 NOTE
r-devel-osx-x86_64-clang 0.1-4 37.51 NOTE
r-prerel-windows-ix86+x86_64 0.1-4 3.00 30.00 33.00 OK
r-prerel-linux-x86_64 0.1-4 0.67 16.18 16.84 NOTE
r-prerel-solaris-sparc 0.1-4 247.20 OK
r-prerel-solaris-x86 0.1-4 45.10 OK
r-release-linux-x86_64 0.1-4 0.73 18.50 19.22 OK
r-release-osx-x86_64-mavericks 0.1-4 OK
r-release-osx-x86_64-snowleopard 0.1-4 OK
r-release-windows-ix86+x86_64 0.1-4 3.00 36.00 39.00 OK
r-oldrel-windows-ix86+x86_64 0.1-4 3.00 34.00 37.00 OK

Check Details

Version: 0.1-4
Check: S3 generic/method consistency
Result: NOTE
    Found the following apparent S3 methods exported but not registered:
     logLik.PiecewiseLinear logLik.bent_cable
     plot.LocallyWeightedPolynomial plot.PiecewiseLinear plot.SiZer
     predict.PiecewiseLinear predict.bent_cable print.PiecewiseLinear
    See section ‘Registering S3 methods’ in the ‘Writing R Extensions’
    manual.
Flavors: r-devel-linux-x86_64-debian-clang, r-devel-linux-x86_64-debian-gcc, r-devel-linux-x86_64-fedora-clang, r-devel-linux-x86_64-fedora-gcc, r-devel-osx-x86_64-clang, r-prerel-linux-x86_64