CRAN Package Check Results for Package SiZer

Last updated on 2014-04-23 17:47:54.

Flavor Version Tinstall Tcheck Ttotal Status Flags
r-devel-linux-x86_64-debian-clang 0.1-4 0.68 17.95 18.63 OK
r-devel-linux-x86_64-debian-gcc 0.1-4 0.65 18.75 19.40 OK
r-devel-linux-x86_64-fedora-clang 0.1-4 38.14 OK
r-devel-linux-x86_64-fedora-gcc 0.1-4 36.21 OK
r-devel-osx-x86_64-clang 0.1-4 34.86 OK
r-devel-osx-x86_64-gcc 0.1-4 OK
r-devel-windows-ix86+x86_64 0.1-4 2.00 28.00 30.00 OK
r-patched-linux-x86_64 0.1-4 0.68 18.36 19.04 OK
r-patched-solaris-sparc 0.1-4 239.40 OK
r-patched-solaris-x86 0.1-4 49.40 OK
r-release-linux-ix86 0.1-4 2.00 36.00 38.00 OK
r-release-linux-x86_64 0.1-4 0.66 18.96 19.62 OK
r-release-osx-x86_64-mavericks 0.1-4 WARN
r-release-osx-x86_64-snowleopard 0.1-4 OK
r-release-windows-ix86+x86_64 0.1-4 2.00 29.00 31.00 OK
r-oldrel-windows-ix86+x86_64 0.1-4 3.00 29.00 32.00 OK

Check Details

Version: 0.1-4
Check: PDF version of manual
Result: WARNING
    LaTeX errors when creating PDF version.
    This typically indicates Rd problems.
    LaTeX errors found:
    ! LaTeX Error: File `upquote.sty' not found.
    
    Type X to quit or <RETURN> to proceed,
    or enter new name. (Default extension: sty)
    
    80ea98e/Rd2.tex:8: ==> Fatal error occurred, no output PDF file produced!
Flavor: r-release-osx-x86_64-mavericks