CRAN Package Check Results for Package SiZer

Last updated on 2015-04-26 23:47:01.

Flavor Version Tinstall Tcheck Ttotal Status Flags
r-devel-linux-x86_64-debian-clang 0.1-4 0.64 16.43 17.08 NOTE
r-devel-linux-x86_64-debian-gcc 0.1-4 0.59 16.77 17.36 NOTE
r-devel-linux-x86_64-fedora-clang 0.1-4 35.27 NOTE
r-devel-linux-x86_64-fedora-gcc 0.1-4 32.21 NOTE
r-devel-osx-x86_64-clang 0.1-4 35.77 NOTE
r-devel-windows-ix86+x86_64 0.1-4 3.00 31.00 34.00 OK
r-patched-linux-x86_64 0.1-4 0.60 17.02 17.62 NOTE
r-patched-solaris-sparc 0.1-4 247.20 OK
r-patched-solaris-x86 0.1-4 45.70 NOTE
r-release-linux-x86_64 0.1-4 0.63 16.90 17.53 NOTE
r-release-osx-x86_64-mavericks 0.1-4 OK
r-release-osx-x86_64-snowleopard 0.1-4 OK
r-release-windows-ix86+x86_64 0.1-4 3.00 30.00 33.00 OK
r-oldrel-windows-ix86+x86_64 0.1-4 2.00 40.00 42.00 OK

Check Details

Version: 0.1-4
Check: S3 generic/method consistency
Result: NOTE
    Found the following apparent S3 methods exported but not registered:
     logLik.PiecewiseLinear logLik.bent_cable
     plot.LocallyWeightedPolynomial plot.PiecewiseLinear plot.SiZer
     predict.PiecewiseLinear predict.bent_cable print.PiecewiseLinear
    See section ‘Registering S3 methods’ in the ‘Writing R Extensions’
    manual.
Flavors: r-devel-linux-x86_64-debian-clang, r-devel-linux-x86_64-fedora-clang, r-devel-linux-x86_64-fedora-gcc, r-devel-osx-x86_64-clang, r-patched-solaris-x86