CRAN Package Check Results for Package SiZer

Last updated on 2015-08-02 23:48:21.

Flavor Version Tinstall Tcheck Ttotal Status Flags
r-devel-linux-x86_64-debian-clang 0.1-4 0.58 16.24 16.81 NOTE
r-devel-linux-x86_64-debian-gcc 0.1-4 0.58 15.94 16.52 NOTE
r-devel-linux-x86_64-fedora-clang 0.1-4 33.65 NOTE
r-devel-linux-x86_64-fedora-gcc 0.1-4 33.91 NOTE
r-devel-osx-x86_64-clang 0.1-4 31.02 NOTE
r-devel-windows-ix86+x86_64 0.1-4 3.00 36.00 39.00 NOTE
r-patched-linux-x86_64 0.1-4 0.59 16.44 17.03 NOTE
r-patched-solaris-sparc 0.1-4 239.50 NOTE
r-patched-solaris-x86 0.1-4 46.60 NOTE
r-release-linux-x86_64 0.1-4 0.69 16.26 16.95 NOTE
r-release-osx-x86_64-mavericks 0.1-4 OK
r-release-windows-ix86+x86_64 0.1-4 4.00 46.00 50.00 OK
r-oldrel-windows-ix86+x86_64 0.1-4 4.00 37.00 41.00 OK

Check Details

Version: 0.1-4
Check: S3 generic/method consistency
Result: NOTE
    Found the following apparent S3 methods exported but not registered:
     logLik.PiecewiseLinear logLik.bent_cable
     plot.LocallyWeightedPolynomial plot.PiecewiseLinear plot.SiZer
     predict.PiecewiseLinear predict.bent_cable print.PiecewiseLinear
    See section ‘Registering S3 methods’ in the ‘Writing R Extensions’
    manual.
Flavors: r-devel-linux-x86_64-debian-clang, r-devel-linux-x86_64-debian-gcc, r-devel-linux-x86_64-fedora-clang, r-devel-linux-x86_64-fedora-gcc, r-devel-osx-x86_64-clang, r-patched-linux-x86_64, r-patched-solaris-sparc, r-patched-solaris-x86, r-release-linux-x86_64

Version: 0.1-4
Check: R code for possible problems
Result: NOTE
    bent.cable: no visible global function definition for ‘lm’
    bent.cable: no visible global function definition for ‘dnorm’
    calc.CI.LocallyWeightedPolynomial: no visible global function
     definition for ‘qt’
    calc.CI.LocallyWeightedPolynomial: no visible global function
     definition for ‘pnorm’
    calc.CI.LocallyWeightedPolynomial: no visible global function
     definition for ‘qnorm’
    kernel.h: no visible global function definition for ‘dnorm’
    locally.weighted.polynomial: no visible global function definition for
     ‘bw.SJ’
    locally.weighted.polynomial: no visible global function definition for
     ‘predict’
    logLik.PiecewiseLinear: no visible global function definition for
     ‘logLik’
    logLik.bent_cable: no visible global function definition for ‘logLik’
    piecewise.linear: no visible global function definition for ‘lm’
    piecewise.linear: no visible global function definition for ‘predict’
    piecewise.linear : my.cp: no visible global function definition for
     ‘lm’
    piecewise.linear: no visible binding for global variable ‘quantile’
    piecewise.linear.simple : piecewise.linear.likelihood: no visible
     global function definition for ‘lm’
    piecewise.linear.simple : piecewise.linear.likelihood: no visible
     global function definition for ‘coefficients’
    piecewise.linear.simple : piecewise.linear.likelihood: no visible
     global function definition for ‘dnorm’
    piecewise.linear.simple: no visible global function definition for
     ‘optimize’
    plot.LocallyWeightedPolynomial: no visible global function definition
     for ‘plot’
    plot.LocallyWeightedPolynomial: no visible global function definition
     for ‘lines’
    plot.LocallyWeightedPolynomial: no visible global function definition
     for ‘polygon’
    plot.LocallyWeightedPolynomial: no visible global function definition
     for ‘points’
    plot.PiecewiseLinear: no visible global function definition for ‘plot’
    plot.PiecewiseLinear: no visible global function definition for ‘lines’
    plot.SiZer: no visible global function definition for ‘image’
    plot.SiZer: no visible global function definition for ‘lines’
    Undefined global functions or variables:
     bw.SJ coefficients dnorm image lines lm logLik optimize plot pnorm
     points polygon predict qnorm qt quantile
    Consider adding
     importFrom("graphics", "image", "lines", "plot", "points", "polygon")
     importFrom("stats", "bw.SJ", "coefficients", "dnorm", "lm", "logLik",
     "optimize", "pnorm", "predict", "qnorm", "qt", "quantile")
    to your NAMESPACE.
Flavors: r-devel-linux-x86_64-debian-clang, r-devel-linux-x86_64-debian-gcc, r-devel-linux-x86_64-fedora-clang, r-devel-linux-x86_64-fedora-gcc, r-devel-windows-ix86+x86_64