CRAN Package Check Results for Package SiZer

Last updated on 2015-01-30 17:52:06.

Flavor Version Tinstall Tcheck Ttotal Status Flags
r-devel-linux-x86_64-debian-clang 0.1-4 0.68 16.66 17.34 NOTE
r-devel-linux-x86_64-debian-gcc 0.1-4 0.62 16.42 17.04 NOTE
r-devel-linux-x86_64-fedora-clang 0.1-4 35.68 NOTE
r-devel-linux-x86_64-fedora-gcc 0.1-4 35.36 NOTE
r-devel-osx-x86_64-clang 0.1-4 36.67 NOTE
r-devel-windows-ix86+x86_64 0.1-4 4.00 29.00 33.00 OK
r-patched-linux-x86_64 0.1-4 0.72 18.13 18.85 OK
r-patched-solaris-sparc 0.1-4 254.50 OK
r-patched-solaris-x86 0.1-4 50.60 OK
r-release-linux-ix86 0.1-4 0.98 25.06 26.04 OK
r-release-linux-x86_64 0.1-4 0.67 18.17 18.84 OK
r-release-osx-x86_64-mavericks 0.1-4 OK
r-release-osx-x86_64-snowleopard 0.1-4 OK
r-release-windows-ix86+x86_64 0.1-4 3.00 33.00 36.00 OK
r-oldrel-windows-ix86+x86_64 0.1-4 3.00 32.00 35.00 OK

Check Details

Version: 0.1-4
Check: S3 generic/method consistency
Result: NOTE
    Found the following apparent S3 methods exported but not registered:
     print.PiecewiseLinear plot.LocallyWeightedPolynomial
     plot.PiecewiseLinear plot.SiZer logLik.PiecewiseLinear
     logLik.bent_cable predict.PiecewiseLinear predict.bent_cable
    See section ‘Registering S3 methods’ in the ‘Writing R Extensions’
    manual.
Flavors: r-devel-linux-x86_64-debian-clang, r-devel-linux-x86_64-debian-gcc, r-devel-linux-x86_64-fedora-clang, r-devel-linux-x86_64-fedora-gcc, r-devel-osx-x86_64-clang