CRAN Package Check Results for Package SiZer

Last updated on 2015-05-23 14:47:10.

Flavor Version Tinstall Tcheck Ttotal Status Flags
r-devel-linux-x86_64-debian-clang 0.1-4 0.71 17.34 18.05 NOTE
r-devel-linux-x86_64-debian-gcc 0.1-4 0.61 16.17 16.78 NOTE
r-devel-linux-x86_64-fedora-clang 0.1-4 34.03 NOTE
r-devel-linux-x86_64-fedora-gcc 0.1-4 33.28 NOTE
r-devel-osx-x86_64-clang 0.1-4 34.35 NOTE
r-devel-windows-ix86+x86_64 0.1-4 3.00 28.00 31.00 OK
r-patched-linux-x86_64 0.1-4 0.58 16.27 16.85 NOTE
r-patched-solaris-sparc 0.1-4 229.20 NOTE
r-patched-solaris-x86 0.1-4 45.80 NOTE
r-release-linux-x86_64 0.1-4 0.64 17.36 17.99 NOTE
r-release-osx-x86_64-mavericks 0.1-4 OK
r-release-osx-x86_64-snowleopard 0.1-4 OK
r-release-windows-ix86+x86_64 0.1-4 2.00 30.00 32.00 OK
r-oldrel-windows-ix86+x86_64 0.1-4 3.00 47.00 50.00 OK

Check Details

Version: 0.1-4
Check: S3 generic/method consistency
Result: NOTE
    Found the following apparent S3 methods exported but not registered:
     logLik.PiecewiseLinear logLik.bent_cable
     plot.LocallyWeightedPolynomial plot.PiecewiseLinear plot.SiZer
     predict.PiecewiseLinear predict.bent_cable print.PiecewiseLinear
    See section ‘Registering S3 methods’ in the ‘Writing R Extensions’
    manual.
Flavors: r-devel-linux-x86_64-debian-clang, r-devel-linux-x86_64-debian-gcc, r-devel-linux-x86_64-fedora-clang, r-devel-linux-x86_64-fedora-gcc, r-devel-osx-x86_64-clang, r-patched-linux-x86_64, r-patched-solaris-sparc, r-patched-solaris-x86, r-release-linux-x86_64