CRAN Package Check Results for Package SigTree

Last updated on 2014-04-25 09:52:24.

Flavor Version Tinstall Tcheck Ttotal Status Flags
r-devel-linux-x86_64-debian-clang 1.4 16.76 182.14 198.90 NOTE
r-devel-linux-x86_64-debian-gcc 1.4 16.13 180.34 196.48 NOTE
r-devel-linux-x86_64-fedora-clang 1.4 499.65 NOTE
r-devel-linux-x86_64-fedora-gcc 1.4 486.37 NOTE
r-devel-osx-x86_64-clang 1.4 352.88 NOTE
r-devel-osx-x86_64-gcc 1.4 ERROR
r-devel-windows-ix86+x86_64 1.4 43.00 302.00 345.00 NOTE
r-patched-linux-x86_64 1.4 15.22 181.32 196.54 NOTE
r-patched-solaris-sparc 1.4 2329.10 NOTE
r-patched-solaris-x86 1.4 587.30 NOTE
r-release-linux-ix86 1.4 1.00 2.00 3.00 ERROR
r-release-linux-x86_64 1.4 15.40 178.51 193.92 NOTE
r-release-osx-x86_64-mavericks 1.4 ERROR
r-release-osx-x86_64-snowleopard 1.4 ERROR
r-release-windows-ix86+x86_64 1.4 48.00 295.00 343.00 NOTE
r-oldrel-windows-ix86+x86_64 1.4 39.00 242.00 281.00 NOTE

Memtest notes: ASAN valgrind valgrind

Check Details

Version: 1.4
Check: dependencies in R code
Result: NOTE
    Packages in Depends field not imported from:
     ‘RColorBrewer’ ‘ape’ ‘phyext’ ‘phylobase’ ‘phyloseq’
     These packages need to be imported from (in the NAMESPACE file)
     for when this namespace is loaded but not attached.
    See the information on DESCRIPTION files in the chapter ‘Creating R
    packages’ of the ‘Writing R Extensions’ manual.
Flavors: r-devel-linux-x86_64-debian-clang, r-devel-linux-x86_64-debian-gcc, r-devel-linux-x86_64-fedora-clang, r-devel-linux-x86_64-fedora-gcc, r-devel-osx-x86_64-clang, r-devel-windows-ix86+x86_64, r-patched-linux-x86_64, r-patched-solaris-sparc, r-patched-solaris-x86, r-release-linux-x86_64, r-release-windows-ix86+x86_64, r-oldrel-windows-ix86+x86_64

Version: 1.4
Check: foreign function calls
Result: NOTE
    Calls with DUP = FALSE:
     .C("node_height", as.integer(Ntip), as.integer(Nnode), as.integer(edge[,
     1]), as.integer(edge[, 2]), as.integer(Nedge), as.double(yy),
     DUP = FALSE, PACKAGE = "SigTree")
     .C("node_depth", as.integer(Ntip), as.integer(Nnode), as.integer(edge[,
     1]), as.integer(edge[, 2]), as.integer(Nedge), double(Ntip +
     Nnode), DUP = FALSE, PACKAGE = "SigTree")
     .C("node_depth_edgelength", as.integer(Ntip), as.integer(Nnode),
     as.integer(edge[, 1]), as.integer(edge[, 2]), as.integer(Nedge),
     as.double(edge.length), double(Ntip + Nnode), DUP = FALSE,
     PACKAGE = "SigTree")
     .C("node_height_clado", as.integer(Ntip), as.integer(Nnode),
     as.integer(z$edge[, 1]), as.integer(z$edge[, 2]), as.integer(Nedge),
     double(Ntip + Nnode), as.double(yy), DUP = FALSE, PACKAGE = "SigTree")
    DUP = FALSE is deprecated and may be disabled in future versions of R.
Flavors: r-devel-linux-x86_64-debian-clang, r-devel-linux-x86_64-debian-gcc, r-devel-linux-x86_64-fedora-clang, r-devel-linux-x86_64-fedora-gcc, r-devel-osx-x86_64-clang, r-devel-windows-ix86+x86_64, r-patched-linux-x86_64, r-patched-solaris-sparc, r-patched-solaris-x86, r-release-linux-x86_64, r-release-windows-ix86+x86_64

Version: 1.4
Check: package dependencies
Result: ERROR
    Package required but not available: ‘phyloseq’
    
    See the information on DESCRIPTION files in the chapter ‘Creating R
    packages’ of the ‘Writing R Extensions’ manual.
Flavors: r-devel-osx-x86_64-gcc, r-release-linux-ix86, r-release-osx-x86_64-mavericks

Version: 1.4
Check: package dependencies
Result: ERROR
    Package required but not available: ‘phylobase’
    
    See the information on DESCRIPTION files in the chapter ‘Creating R
    packages’ of the ‘Writing R Extensions’ manual.
Flavor: r-release-osx-x86_64-snowleopard