CRAN Package Check Results for Package SigTree

Last updated on 2016-07-30 14:49:57.

Flavor Version Tinstall Tcheck Ttotal Status Flags
r-devel-linux-x86_64-debian-clang 1.10.3 11.29 124.94 136.23 OK
r-devel-linux-x86_64-debian-gcc 1.10.3 11.91 122.27 134.18 OK
r-devel-linux-x86_64-fedora-clang 1.10.3 272.05 OK
r-devel-linux-x86_64-fedora-gcc 1.10.3 256.41 OK
r-devel-osx-x86_64-clang 1.10.3 209.67 OK
r-devel-windows-ix86+x86_64 1.10.3 32.00 273.00 305.00 OK
r-patched-linux-x86_64 1.10.3 10.69 117.96 128.65 OK
r-patched-solaris-sparc 1.10.3 1518.40 OK
r-patched-solaris-x86 1.10.3 323.30 OK
r-release-linux-x86_64 1.10.3 13.18 137.01 150.19 OK
r-release-osx-x86_64-mavericks 1.10.3 OK
r-release-windows-ix86+x86_64 1.10.3 40.00 286.00 326.00 OK
r-oldrel-windows-ix86+x86_64 1.10.3 19.00 2.00 21.00 ERROR

Check Details

Version: 1.10.3
Check: whether package can be installed
Result: ERROR
    Installation failed.
Flavor: r-oldrel-windows-ix86+x86_64