CRAN Package Check Results for Package SigTree

Last updated on 2017-01-22 12:48:12.

Flavor Version Tinstall Tcheck Ttotal Status Flags
r-devel-linux-x86_64-debian-clang 1.10.4 11.17 123.83 135.00 OK
r-devel-linux-x86_64-debian-gcc 1.10.4 11.26 123.39 134.65 OK
r-devel-linux-x86_64-fedora-clang 1.10.4 277.86 OK --no-stop-on-test-error
r-devel-linux-x86_64-fedora-gcc 1.10.4 276.70 OK --no-stop-on-test-error
r-devel-macos-x86_64-clang 1.10.4 115.48 OK --no-stop-on-test-error
r-devel-windows-ix86+x86_64 1.10.4 13.00 15.00 28.00 ERROR
r-patched-linux-x86_64 1.10.4 12.49 119.04 131.53 OK
r-patched-solaris-sparc 1.10.4 1491.20 OK
r-patched-solaris-x86 1.10.4 309.90 OK
r-release-linux-x86_64 1.10.4 11.57 118.87 130.44 OK
r-release-osx-x86_64-mavericks 1.10.4 OK
r-release-windows-ix86+x86_64 1.10.4 65.00 265.00 330.00 OK
r-oldrel-windows-ix86+x86_64 1.10.4 20.00 3.00 23.00 ERROR

Check Details

Version: 1.10.4
Check: whether package can be installed
Result: ERROR
    Installation failed.
Flavors: r-devel-windows-ix86+x86_64, r-oldrel-windows-ix86+x86_64