CRAN Package Check Results for Package SigTree

Last updated on 2017-02-27 09:48:06.

Flavor Version Tinstall Tcheck Ttotal Status Flags
r-devel-linux-x86_64-debian-clang 1.10.5 11.05 122.65 133.70 NOTE
r-devel-linux-x86_64-debian-gcc 1.10.5 10.98 126.98 137.96 NOTE
r-devel-linux-x86_64-fedora-clang 1.10.5 296.25 NOTE --no-stop-on-test-error
r-devel-linux-x86_64-fedora-gcc 1.10.5 289.37 NOTE --no-stop-on-test-error
r-devel-macos-x86_64-clang 1.10.5 217.72 NOTE --no-stop-on-test-error
r-devel-windows-ix86+x86_64 1.10.5 42.00 343.00 385.00 OK
r-patched-linux-x86_64 1.10.5 10.91 119.85 130.77 OK
r-patched-solaris-sparc 1.10.5 1521.80 OK
r-patched-solaris-x86 1.10.5 329.30 OK
r-release-linux-x86_64 1.10.5 10.75 120.67 131.42 OK
r-release-osx-x86_64-mavericks 1.10.5 OK
r-release-windows-ix86+x86_64 1.10.5 63.00 264.00 327.00 OK
r-oldrel-windows-ix86+x86_64 1.10.5 50.00 560.00 610.00 OK

Check Details

Version: 1.10.5
Check: compiled code
Result: NOTE
    File ‘SigTree/libs/SigTree.so’:
     Found no calls to: ‘R_registerRoutines’, ‘R_useDynamicSymbols’
    
    It is good practice to register native routines and to disable symbol
    search.
    
    See ‘Writing portable packages’ in the ‘Writing R Extensions’ manual.
Flavors: r-devel-linux-x86_64-debian-clang, r-devel-linux-x86_64-debian-gcc

Version: 1.10.5
Flags: --no-stop-on-test-error
Check: compiled code
Result: NOTE
    File ‘SigTree/libs/SigTree.so’:
     Found no calls to: ‘R_registerRoutines’, ‘R_useDynamicSymbols’
    
    It is good practice to register native routines and to disable symbol
    search.
    
    See ‘Writing portable packages’ in the ‘Writing R Extensions’ manual.
Flavors: r-devel-linux-x86_64-fedora-clang, r-devel-linux-x86_64-fedora-gcc, r-devel-macos-x86_64-clang