CRAN Package Check Results for Package SigTree

Last updated on 2015-08-05 11:48:16.

Flavor Version Tinstall Tcheck Ttotal Status Flags
r-devel-linux-x86_64-debian-clang 1.10.2 14.92 172.83 187.75 OK
r-devel-linux-x86_64-debian-gcc 1.10.2 14.29 166.83 181.12 OK
r-devel-linux-x86_64-fedora-clang 1.10.2 383.72 OK
r-devel-linux-x86_64-fedora-gcc 1.10.2 361.07 OK
r-devel-osx-x86_64-clang 1.10.2 294.66 OK
r-devel-windows-ix86+x86_64 1.10.2 57.00 370.00 427.00 OK
r-patched-linux-x86_64 1.10.2 14.04 164.48 178.52 OK
r-patched-solaris-sparc 1.10.2 2021.10 OK
r-patched-solaris-x86 1.10.2 496.30 OK
r-release-linux-x86_64 1.10.2 13.90 161.88 175.78 OK
r-release-osx-x86_64-mavericks 1.10.2 ERROR
r-release-windows-ix86+x86_64 1.10.2 22.00 1.00 23.00 ERROR
r-oldrel-windows-ix86+x86_64 1.10.2 36.00 1.00 37.00 ERROR

Check Details

Version: 1.10.2
Check: package dependencies
Result: ERROR
    Package required but not available: ‘phyloseq’
    
    See section ‘The DESCRIPTION file’ in the ‘Writing R Extensions’
    manual.
Flavor: r-release-osx-x86_64-mavericks

Version: 1.10.2
Check: whether package can be installed
Result: ERROR
    Installation failed.
Flavors: r-release-windows-ix86+x86_64, r-oldrel-windows-ix86+x86_64