CRAN Package Check Results for Package SigTree

Last updated on 2016-05-26 11:49:50.

Flavor Version Tinstall Tcheck Ttotal Status Flags
r-devel-linux-x86_64-debian-gcc 1.10.3 10.72 123.42 134.14 OK
r-devel-linux-x86_64-fedora-clang 1.10.3 266.76 OK
r-devel-linux-x86_64-fedora-gcc 1.10.3 251.67 OK
r-devel-osx-x86_64-clang 1.10.3 271.41 OK
r-devel-windows-ix86+x86_64 1.10.3 30.00 260.00 290.00 OK
r-patched-linux-x86_64 1.10.3 10.77 121.65 132.41 OK
r-patched-solaris-sparc 1.10.3 1515.40 OK
r-patched-solaris-x86 1.10.3 328.50 OK
r-release-linux-x86_64 1.10.3 10.68 118.87 129.55 OK
r-release-osx-x86_64-mavericks 1.10.3 OK
r-release-windows-ix86+x86_64 1.10.3 30.00 315.00 345.00 OK
r-oldrel-windows-ix86+x86_64 1.10.3 14.00 2.00 16.00 ERROR

Check Details

Version: 1.10.3
Check: whether package can be installed
Result: ERROR
    Installation failed.
Flavor: r-oldrel-windows-ix86+x86_64