CRAN Package Check Results for Package SigTree

Last updated on 2015-09-03 12:49:58.

Flavor Version Tinstall Tcheck Ttotal Status Flags
r-devel-linux-x86_64-debian-clang 1.10.2 15.31 151.82 167.12 OK
r-devel-linux-x86_64-debian-gcc 1.10.2 12.97 154.51 167.48 OK
r-devel-linux-x86_64-fedora-clang 1.10.2 345.08 OK
r-devel-linux-x86_64-fedora-gcc 1.10.2 328.89 OK
r-devel-osx-x86_64-clang 1.10.2 249.18 OK
r-devel-windows-ix86+x86_64 1.10.2 59.00 324.00 383.00 OK
r-patched-linux-x86_64 1.10.2 15.05 163.37 178.42 OK
r-patched-solaris-sparc 1.10.2 2021.10 OK
r-patched-solaris-x86 1.10.2 484.30 OK
r-release-linux-x86_64 1.10.2 14.64 165.30 179.95 OK
r-release-osx-x86_64-mavericks 1.10.2 ERROR
r-release-windows-ix86+x86_64 1.10.2 21.00 2.00 23.00 ERROR
r-oldrel-windows-ix86+x86_64 1.10.2 31.00 2.00 33.00 ERROR

Check Details

Version: 1.10.2
Check: package dependencies
Result: ERROR
    Package required but not available: ‘phyloseq’
    
    See section ‘The DESCRIPTION file’ in the ‘Writing R Extensions’
    manual.
Flavor: r-release-osx-x86_64-mavericks

Version: 1.10.2
Check: whether package can be installed
Result: ERROR
    Installation failed.
Flavors: r-release-windows-ix86+x86_64, r-oldrel-windows-ix86+x86_64