CRAN Package Check Results for Package SigTree

Last updated on 2016-06-26 08:46:48.

Flavor Version Tinstall Tcheck Ttotal Status Flags
r-devel-linux-x86_64-debian-gcc 1.10.3 11.03 115.82 126.85 OK
r-devel-linux-x86_64-fedora-clang 1.10.3 260.44 OK
r-devel-linux-x86_64-fedora-gcc 1.10.3 248.60 OK
r-devel-osx-x86_64-clang 1.10.3 201.95 OK
r-devel-windows-ix86+x86_64 1.10.3 44.00 258.00 302.00 OK
r-patched-linux-x86_64 1.10.3 11.64 120.11 131.75 OK
r-patched-solaris-sparc 1.10.3 1518.40 OK
r-release-linux-x86_64 1.10.3 11.94 120.35 132.29 OK
r-release-osx-x86_64-mavericks 1.10.3 OK
r-release-windows-ix86+x86_64 1.10.3 43.00 257.00 300.00 OK
r-oldrel-windows-ix86+x86_64 1.10.3 20.00 2.00 22.00 ERROR

Check Details

Version: 1.10.3
Check: whether package can be installed
Result: ERROR
    Installation failed.
Flavor: r-oldrel-windows-ix86+x86_64