CRAN Package Check Results for Package SigTree

Last updated on 2016-09-24 23:48:25.

Flavor Version Tinstall Tcheck Ttotal Status Flags
r-devel-linux-x86_64-debian-clang 1.10.3 10.41 111.84 122.25 OK
r-devel-linux-x86_64-debian-gcc 1.10.3 9.68 110.69 120.37 OK
r-devel-linux-x86_64-fedora-clang 1.10.3 252.32 OK
r-devel-linux-x86_64-fedora-gcc 1.10.3 248.54 OK
r-devel-macos-x86_64-clang 1.10.3 190.81 OK
r-devel-windows-ix86+x86_64 1.10.3 44.00 305.00 349.00 WARN
r-patched-linux-x86_64 1.10.3 10.77 113.74 124.51 OK
r-patched-solaris-sparc 1.10.3 1518.40 OK
r-patched-solaris-x86 1.10.3 326.70 OK
r-release-linux-x86_64 1.10.3 10.28 115.05 125.33 OK
r-release-osx-x86_64-mavericks 1.10.3 OK
r-release-windows-ix86+x86_64 1.10.3 26.00 221.00 247.00 OK
r-oldrel-windows-ix86+x86_64 1.10.3 20.00 2.00 22.00 ERROR

Check Details

Version: 1.10.3
Check: whether package can be installed
Result: WARN
    Found the following significant warnings:
     Warning: multiple methods tables found for 'which.max'
     Warning: multiple methods tables found for 'which.min'
     Warning: multiple methods tables found for 'which'
Flavor: r-devel-windows-ix86+x86_64

Version: 1.10.3
Check: whether package can be installed
Result: ERROR
    Installation failed.
Flavor: r-oldrel-windows-ix86+x86_64