CRAN Package Check Results for Package SigTree

Last updated on 2017-03-23 23:51:10.

Flavor Version Tinstall Tcheck Ttotal Status Flags
r-devel-linux-x86_64-debian-clang 1.10.5 11.00 125.83 136.83 NOTE
r-devel-linux-x86_64-debian-gcc 1.10.5 11.40 127.39 138.79 NOTE
r-devel-linux-x86_64-fedora-clang 1.10.5 295.22 NOTE --no-stop-on-test-error
r-devel-linux-x86_64-fedora-gcc 1.10.5 296.12 NOTE --no-stop-on-test-error
r-devel-macos-x86_64-clang 1.10.5 215.60 NOTE --no-stop-on-test-error
r-devel-windows-ix86+x86_64 1.10.5 28.00 254.00 282.00 OK
r-patched-linux-x86_64 1.10.5 10.41 121.31 131.73 OK
r-patched-solaris-sparc 1.10.5 1735.30 OK
r-patched-solaris-x86 1.10.5 386.10 OK
r-release-linux-x86_64 1.10.5 10.29 121.10 131.39 OK
r-release-osx-x86_64-mavericks 1.10.5 OK
r-release-windows-ix86+x86_64 1.10.5 30.00 232.00 262.00 OK
r-oldrel-windows-ix86+x86_64 1.10.5 14.00 2.00 16.00 ERROR

Check Details

Version: 1.10.5
Check: compiled code
Result: NOTE
    File ‘SigTree/libs/SigTree.so’:
     Found no calls to: ‘R_registerRoutines’, ‘R_useDynamicSymbols’
    
    It is good practice to register native routines and to disable symbol
    search.
    
    See ‘Writing portable packages’ in the ‘Writing R Extensions’ manual.
Flavors: r-devel-linux-x86_64-debian-clang, r-devel-linux-x86_64-debian-gcc

Version: 1.10.5
Flags: --no-stop-on-test-error
Check: compiled code
Result: NOTE
    File ‘SigTree/libs/SigTree.so’:
     Found no calls to: ‘R_registerRoutines’, ‘R_useDynamicSymbols’
    
    It is good practice to register native routines and to disable symbol
    search.
    
    See ‘Writing portable packages’ in the ‘Writing R Extensions’ manual.
Flavors: r-devel-linux-x86_64-fedora-clang, r-devel-linux-x86_64-fedora-gcc, r-devel-macos-x86_64-clang

Version: 1.10.5
Check: whether package can be installed
Result: ERROR
    Installation failed.
Flavor: r-oldrel-windows-ix86+x86_64