CRAN Package Check Results for Package SigTree

Last updated on 2022-10-03 05:50:58 CEST.

Flavor Version Tinstall Tcheck Ttotal Status Flags
r-devel-linux-x86_64-debian-clang 1.10.6 35.41 337.28 372.69 NOTE
r-devel-linux-x86_64-debian-gcc 1.10.6 31.66 247.84 279.50 NOTE
r-devel-linux-x86_64-fedora-clang 1.10.6 488.06 NOTE
r-devel-linux-x86_64-fedora-gcc 1.10.6 461.74 NOTE
r-devel-windows-x86_64 1.10.6 42.00 328.00 370.00 OK
r-patched-linux-x86_64 1.10.6 32.58 312.08 344.66 NOTE
r-release-linux-x86_64 1.10.6 29.27 315.05 344.32 NOTE
r-release-macos-arm64 1.10.6 121.00 OK
r-release-macos-x86_64 1.10.6 197.00 OK
r-release-windows-x86_64 1.10.6 50.00 327.00 377.00 OK
r-oldrel-macos-arm64 1.10.6 168.00 OK
r-oldrel-macos-x86_64 1.10.6 208.00 OK
r-oldrel-windows-ix86+x86_64 1.10.6 77.00 414.00 491.00 OK

Check Details

Version: 1.10.6
Check: for non-standard things in the check directory
Result: NOTE
    Found the following files/directories:
     'ExportFigtree1.tre'
Flavors: r-devel-linux-x86_64-debian-clang, r-devel-linux-x86_64-debian-gcc, r-devel-linux-x86_64-fedora-clang, r-devel-linux-x86_64-fedora-gcc, r-patched-linux-x86_64, r-release-linux-x86_64