CRAN Package Check Results for Package SigTree

Last updated on 2019-02-18 11:46:43 CET.

Flavor Version Tinstall Tcheck Ttotal Status Flags
r-devel-linux-x86_64-debian-clang 1.10.6 0.50 1.98 2.48 ERROR
r-devel-linux-x86_64-debian-gcc 1.10.6 16.31 168.75 185.06 OK
r-devel-linux-x86_64-fedora-clang 1.10.6 286.48 OK
r-devel-linux-x86_64-fedora-gcc 1.10.6 262.62 OK
r-devel-windows-ix86+x86_64 1.10.6 44.00 255.00 299.00 OK
r-patched-linux-x86_64 1.10.6 16.81 204.70 221.51 OK
r-patched-solaris-x86 1.10.6 430.80 OK
r-release-linux-x86_64 1.10.6 OK
r-release-windows-ix86+x86_64 1.10.6 36.00 392.00 428.00 OK
r-release-osx-x86_64 1.10.6 OK
r-oldrel-windows-ix86+x86_64 1.10.6 29.00 281.00 310.00 OK
r-oldrel-osx-x86_64 1.10.6 OK

Check Details

Version: 1.10.6
Check: package dependencies
Result: ERROR
    Package required but not available: ‘phyloseq’
    
    See section ‘The DESCRIPTION file’ in the ‘Writing R Extensions’
    manual.
Flavor: r-devel-linux-x86_64-debian-clang