CRAN Package Check Results for Package SigTree

Last updated on 2017-10-17 01:48:17.

Flavor Version Tinstall Tcheck Ttotal Status Flags
r-devel-linux-x86_64-debian-clang 1.10.6 10.89 131.31 142.20 OK
r-devel-linux-x86_64-debian-gcc 1.10.6 13.94 139.01 152.95 OK
r-devel-linux-x86_64-fedora-clang 1.10.6 308.15 OK
r-devel-linux-x86_64-fedora-gcc 1.10.6 306.49 OK
r-devel-windows-ix86+x86_64 1.10.6 25.00 250.00 275.00 OK
r-patched-linux-x86_64 1.10.6 11.68 127.54 139.22 OK
r-patched-solaris-x86 1.10.6 403.20 OK
r-release-linux-x86_64 1.10.6 11.08 126.24 137.32 OK
r-release-windows-ix86+x86_64 1.10.6 45.00 246.00 291.00 OK
r-release-osx-x86_64 1.10.6 ERROR
r-oldrel-windows-ix86+x86_64 1.10.6 46.00 336.00 382.00 OK
r-oldrel-osx-x86_64 1.10.6 OK

Check Details

Version: 1.10.6
Check: package dependencies
Result: ERROR
    Package required but not available: ‘phyloseq’
    
    See section ‘The DESCRIPTION file’ in the ‘Writing R Extensions’
    manual.
Flavor: r-release-osx-x86_64