CRAN Package Check Results for Package SigTree

Last updated on 2017-04-28 23:52:45.

Flavor Version Tinstall Tcheck Ttotal Status Flags
r-devel-linux-x86_64-debian-clang 1.10.5 10.79 125.47 136.26 NOTE
r-devel-linux-x86_64-debian-gcc 1.10.5 10.19 122.68 132.87 NOTE
r-devel-linux-x86_64-fedora-clang 1.10.5 298.46 NOTE --no-stop-on-test-error
r-devel-linux-x86_64-fedora-gcc 1.10.5 290.30 NOTE --no-stop-on-test-error
r-devel-windows-ix86+x86_64 1.10.5 43.00 373.00 416.00 OK
r-patched-linux-x86_64 1.10.5 10.56 124.91 135.47 NOTE
r-patched-solaris-sparc 1.10.5 15.30 ERROR
r-patched-solaris-x86 1.10.5 372.70 OK
r-release-linux-x86_64 1.10.5 11.16 124.47 135.63 NOTE
r-release-windows-ix86+x86_64 1.10.5 34.00 366.00 400.00 OK
r-release-osx-x86_64 1.10.5 ERROR
r-oldrel-windows-ix86+x86_64 1.10.5 43.00 240.00 283.00 OK
r-oldrel-osx-x86_64 1.10.5 OK

Check Details

Version: 1.10.5
Check: compiled code
Result: NOTE
    File ‘SigTree/libs/SigTree.so’:
     Found no calls to: ‘R_registerRoutines’, ‘R_useDynamicSymbols’
    
    It is good practice to register native routines and to disable symbol
    search.
    
    See ‘Writing portable packages’ in the ‘Writing R Extensions’ manual.
Flavors: r-devel-linux-x86_64-debian-clang, r-devel-linux-x86_64-debian-gcc, r-patched-linux-x86_64, r-release-linux-x86_64

Version: 1.10.5
Flags: --no-stop-on-test-error
Check: compiled code
Result: NOTE
    File ‘SigTree/libs/SigTree.so’:
     Found no calls to: ‘R_registerRoutines’, ‘R_useDynamicSymbols’
    
    It is good practice to register native routines and to disable symbol
    search.
    
    See ‘Writing portable packages’ in the ‘Writing R Extensions’ manual.
Flavors: r-devel-linux-x86_64-fedora-clang, r-devel-linux-x86_64-fedora-gcc

Version: 1.10.5
Check: package dependencies
Result: ERROR
    Package required but not available: ‘phyloseq’
    
    See section ‘The DESCRIPTION file’ in the ‘Writing R Extensions’
    manual.
Flavors: r-patched-solaris-sparc, r-release-osx-x86_64