CRAN Package Check Results for Package SigTree

Last updated on 2018-02-25 18:48:25 CET.

Flavor Version Tinstall Tcheck Ttotal Status Flags
r-devel-linux-x86_64-debian-clang 1.10.6 20.10 206.39 226.49 OK
r-devel-linux-x86_64-debian-gcc 1.10.6 15.68 161.49 177.17 OK
r-devel-windows-ix86+x86_64 1.10.6 43.00 320.00 363.00 OK
r-patched-linux-x86_64 1.10.6 17.62 211.19 228.81 OK
r-patched-solaris-x86 1.10.6 385.40 OK
r-release-linux-x86_64 1.10.6 16.01 206.51 222.52 OK
r-release-windows-ix86+x86_64 1.10.6 44.00 385.00 429.00 OK
r-release-osx-x86_64 1.10.6 ERROR
r-oldrel-windows-ix86+x86_64 1.10.6 30.00 330.00 360.00 OK
r-oldrel-osx-x86_64 1.10.6 OK

Check Details

Version: 1.10.6
Check: package dependencies
Result: ERROR
    Package required but not available: ‘phyloseq’
    
    See section ‘The DESCRIPTION file’ in the ‘Writing R Extensions’
    manual.
Flavor: r-release-osx-x86_64