CRAN Package Check Results for Package SigTree

Last updated on 2014-08-23 02:50:07.

Flavor Version Tinstall Tcheck Ttotal Status Flags
r-devel-linux-x86_64-debian-clang 1.6 17.00 203.56 220.55 OK
r-devel-linux-x86_64-debian-gcc 1.6 17.21 198.08 215.28 OK
r-devel-linux-x86_64-fedora-clang 1.6 567.45 OK
r-devel-linux-x86_64-fedora-gcc 1.6 523.94 OK
r-devel-osx-x86_64-clang 1.6 401.77 OK
r-devel-windows-ix86+x86_64 1.6 47.00 387.00 434.00 OK
r-patched-linux-x86_64 1.6 16.38 195.49 211.87 OK
r-patched-solaris-sparc 1.6 2609.40 OK
r-patched-solaris-x86 1.6 631.80 OK
r-release-linux-ix86 1.6 19.50 222.30 241.80 OK
r-release-linux-x86_64 1.6 16.20 193.93 210.13 OK
r-release-osx-x86_64-mavericks 1.6 ERROR
r-release-osx-x86_64-snowleopard 1.6 ERROR
r-release-windows-ix86+x86_64 1.6 49.00 363.00 412.00 OK
r-oldrel-windows-ix86+x86_64 1.6 40.00 287.00 327.00 OK

Check Details

Version: 1.6
Check: package dependencies
Result: ERROR
    Package required but not available: ‘phyloseq’
    
    See the information on DESCRIPTION files in the chapter ‘Creating R
    packages’ of the ‘Writing R Extensions’ manual.
Flavor: r-release-osx-x86_64-mavericks

Version: 1.6
Check: whether package can be installed
Result: ERROR
    Installation failed.
Flavor: r-release-osx-x86_64-snowleopard