CRAN Package Check Results for Package SigTree

Last updated on 2014-07-24 22:48:44.

Flavor Version Tinstall Tcheck Ttotal Status Flags
r-devel-linux-x86_64-debian-clang 1.6 17.43 206.50 223.93 OK
r-devel-linux-x86_64-debian-gcc 1.6 17.48 207.02 224.49 OK
r-devel-linux-x86_64-fedora-clang 1.6 292.75 OK
r-devel-linux-x86_64-fedora-gcc 1.6 298.00 OK
r-devel-osx-x86_64-clang 1.6 408.96 OK
r-devel-windows-ix86+x86_64 1.6 49.00 397.00 446.00 OK
r-patched-linux-x86_64 1.6 15.84 190.38 206.22 OK
r-patched-solaris-sparc 1.6 2412.20 OK
r-patched-solaris-x86 1.6 632.80 OK
r-release-linux-ix86 1.6 19.52 221.35 240.87 OK
r-release-linux-x86_64 1.6 15.73 192.13 207.86 OK
r-release-osx-x86_64-mavericks 1.6 ERROR
r-release-osx-x86_64-snowleopard 1.6 ERROR
r-release-windows-ix86+x86_64 1.6 47.00 355.00 402.00 OK
r-oldrel-windows-ix86+x86_64 1.6 35.00 283.00 318.00 OK

Check Details

Version: 1.6
Check: package dependencies
Result: ERROR
    Package required but not available: ‘phyloseq’
    
    See the information on DESCRIPTION files in the chapter ‘Creating R
    packages’ of the ‘Writing R Extensions’ manual.
Flavor: r-release-osx-x86_64-mavericks

Version: 1.6
Check: whether package can be installed
Result: ERROR
    Installation failed.
    See ‘/Volumes/XT3/Builds/R-dev-web/QA/Simon/packages/snowleopard-x86_64/results/3.1/SigTree.Rcheck/00install.out’ for details.
Flavor: r-release-osx-x86_64-snowleopard