CRAN Package Check Results for Package SigTree

Last updated on 2018-07-22 11:48:43 CEST.

Flavor Version Tinstall Tcheck Ttotal Status Flags
r-devel-linux-x86_64-debian-clang 1.10.6 19.05 266.56 285.61 OK
r-devel-linux-x86_64-debian-gcc 1.10.6 16.27 207.48 223.75 OK
r-devel-linux-x86_64-fedora-clang 1.10.6 327.14 OK
r-devel-linux-x86_64-fedora-gcc 1.10.6 321.61 OK
r-devel-windows-ix86+x86_64 1.10.6 54.00 427.00 481.00 OK
r-patched-linux-x86_64 1.10.6 OK
r-patched-solaris-x86 1.10.6 3.40 ERROR
r-release-linux-x86_64 1.10.6 14.15 209.54 223.69 OK
r-release-windows-ix86+x86_64 1.10.6 58.00 271.00 329.00 OK
r-release-osx-x86_64 1.10.6 OK
r-oldrel-windows-ix86+x86_64 1.10.6 35.00 381.00 416.00 OK
r-oldrel-osx-x86_64 1.10.6 OK

Check Details

Version: 1.10.6
Check: package dependencies
Result: ERROR
    Package required but not available: ‘phyloseq’
    
    See section ‘The DESCRIPTION file’ in the ‘Writing R Extensions’
    manual.
Flavor: r-patched-solaris-x86