CRAN Package Check Results for Package SigTree

Last updated on 2018-11-19 10:50:21 CET.

Flavor Version Tinstall Tcheck Ttotal Status Flags
r-devel-linux-x86_64-debian-clang ERROR
r-devel-linux-x86_64-debian-gcc 1.10.6 14.61 172.13 186.74 OK
r-devel-linux-x86_64-fedora-clang 1.10.6 270.18 OK
r-devel-linux-x86_64-fedora-gcc 1.10.6 263.50 OK
r-devel-windows-ix86+x86_64 1.10.6 47.00 358.00 405.00 OK
r-patched-linux-x86_64 1.10.6 15.75 206.97 222.72 OK
r-patched-solaris-x86 1.10.6 3.50 ERROR
r-release-linux-x86_64 1.10.6 16.40 204.59 220.99 OK
r-release-windows-ix86+x86_64 1.10.6 47.00 282.00 329.00 OK
r-release-osx-x86_64 1.10.6 OK
r-oldrel-windows-ix86+x86_64 1.10.6 28.00 391.00 419.00 OK
r-oldrel-osx-x86_64 1.10.6 OK

Check Details

Version: 1.10.6
Check: package dependencies
Result: ERROR
    Package required but not available: ‘phyloseq’
    
    See section ‘The DESCRIPTION file’ in the ‘Writing R Extensions’
    manual.
Flavors: r-devel-linux-x86_64-debian-clang, r-patched-solaris-x86