CRAN Package Check Results for Package SigTree

Last updated on 2014-12-19 23:47:07.

Flavor Version Tinstall Tcheck Ttotal Status Flags
r-devel-linux-x86_64-debian-clang 1.7 16.85 223.05 239.90 OK
r-devel-linux-x86_64-debian-gcc 1.7 16.76 214.13 230.89 OK
r-devel-linux-x86_64-fedora-clang 1.7 600.77 OK
r-devel-linux-x86_64-fedora-gcc 1.7 547.60 OK
r-devel-osx-x86_64-clang 1.7 470.42 OK
r-devel-windows-ix86+x86_64 1.7 62.00 435.00 497.00 OK
r-patched-linux-x86_64 1.7 17.88 234.01 251.89 OK
r-patched-solaris-sparc 1.7 2912.30 OK
r-patched-solaris-x86 1.7 767.90 OK
r-release-linux-ix86 1.7 22.92 262.88 285.80 OK
r-release-linux-x86_64 1.7 18.32 230.67 248.99 OK
r-release-osx-x86_64-mavericks 1.7 ERROR
r-release-osx-x86_64-snowleopard 1.7 ERROR
r-release-windows-ix86+x86_64 1.7 74.00 466.00 540.00 OK
r-oldrel-windows-ix86+x86_64 1.7 36.00 281.00 317.00 OK

Check Details

Version: 1.7
Check: package dependencies
Result: ERROR
    Package required but not available: ‘phyloseq’
    
    See the information on DESCRIPTION files in the chapter ‘Creating R
    packages’ of the ‘Writing R Extensions’ manual.
Flavor: r-release-osx-x86_64-mavericks

Version: 1.7
Check: whether package can be installed
Result: ERROR
    Installation failed.
Flavor: r-release-osx-x86_64-snowleopard