CRAN Package Check Results for Package SigTree

Last updated on 2014-10-22 05:47:30.

Flavor Version Tinstall Tcheck Ttotal Status Flags
r-devel-linux-x86_64-debian-clang 1.6 19.12 216.99 236.11 OK
r-devel-linux-x86_64-debian-gcc 1.6 18.71 219.29 238.00 OK
r-devel-linux-x86_64-fedora-clang 1.6 607.07 OK
r-devel-linux-x86_64-fedora-gcc 1.6 567.36 OK
r-devel-osx-x86_64-clang 1.6 449.71 OK
r-devel-windows-ix86+x86_64 1.6 57.00 408.00 465.00 OK
r-patched-linux-x86_64 1.6 19.54 226.70 246.23 OK
r-patched-solaris-sparc 1.6 2909.50 OK
r-patched-solaris-x86 1.6 748.20 OK
r-release-linux-ix86 1.6 20.13 227.58 247.71 OK
r-release-linux-x86_64 1.6 17.26 196.13 213.39 OK
r-release-osx-x86_64-mavericks 1.6 ERROR
r-release-osx-x86_64-snowleopard 1.6 ERROR
r-release-windows-ix86+x86_64 1.6 55.00 359.00 414.00 OK
r-oldrel-windows-ix86+x86_64 1.6 37.00 268.00 305.00 OK

Check Details

Version: 1.6
Check: package dependencies
Result: ERROR
    Package required but not available: ‘phyloseq’
    
    See the information on DESCRIPTION files in the chapter ‘Creating R
    packages’ of the ‘Writing R Extensions’ manual.
Flavor: r-release-osx-x86_64-mavericks

Version: 1.6
Check: whether package can be installed
Result: ERROR
    Installation failed.
Flavor: r-release-osx-x86_64-snowleopard