CRAN Package Check Results for Package SigTree

Last updated on 2018-09-22 14:46:41 CEST.

Flavor Version Tinstall Tcheck Ttotal Status Flags
r-devel-linux-x86_64-debian-clang 1.10.6 21.15 267.57 288.72 OK
r-devel-linux-x86_64-debian-gcc 1.10.6 18.11 210.16 228.27 OK
r-devel-linux-x86_64-fedora-clang 1.10.6 333.18 OK
r-devel-linux-x86_64-fedora-gcc 1.10.6 337.96 OK
r-devel-windows-ix86+x86_64 1.10.6 51.00 358.00 409.00 OK
r-patched-linux-x86_64 1.10.6 15.63 204.44 220.07 OK
r-patched-solaris-x86 1.10.6 3.30 ERROR
r-release-linux-x86_64 1.10.6 16.23 206.93 223.16 OK
r-release-windows-ix86+x86_64 1.10.6 38.00 382.00 420.00 OK
r-release-osx-x86_64 1.10.6 OK
r-oldrel-windows-ix86+x86_64 1.10.6 35.00 368.00 403.00 OK
r-oldrel-osx-x86_64 1.10.6 OK

Check Details

Version: 1.10.6
Check: package dependencies
Result: ERROR
    Package required but not available: ‘phyloseq’
    
    See section ‘The DESCRIPTION file’ in the ‘Writing R Extensions’
    manual.
Flavor: r-patched-solaris-x86