CRAN Package Check Results for Package SigTree

Last updated on 2014-11-27 23:48:50.

Flavor Version Tinstall Tcheck Ttotal Status Flags
r-devel-linux-x86_64-debian-clang 1.6 17.30 225.40 242.71 OK
r-devel-linux-x86_64-debian-gcc 1.6 16.32 215.65 231.98 OK
r-devel-linux-x86_64-fedora-clang 1.6 593.93 OK
r-devel-linux-x86_64-fedora-gcc 1.6 634.31 OK
r-devel-osx-x86_64-clang 1.6 453.17 OK
r-devel-windows-ix86+x86_64 1.6 62.00 418.00 480.00 OK
r-patched-linux-x86_64 1.6 17.76 230.40 248.16 OK
r-patched-solaris-sparc 1.6 2909.50 OK
r-patched-solaris-x86 1.6 761.00 OK
r-release-linux-ix86 1.6 22.77 262.64 285.41 OK
r-release-linux-x86_64 1.6 18.09 231.03 249.12 OK
r-release-osx-x86_64-mavericks 1.6 ERROR
r-release-osx-x86_64-snowleopard 1.6 ERROR
r-release-windows-ix86+x86_64 1.6 57.00 466.00 523.00 OK
r-oldrel-windows-ix86+x86_64 1.6 37.00 291.00 328.00 OK

Check Details

Version: 1.6
Check: package dependencies
Result: ERROR
    Package required but not available: ‘phyloseq’
    
    See the information on DESCRIPTION files in the chapter ‘Creating R
    packages’ of the ‘Writing R Extensions’ manual.
Flavor: r-release-osx-x86_64-mavericks

Version: 1.6
Check: whether package can be installed
Result: ERROR
    Installation failed.
Flavor: r-release-osx-x86_64-snowleopard