CRAN Package Check Results for Package SigTree

Last updated on 2017-08-18 12:52:50.

Flavor Version Tinstall Tcheck Ttotal Status Flags
r-devel-linux-x86_64-debian-clang 1.10.5 11.19 131.99 143.18 NOTE
r-devel-linux-x86_64-debian-gcc 1.10.5 10.77 121.46 132.23 NOTE
r-devel-linux-x86_64-fedora-clang 1.10.5 288.08 NOTE
r-devel-linux-x86_64-fedora-gcc 1.10.5 300.03 NOTE
r-devel-windows-ix86+x86_64 1.10.5 25.00 252.00 277.00 OK
r-patched-linux-x86_64 1.10.5 11.31 126.97 138.28 NOTE
r-patched-solaris-x86 1.10.5 390.50 OK
r-release-linux-x86_64 1.10.5 11.23 125.33 136.56 NOTE
r-release-windows-ix86+x86_64 1.10.5 32.00 256.00 288.00 OK
r-release-osx-x86_64 1.10.5 ERROR
r-oldrel-windows-ix86+x86_64 1.10.5 27.00 363.00 390.00 OK
r-oldrel-osx-x86_64 1.10.5 OK

Check Details

Version: 1.10.5
Check: compiled code
Result: NOTE
    File ‘SigTree/libs/SigTree.so’:
     Found no calls to: ‘R_registerRoutines’, ‘R_useDynamicSymbols’
    
    It is good practice to register native routines and to disable symbol
    search.
    
    See ‘Writing portable packages’ in the ‘Writing R Extensions’ manual.
Flavors: r-devel-linux-x86_64-debian-clang, r-devel-linux-x86_64-debian-gcc, r-devel-linux-x86_64-fedora-clang, r-devel-linux-x86_64-fedora-gcc, r-patched-linux-x86_64, r-release-linux-x86_64

Version: 1.10.5
Check: package dependencies
Result: ERROR
    Package required but not available: ‘phyloseq’
    
    See section ‘The DESCRIPTION file’ in the ‘Writing R Extensions’
    manual.
Flavor: r-release-osx-x86_64