CRAN Package Check Results for Package SigTree

Last updated on 2014-09-22 17:47:22.

Flavor Version Tinstall Tcheck Ttotal Status Flags
r-devel-linux-x86_64-debian-clang 1.6 17.04 214.18 231.22 OK
r-devel-linux-x86_64-debian-gcc 1.6 17.44 210.22 227.67 OK
r-devel-linux-x86_64-fedora-clang 1.6 600.86 OK
r-devel-linux-x86_64-fedora-gcc 1.6 557.34 OK
r-devel-osx-x86_64-clang 1.6 413.15 OK
r-devel-windows-ix86+x86_64 1.6 52.00 385.00 437.00 OK
r-patched-linux-x86_64 1.6 16.24 194.12 210.36 OK
r-patched-solaris-sparc 1.6 2609.40 OK
r-patched-solaris-x86 1.6 640.50 OK
r-release-linux-ix86 1.6 20.08 226.59 246.67 OK
r-release-linux-x86_64 1.6 16.23 195.38 211.62 OK
r-release-osx-x86_64-mavericks 1.6 ERROR
r-release-osx-x86_64-snowleopard 1.6 ERROR
r-release-windows-ix86+x86_64 1.6 48.00 370.00 418.00 OK
r-oldrel-windows-ix86+x86_64 1.6 38.00 269.00 307.00 OK

Check Details

Version: 1.6
Check: package dependencies
Result: ERROR
    Package required but not available: ‘phyloseq’
    
    See the information on DESCRIPTION files in the chapter ‘Creating R
    packages’ of the ‘Writing R Extensions’ manual.
Flavor: r-release-osx-x86_64-mavericks

Version: 1.6
Check: whether package can be installed
Result: ERROR
    Installation failed.
Flavor: r-release-osx-x86_64-snowleopard