CRAN Package Check Results for Package SigTree

Last updated on 2017-12-14 15:48:52 CET.

Flavor Version Tinstall Tcheck Ttotal Status Flags
r-devel-linux-x86_64-debian-clang 1.10.6 13.19 137.04 150.23 FAIL
r-devel-linux-x86_64-debian-gcc 1.10.6 12.47 121.18 133.65 FAIL
r-devel-linux-x86_64-fedora-clang 1.10.6 259.23 OK
r-devel-linux-x86_64-fedora-gcc 1.10.6 257.02 OK
r-devel-windows-ix86+x86_64 1.10.6 40.00 348.00 388.00 OK
r-patched-linux-x86_64 1.10.6 14.72 207.90 222.62 OK
r-patched-solaris-x86 1.10.6 388.20 OK
r-release-linux-x86_64 1.10.6 12.91 204.86 217.77 OK
r-release-windows-ix86+x86_64 1.10.6 34.00 266.00 300.00 OK
r-release-osx-x86_64 1.10.6 ERROR
r-oldrel-windows-ix86+x86_64 1.10.6 45.00 345.00 390.00 OK
r-oldrel-osx-x86_64 1.10.6 OK

Check Details

Version: 1.10.6
Check: pragmas in C/C++ headers and code
Result: FAIL
    
Flavors: r-devel-linux-x86_64-debian-clang, r-devel-linux-x86_64-debian-gcc

Version: 1.10.6
Check: package dependencies
Result: ERROR
    Package required but not available: ‘phyloseq’
    
    See section ‘The DESCRIPTION file’ in the ‘Writing R Extensions’
    manual.
Flavor: r-release-osx-x86_64