CRAN Package Check Results for Package SigTree

Last updated on 2016-08-31 15:48:14.

Flavor Version Tinstall Tcheck Ttotal Status Flags
r-devel-linux-x86_64-debian-clang 1.10.3 11.23 120.20 131.43 OK
r-devel-linux-x86_64-debian-gcc 1.10.3 11.46 118.08 129.55 OK
r-devel-linux-x86_64-fedora-clang 1.10.3 280.52 OK
r-devel-linux-x86_64-fedora-gcc 1.10.3 269.70 OK
r-devel-osx-x86_64-clang 1.10.3 210.51 OK
r-devel-windows-ix86+x86_64 1.10.3 49.00 341.00 390.00 WARN
r-patched-linux-x86_64 1.10.3 10.87 119.71 130.58 OK
r-patched-solaris-sparc 1.10.3 1518.40 OK
r-patched-solaris-x86 1.10.3 319.70 OK
r-release-linux-x86_64 1.10.3 10.76 114.18 124.94 OK
r-release-osx-x86_64-mavericks 1.10.3 OK
r-release-windows-ix86+x86_64 1.10.3 47.00 328.00 375.00 OK
r-oldrel-windows-ix86+x86_64 1.10.3 18.00 2.00 20.00 ERROR

Check Details

Version: 1.10.3
Check: whether package can be installed
Result: WARN
    Found the following significant warnings:
     Warning: multiple methods tables found for 'which.max'
     Warning: multiple methods tables found for 'which.min'
     Warning: multiple methods tables found for 'which'
Flavor: r-devel-windows-ix86+x86_64

Version: 1.10.3
Check: whether package can be installed
Result: ERROR
    Installation failed.
Flavor: r-oldrel-windows-ix86+x86_64