CRAN Package Check Results for Package SigTree

Last updated on 2018-05-28 08:49:03 CEST.

Flavor Version Tinstall Tcheck Ttotal Status Flags
r-devel-linux-x86_64-debian-clang 1.10.6 20.97 237.60 258.57 OK
r-devel-linux-x86_64-debian-gcc 1.10.6 18.35 203.36 221.71 OK
r-devel-linux-x86_64-fedora-clang 1.10.6 355.46 OK
r-devel-linux-x86_64-fedora-gcc 1.10.6 333.60 OK
r-devel-windows-ix86+x86_64 1.10.6 41.00 294.00 335.00 OK
r-patched-linux-x86_64 1.10.6 17.42 203.33 220.75 OK
r-patched-solaris-x86 1.10.6 3.60 ERROR
r-release-linux-x86_64 1.10.6 17.36 204.89 222.25 OK
r-release-windows-ix86+x86_64 1.10.6 42.00 361.00 403.00 OK
r-release-osx-x86_64 1.10.6 OK
r-oldrel-windows-ix86+x86_64 1.10.6 45.00 264.00 309.00 OK
r-oldrel-osx-x86_64 1.10.6 OK

Check Details

Version: 1.10.6
Check: package dependencies
Result: ERROR
    Package required but not available: ‘phyloseq’
    
    See section ‘The DESCRIPTION file’ in the ‘Writing R Extensions’
    manual.
Flavor: r-patched-solaris-x86