CRAN Package Check Results for Package SigTree

Last updated on 2017-06-23 04:47:32.

Flavor Version Tinstall Tcheck Ttotal Status Flags
r-devel-linux-x86_64-debian-clang 1.10.5 12.12 127.87 139.98 NOTE
r-devel-linux-x86_64-debian-gcc 1.10.5 10.78 121.43 132.21 NOTE
r-devel-linux-x86_64-fedora-clang 1.10.5 286.24 NOTE
r-devel-linux-x86_64-fedora-gcc 1.10.5 283.33 NOTE
r-devel-windows-ix86+x86_64 1.10.5 46.00 263.00 309.00 OK
r-patched-linux-x86_64 1.10.5 11.67 124.26 135.93 NOTE
r-patched-solaris-sparc 1.10.5 15.30 ERROR
r-patched-solaris-x86 1.10.5 371.40 OK
r-release-linux-x86_64 1.10.5 11.44 124.53 135.97 NOTE
r-release-windows-ix86+x86_64 1.10.5 49.00 412.00 461.00 OK
r-release-osx-x86_64 1.10.5 ERROR
r-oldrel-windows-ix86+x86_64 1.10.5 47.00 257.00 304.00 OK
r-oldrel-osx-x86_64 1.10.5 OK

Check Details

Version: 1.10.5
Check: compiled code
Result: NOTE
    File ‘SigTree/libs/SigTree.so’:
     Found no calls to: ‘R_registerRoutines’, ‘R_useDynamicSymbols’
    
    It is good practice to register native routines and to disable symbol
    search.
    
    See ‘Writing portable packages’ in the ‘Writing R Extensions’ manual.
Flavors: r-devel-linux-x86_64-debian-clang, r-devel-linux-x86_64-debian-gcc, r-devel-linux-x86_64-fedora-clang, r-devel-linux-x86_64-fedora-gcc, r-patched-linux-x86_64, r-release-linux-x86_64

Version: 1.10.5
Check: package dependencies
Result: ERROR
    Package required but not available: ‘phyloseq’
    
    See section ‘The DESCRIPTION file’ in the ‘Writing R Extensions’
    manual.
Flavors: r-patched-solaris-sparc, r-release-osx-x86_64