CRAN Package Check Results for Package SigTree

Last updated on 2016-02-07 23:48:28.

Flavor Version Tinstall Tcheck Ttotal Status Flags
r-devel-linux-x86_64-debian-gcc 1.10.3 10.52 112.06 122.59 OK
r-devel-linux-x86_64-fedora-clang 1.10.3 261.52 OK
r-devel-linux-x86_64-fedora-gcc 1.10.3 249.98 OK
r-devel-osx-x86_64-clang 1.10.3 143.10 OK
r-devel-windows-ix86+x86_64 1.10.3 45.00 287.00 332.00 WARN
r-patched-linux-x86_64 1.10.2 12.05 139.34 151.39 OK
r-patched-solaris-sparc 1.10.3 1637.70 OK
r-patched-solaris-x86 1.10.3 326.50 OK
r-release-linux-x86_64 1.10.2 12.17 134.53 146.71 OK
r-release-osx-x86_64-mavericks 1.10.2 ERROR
r-release-windows-ix86+x86_64 1.10.3 37.00 313.00 350.00 OK
r-oldrel-windows-ix86+x86_64 1.10.3 97.00 697.00 794.00 OK

Check Details

Version: 1.10.3
Check: whether package can be installed
Result: WARN
    Found the following significant warnings:
     Warning: multiple methods tables found for 'as.vector'
     Warning: multiple methods tables found for 'relistToClass'
Flavor: r-devel-windows-ix86+x86_64

Version: 1.10.2
Check: package dependencies
Result: ERROR
    Package required but not available: ‘phyloseq’
    
    See section ‘The DESCRIPTION file’ in the ‘Writing R Extensions’
    manual.
Flavor: r-release-osx-x86_64-mavericks