CRAN Package Check Results for Package Sim.DiffProc

Last updated on 2014-12-20 16:49:10.

Flavor Version Tinstall Tcheck Ttotal Status Flags
r-devel-linux-x86_64-debian-clang 2.9 2.75 102.30 105.04 OK
r-devel-linux-x86_64-debian-gcc 2.9 2.90 96.88 99.78 OK
r-devel-linux-x86_64-fedora-clang 2.9 217.52 OK
r-devel-linux-x86_64-fedora-gcc 2.9 205.42 OK
r-devel-osx-x86_64-clang 2.9 176.26 OK
r-devel-windows-ix86+x86_64 2.9 13.00 225.00 238.00 OK
r-patched-linux-x86_64 2.9 3.25 102.23 105.48 OK
r-patched-solaris-sparc 2.9 589.20 OK --no-examples --no-tests
r-patched-solaris-x86 2.9 240.70 OK
r-release-linux-ix86 2.9 3.92 118.77 122.70 OK
r-release-linux-x86_64 2.9 3.08 103.75 106.83 OK
r-release-osx-x86_64-mavericks 2.9 NOTE
r-release-osx-x86_64-snowleopard 2.9 OK
r-release-windows-ix86+x86_64 2.9 11.00 228.00 239.00 OK
r-oldrel-windows-ix86+x86_64 2.9 12.00 255.00 267.00 OK

Check Details

Version: 2.9
Check: re-building of vignette outputs
Result: NOTE
    Error in re-building vignettes:
     ...
    Error in texi2dvi(file = file, pdf = TRUE, clean = clean, quiet = quiet, :
     Running 'texi2dvi' on 'FitSDE.tex' failed.
    LaTeX errors:
    ! LaTeX Error: File `authblk.sty' not found.
    
    Type X to quit or <RETURN> to proceed,
    or enter new name. (Default extension: sty)
    
    /vign_test/Sim.DiffProc/vignettes/FitSDE.tex:8: ==> Fatal error occurred, no o
    utput PDF file produced!
    Calls: buildVignettes -> texi2pdf -> texi2dvi
    Execution halted
Flavor: r-release-osx-x86_64-mavericks