CRAN Package Check Results for Package Sim.DiffProc

Last updated on 2017-02-20 13:51:18.

Flavor Version Tinstall Tcheck Ttotal Status Flags
r-devel-linux-x86_64-debian-clang 3.6 3.30 221.77 225.07 NOTE
r-devel-linux-x86_64-debian-gcc 3.6 3.54 216.57 220.10 NOTE
r-devel-linux-x86_64-fedora-clang 3.6 439.33 NOTE --no-stop-on-test-error
r-devel-linux-x86_64-fedora-gcc 3.6 416.23 NOTE --no-stop-on-test-error
r-devel-macos-x86_64-clang 3.6 341.26 NOTE --no-stop-on-test-error
r-devel-windows-ix86+x86_64 3.6 23.00 579.00 602.00 OK
r-patched-linux-x86_64 3.6 3.26 211.12 214.37 OK
r-patched-solaris-sparc 3.6 2442.40 OK --no-examples --no-tests
r-patched-solaris-x86 3.6 441.20 OK
r-release-linux-x86_64 3.6 3.24 205.94 209.18 OK
r-release-osx-x86_64-mavericks 3.6 OK
r-release-windows-ix86+x86_64 3.6 13.00 433.00 446.00 OK
r-oldrel-windows-ix86+x86_64 3.6 13.00 200.00 213.00 OK

Check Details

Version: 3.6
Check: compiled code
Result: NOTE
    File ‘Sim.DiffProc/libs/Sim.DiffProc.so’:
     Found no call to: ‘R_useDynamicSymbols’
    
    It is good practice to register native routines and to disable symbol
    search.
    
    See ‘Writing portable packages’ in the ‘Writing R Extensions’ manual.
Flavors: r-devel-linux-x86_64-debian-clang, r-devel-linux-x86_64-debian-gcc

Version: 3.6
Flags: --no-stop-on-test-error
Check: compiled code
Result: NOTE
    File ‘Sim.DiffProc/libs/Sim.DiffProc.so’:
     Found no call to: ‘R_useDynamicSymbols’
    
    It is good practice to register native routines and to disable symbol
    search.
    
    See ‘Writing portable packages’ in the ‘Writing R Extensions’ manual.
Flavors: r-devel-linux-x86_64-fedora-clang, r-devel-linux-x86_64-fedora-gcc, r-devel-macos-x86_64-clang