CRAN Package Check Results for Package Sim.DiffProc

Last updated on 2015-03-02 13:47:16.

Flavor Version Tinstall Tcheck Ttotal Status Flags
r-devel-linux-x86_64-debian-clang 2.9 2.20 98.22 100.42 NOTE
r-devel-linux-x86_64-debian-gcc 2.9 2.86 96.80 99.66 NOTE
r-devel-linux-x86_64-fedora-clang 2.9 208.60 NOTE
r-devel-linux-x86_64-fedora-gcc 2.9 185.59 NOTE
r-devel-osx-x86_64-clang 2.9 174.64 NOTE
r-devel-windows-ix86+x86_64 2.9 21.00 299.00 320.00 OK
r-patched-linux-x86_64 2.9 3.25 105.14 108.39 OK
r-patched-solaris-sparc 2.9 672.50 OK --no-examples --no-tests
r-patched-solaris-x86 2.9 240.40 OK
r-release-linux-ix86 2.9 3.95 128.25 132.20 OK
r-release-linux-x86_64 2.9 3.11 102.56 105.67 OK
r-release-osx-x86_64-mavericks 2.9 OK
r-release-osx-x86_64-snowleopard 2.9 OK
r-release-windows-ix86+x86_64 2.9 22.00 310.00 332.00 OK
r-oldrel-windows-ix86+x86_64 2.9 13.00 270.00 283.00 OK

Check Details

Version: 2.9
Check: S3 generic/method consistency
Result: NOTE
    Found the following apparent S3 methods exported but not registered:
     bconfint.default kurtosis.default lines2d.default moment.default
     plot2d.default plot3D.default points2d.default skewness.default
    See section ‘Registering S3 methods’ in the ‘Writing R Extensions’
    manual.
Flavors: r-devel-linux-x86_64-debian-clang, r-devel-linux-x86_64-debian-gcc, r-devel-linux-x86_64-fedora-clang, r-devel-linux-x86_64-fedora-gcc, r-devel-osx-x86_64-clang