CRAN Package Check Results for Package Sim.DiffProc

Last updated on 2017-12-14 17:48:55 CET.

Flavor Version Tinstall Tcheck Ttotal Status Flags
r-devel-linux-x86_64-debian-clang 4.0 4.14 77.39 81.53 FAIL
r-devel-linux-x86_64-debian-gcc 4.0 4.34 67.38 71.72 FAIL
r-devel-linux-x86_64-fedora-clang 4.0 673.93 OK
r-devel-linux-x86_64-fedora-gcc 4.0 655.80 OK
r-devel-windows-ix86+x86_64 4.0 20.00 774.00 794.00 OK
r-patched-linux-x86_64 4.0 5.15 554.15 559.30 OK
r-patched-solaris-x86 4.0 1370.20 OK
r-release-linux-x86_64 4.0 5.64 550.50 556.14 OK
r-release-windows-ix86+x86_64 4.0 14.00 664.00 678.00 OK
r-release-osx-x86_64 4.0 OK
r-oldrel-windows-ix86+x86_64 4.0 13.00 826.00 839.00 OK
r-oldrel-osx-x86_64 4.0 OK

Check Details

Version: 4.0
Check: pragmas in C/C++ headers and code
Result: FAIL
    
Flavors: r-devel-linux-x86_64-debian-clang, r-devel-linux-x86_64-debian-gcc