CRAN Package Check Results for Package Sim.DiffProc

Last updated on 2014-07-28 08:49:02.

Flavor Version Tinstall Tcheck Ttotal Status Flags
r-devel-linux-x86_64-debian-clang 2.7 1.30 99.08 100.39 OK
r-devel-linux-x86_64-debian-gcc 2.7 1.37 100.32 101.69 OK
r-devel-linux-x86_64-fedora-clang 2.7 231.86 OK
r-devel-linux-x86_64-fedora-gcc 2.7 224.94 OK
r-devel-osx-x86_64-clang 2.7 176.47 OK
r-devel-windows-ix86+x86_64 2.7 4.00 148.00 152.00 OK
r-patched-linux-x86_64 2.7 1.27 106.52 107.79 OK
r-patched-solaris-sparc 2.7 842.30 OK --no-examples --no-tests
r-patched-solaris-x86 2.7 264.90 OK
r-release-linux-ix86 2.7 1.74 122.66 124.40 OK
r-release-linux-x86_64 2.7 1.76 99.90 101.65 OK
r-release-osx-x86_64-mavericks 2.7 NOTE
r-release-osx-x86_64-snowleopard 2.7 OK
r-release-windows-ix86+x86_64 2.7 5.00 156.00 161.00 OK
r-oldrel-windows-ix86+x86_64 2.7 4.00 161.00 165.00 OK

Check Details

Version: 2.7
Check: re-building of vignette outputs
Result: NOTE
    Error in re-building vignettes:
     ...
    Error in texi2dvi(file = file, pdf = TRUE, clean = clean, quiet = quiet, :
     Running 'texi2dvi' on 'FitSDE.tex' failed.
    LaTeX errors:
    ! LaTeX Error: File `a4wide.sty' not found.
    
    Type X to quit or <RETURN> to proceed,
    or enter new name. (Default extension: sty)
    
    /vign_test/Sim.DiffProc/vignettes/FitSDE.tex:3: ==> Fatal error occurred, no o
    utput PDF file produced!
    Calls: buildVignettes -> texi2pdf -> texi2dvi
    Execution halted
Flavor: r-release-osx-x86_64-mavericks