CRAN Package Check Results for Package Sim.DiffProc

Last updated on 2016-06-29 21:47:02.

Flavor Version Tinstall Tcheck Ttotal Status Flags
r-devel-linux-x86_64-debian-gcc 3.2 3.26 101.01 104.27 OK
r-devel-linux-x86_64-fedora-clang 3.2 196.58 OK
r-devel-linux-x86_64-fedora-gcc 3.2 182.58 OK
r-devel-osx-x86_64-clang 3.2 141.37 OK
r-devel-windows-ix86+x86_64 3.2 12.00 323.00 335.00 OK
r-patched-linux-x86_64 3.2 3.00 94.34 97.34 OK
r-patched-solaris-sparc 3.2 503.10 WARN --no-examples --no-tests
r-patched-solaris-x86 3.2 205.80 OK
r-release-linux-x86_64 3.2 2.83 96.90 99.73 OK
r-release-osx-x86_64-mavericks 3.2 WARN
r-release-windows-ix86+x86_64 3.2 18.00 245.00 263.00 OK
r-oldrel-windows-ix86+x86_64 3.2 16.00 275.00 291.00 OK

Check Details

Version: 3.2
Flags: --no-examples --no-tests
Check: re-building of vignette outputs
Result: WARN
    Error in re-building vignettes:
     ...
    Package 'Sim.DiffProc' version 3.2 loaded.
    help(Sim.DiffProc) for summary information.
    
    Error: processing vignette 'SDEs.Rnw' failed with diagnostics:
     chunk 15
    Error in `dimnames<-.data.frame`(`*tmp*`, value = list(c("Mean", "Variance", :
     invalid 'dimnames' given for data frame
    Execution halted
Flavor: r-patched-solaris-sparc

Version: 3.2
Check: whether package can be installed
Result: WARN
    Found the following significant warnings:
     Warning: 'rgl_init' failed, running with rgl.useNULL = TRUE
Flavor: r-release-osx-x86_64-mavericks

Version: 3.2
Check: dependencies in R code
Result: NOTE
    Invalid MIT-MAGIC-COOKIE-1 key
Flavor: r-release-osx-x86_64-mavericks

Version: 3.2
Check: S3 generic/method consistency
Result: WARN
    Invalid MIT-MAGIC-COOKIE-1 key
    See section ‘Generic functions and methods’ in the ‘Writing R
    Extensions’ manual.
Flavor: r-release-osx-x86_64-mavericks

Version: 3.2
Check: replacement functions
Result: WARN
    Invalid MIT-MAGIC-COOKIE-1 key
    The argument of a replacement function which corresponds to the right
    hand side must be named ‘value’.
Flavor: r-release-osx-x86_64-mavericks

Version: 3.2
Check: foreign function calls
Result: NOTE
    Invalid MIT-MAGIC-COOKIE-1 key
    See chapter ‘System and foreign language interfaces’ in the ‘Writing R
    Extensions’ manual.
Flavor: r-release-osx-x86_64-mavericks

Version: 3.2
Check: R code for possible problems
Result: NOTE
    Invalid MIT-MAGIC-COOKIE-1 key
Flavor: r-release-osx-x86_64-mavericks

Version: 3.2
Check: for missing documentation entries
Result: WARN
    Invalid MIT-MAGIC-COOKIE-1 key
    All user-level objects in a package should have documentation entries.
    See chapter ‘Writing R documentation files’ in the ‘Writing R
    Extensions’ manual.
Flavor: r-release-osx-x86_64-mavericks

Version: 3.2
Check: for code/documentation mismatches
Result: WARN
    Invalid MIT-MAGIC-COOKIE-1 key
    Invalid MIT-MAGIC-COOKIE-1 key
    Invalid MIT-MAGIC-COOKIE-1 key
Flavor: r-release-osx-x86_64-mavericks

Version: 3.2
Check: Rd \usage sections
Result: NOTE
    Invalid MIT-MAGIC-COOKIE-1 key
    The \usage entries for S3 methods should use the \method markup and not
    their full name.
    See chapter ‘Writing R documentation files’ in the ‘Writing R
    Extensions’ manual.
Flavor: r-release-osx-x86_64-mavericks