CRAN Package Check Results for Package Sim.DiffProc

Last updated on 2014-09-01 11:49:06.

Flavor Version Tinstall Tcheck Ttotal Status Flags
r-devel-linux-x86_64-debian-clang 2.8 2.14 83.39 85.53 OK
r-devel-linux-x86_64-debian-gcc 2.8 2.95 79.94 82.90 OK
r-devel-linux-x86_64-fedora-clang 2.8 196.81 OK
r-devel-linux-x86_64-fedora-gcc 2.8 181.24 OK
r-devel-osx-x86_64-clang 2.8 143.22 OK
r-devel-windows-ix86+x86_64 2.8 11.00 195.00 206.00 OK
r-patched-linux-x86_64 2.8 3.08 86.62 89.70 OK
r-patched-solaris-sparc 2.8 548.60 OK --no-examples --no-tests
r-patched-solaris-x86 2.8 221.40 OK
r-release-linux-ix86 2.8 4.15 109.60 113.76 OK
r-release-linux-x86_64 2.8 2.94 86.65 89.59 OK
r-release-osx-x86_64-mavericks 2.8 NOTE
r-release-osx-x86_64-snowleopard 2.8 ERROR
r-release-windows-ix86+x86_64 2.8 11.00 187.00 198.00 OK
r-oldrel-windows-ix86+x86_64 2.8 15.00 203.00 218.00 OK

Check Details

Version: 2.8
Check: re-building of vignette outputs
Result: NOTE
    Error in re-building vignettes:
     ...
    Error in texi2dvi(file = file, pdf = TRUE, clean = clean, quiet = quiet, :
     Running 'texi2dvi' on 'FitSDE.tex' failed.
    LaTeX errors:
    ! LaTeX Error: File `a4wide.sty' not found.
    
    Type X to quit or <RETURN> to proceed,
    or enter new name. (Default extension: sty)
    
    /vign_test/Sim.DiffProc/vignettes/FitSDE.tex:3: ==> Fatal error occurred, no o
    utput PDF file produced!
    Calls: buildVignettes -> texi2pdf -> texi2dvi
    Execution halted
Flavor: r-release-osx-x86_64-mavericks

Version: 2.8
Check: examples
Result: ERROR
    Running examples in ‘Sim.DiffProc-Ex.R’ failed
    The error most likely occurred in:
    
    > ### Name: bridgesde3d
    > ### Title: Simulation of 3-Dim Diffusion Bridge
    > ### Aliases: bridgesde3d bridgesde3d.default print.bridgesde3d
    > ### time.bridgesde3d summary.bridgesde3d plot.bridgesde3d
    > ### points.bridgesde3d lines.bridgesde3d plot3D.bridgesde3d
    > ### Keywords: sde ts mts
    >
    > ### ** Examples
    >
    > ## dX(t) = Y(t)*Z(t) * dt + dW1(t)
    > ## dY(t) = X(t)*Z(t) * dt + dW2(t)
    > ## dZ(t) = X(t)*Y(t) * dt + dW3(t)
    > ## x01 = 1 , y01 = 1
    > ## x02 = 1 , y02 = 1
    > ## x03 = 1 , y03 = 1
    > ## W1(t), W2(t) and W3(t) three independent Brownian motion
    >
    > fx <- expression(y*z)
    > gx <- expression(1)
    > fy <- expression(x*z)
    > gy <- expression(1)
    > fz <- expression(x*y)
    > gz <- expression(1)
    >
    > XYZ <- bridgesde3d(x0=c(1,1,1),y=c(1,1,1),driftx=fx,diffx=gx,drifty=fy,
    + diffy=gy,driftz=fz,diffz=gz)
    > XYZ
    Ito Bridges Sde 3D:
     | dX(t) = Y(t) * Z(t) * dt + 1 * dW1(t)
     | dY(t) = X(t) * Z(t) * dt + 1 * dW2(t)
     | dZ(t) = X(t) * Y(t) * dt + 1 * dW3(t)
    Method:
     | Euler scheme of order 0.5
    Summary:
     | Size of process | N = 1000.
     | Initial values | x0 = c(1,1,1).
     | Final values | y = c(1,1,1).
     | Time of process | t in [0,1].
     | Discretization | Dt = 0.001.
    > summary(XYZ)
     X Y Z
     Min. :0.9812 Min. :0.8608 Min. :0.7298
     1st Qu.:1.2800 1st Qu.:1.3970 1st Qu.:1.0755
     Median :1.6027 Median :1.6237 Median :1.4238
     Mean :1.6172 Mean :1.6624 Mean :1.3578
     3rd Qu.:1.9570 3rd Qu.:1.9251 3rd Qu.:1.5398
     Max. :2.3862 Max. :2.5391 Max. :2.0691
    > plot(XYZ)
    > dev.new()
    dev.new(): using pdf(file="Rplots1.pdf")
    > plot(XYZ,plot.type="single")
    > dev.new()
    dev.new(): using pdf(file="Rplots2.pdf")
    > plot3D(XYZ,display = "persp",main="3-dim bridge sde")
    > plot3D(XYZ,display = "rgl")
    Sat Aug 30 15:25:03 hagal.research.att.com R[1519] <Error>: unknown error code: invalid pixel format
    Sat Aug 30 15:25:03 hagal.research.att.com R[1519] <Error>: kCGErrorFailure: Set a breakpoint @ CGErrorBreakpoint() to catch errors as they are logged.
    X Error of failed request: GLXBadContext
     Major opcode of failed request: 0 ()
     Serial number of failed request: 27
     Current serial number in output stream: 27
Flavor: r-release-osx-x86_64-snowleopard