CRAN Package Check Results for Package Sim.DiffProc

Last updated on 2016-02-07 03:50:50.

Flavor Version Tinstall Tcheck Ttotal Status Flags
r-devel-linux-x86_64-debian-gcc 3.1 2.84 96.56 99.40 OK
r-devel-linux-x86_64-fedora-clang 3.1 189.79 OK
r-devel-linux-x86_64-fedora-gcc 3.1 184.31 OK
r-devel-osx-x86_64-clang 3.1 192.04 OK
r-devel-windows-ix86+x86_64 3.1 19.00 309.00 328.00 OK
r-patched-linux-x86_64 3.1 3.12 107.53 110.66 OK
r-patched-solaris-sparc 3.1 559.30 ERROR --no-examples --no-tests
r-patched-solaris-x86 3.1 222.70 OK
r-release-linux-x86_64 3.1 2.97 104.22 107.19 OK
r-release-osx-x86_64-mavericks 3.1 OK
r-release-windows-ix86+x86_64 3.1 11.00 258.00 269.00 OK
r-oldrel-windows-ix86+x86_64 3.1 16.00 287.00 303.00 OK

Check Details

Version: 3.1
Flags: --no-examples --no-tests
Check: running R code from vignettes
Result: ERROR
    Errors in running code in vignettes:
    when running code in ‘SDEs.Rnw’
     ...
     | Discretization | Dt = 0.001.
    
    > summary(mod2d)
    
     Monte-Carlo Statistics for (X(t),Y(t)) at final time T = 1
    
    
     When sourcing ‘SDEs.R’:
    Error: invalid 'row.names' length
    Execution halted
Flavor: r-patched-solaris-sparc

Version: 3.1
Flags: --no-examples --no-tests
Check: re-building of vignette outputs
Result: NOTE
    Error in re-building vignettes:
     ...
    Package 'Sim.DiffProc' version 3.1 loaded: help(Sim.DiffProc) for summary information.
    
    Error: processing vignette 'SDEs.Rnw' failed with diagnostics:
     chunk 15
    Error in `row.names<-.data.frame`(`*tmp*`, value = value) :
     invalid 'row.names' length
    Execution halted
Flavor: r-patched-solaris-sparc