CRAN Package Check Results for Package Sim.DiffProc

Last updated on 2015-05-27 09:48:04.

Flavor Version Tinstall Tcheck Ttotal Status Flags
r-devel-linux-x86_64-debian-clang 2.9 2.23 97.20 99.42 NOTE
r-devel-linux-x86_64-debian-gcc 2.9 3.21 97.56 100.77 NOTE
r-devel-linux-x86_64-fedora-clang 2.9 206.39 NOTE
r-devel-linux-x86_64-fedora-gcc 2.9 201.01 NOTE
r-devel-osx-x86_64-clang 2.9 170.50 NOTE
r-devel-windows-ix86+x86_64 2.9 12.00 228.00 240.00 OK
r-patched-linux-x86_64 2.9 2.92 97.79 100.71 NOTE
r-patched-solaris-sparc 2.9 634.90 NOTE --no-examples --no-tests
r-patched-solaris-x86 2.9 228.80 NOTE
r-release-linux-x86_64 2.9 2.86 98.59 101.44 NOTE
r-release-osx-x86_64-mavericks 2.9 OK
r-release-osx-x86_64-snowleopard 2.9 NOTE
r-release-windows-ix86+x86_64 2.9 12.00 208.00 220.00 OK
r-oldrel-windows-ix86+x86_64 2.9 12.00 226.00 238.00 OK

Check Details

Version: 2.9
Check: S3 generic/method consistency
Result: NOTE
    Found the following apparent S3 methods exported but not registered:
     bconfint.default kurtosis.default lines2d.default moment.default
     plot2d.default plot3D.default points2d.default skewness.default
    See section ‘Registering S3 methods’ in the ‘Writing R Extensions’
    manual.
Flavors: r-devel-linux-x86_64-debian-clang, r-devel-linux-x86_64-debian-gcc, r-devel-linux-x86_64-fedora-clang, r-devel-linux-x86_64-fedora-gcc, r-devel-osx-x86_64-clang, r-patched-linux-x86_64, r-patched-solaris-x86, r-release-linux-x86_64

Version: 2.9
Flags: --no-examples --no-tests
Check: S3 generic/method consistency
Result: NOTE
    Found the following apparent S3 methods exported but not registered:
     bconfint.default kurtosis.default lines2d.default moment.default
     plot2d.default plot3D.default points2d.default skewness.default
    See section ‘Registering S3 methods’ in the ‘Writing R Extensions’
    manual.
Flavor: r-patched-solaris-sparc

Version: 2.9
Check: Rd cross-references
Result: NOTE
    Packages unavailable to check Rd xrefs: ‘sde’, ‘Ecdat’, ‘yuima’
Flavor: r-release-osx-x86_64-snowleopard