CRAN Package Check Results for Package Sim.DiffProc

Last updated on 2014-08-22 07:50:42.

Flavor Version Tinstall Tcheck Ttotal Status Flags
r-devel-linux-x86_64-debian-clang 2.8 2.11 83.02 85.13 OK
r-devel-linux-x86_64-debian-gcc 2.8 2.85 80.88 83.72 OK
r-devel-linux-x86_64-fedora-clang 2.8 191.08 OK
r-devel-linux-x86_64-fedora-gcc 2.8 184.03 OK
r-devel-osx-x86_64-clang 2.8 148.03 OK
r-devel-windows-ix86+x86_64 2.8 11.00 186.00 197.00 OK
r-patched-linux-x86_64 2.8 3.06 93.44 96.50 OK
r-patched-solaris-sparc 2.8 548.60 OK --no-examples --no-tests
r-patched-solaris-x86 2.8 221.40 OK
r-release-linux-ix86 2.7 1.84 123.94 125.78 OK
r-release-linux-x86_64 2.8 2.93 86.60 89.53 OK
r-release-osx-x86_64-mavericks 2.8 NOTE
r-release-osx-x86_64-snowleopard 2.7 OK
r-release-windows-ix86+x86_64 2.8 11.00 186.00 197.00 OK
r-oldrel-windows-ix86+x86_64 2.8 13.00 214.00 227.00 OK

Check Details

Version: 2.8
Check: re-building of vignette outputs
Result: NOTE
    Error in re-building vignettes:
     ...
    Error in texi2dvi(file = file, pdf = TRUE, clean = clean, quiet = quiet, :
     Running 'texi2dvi' on 'FitSDE.tex' failed.
    LaTeX errors:
    ! LaTeX Error: File `a4wide.sty' not found.
    
    Type X to quit or <RETURN> to proceed,
    or enter new name. (Default extension: sty)
    
    /vign_test/Sim.DiffProc/vignettes/FitSDE.tex:3: ==> Fatal error occurred, no o
    utput PDF file produced!
    Calls: buildVignettes -> texi2pdf -> texi2dvi
    Execution halted
Flavor: r-release-osx-x86_64-mavericks