CRAN Package Check Results for Package Sim.DiffProc

Last updated on 2017-03-24 06:48:39.

Flavor Version Tinstall Tcheck Ttotal Status Flags
r-devel-linux-x86_64-debian-clang 3.6 3.51 224.86 228.38 WARN
r-devel-linux-x86_64-debian-gcc 3.6 3.25 215.75 219.00 WARN
r-devel-linux-x86_64-fedora-clang 3.6 429.34 WARN --no-stop-on-test-error
r-devel-linux-x86_64-fedora-gcc 3.6 424.07 WARN --no-stop-on-test-error
r-devel-macos-x86_64-clang 3.6 339.90 WARN --no-stop-on-test-error
r-devel-windows-ix86+x86_64 3.6 13.00 429.00 442.00 OK
r-patched-linux-x86_64 3.6 3.27 217.91 221.18 WARN
r-patched-solaris-sparc 3.6 2555.30 WARN --no-examples --no-tests
r-patched-solaris-x86 3.6 464.20 WARN
r-release-linux-x86_64 3.6 3.52 211.63 215.15 WARN
r-release-osx-x86_64-mavericks 3.6 OK
r-release-windows-ix86+x86_64 3.6 20.00 404.00 424.00 OK
r-oldrel-windows-ix86+x86_64 3.6 16.00 548.00 564.00 OK

Check Details

Version: 3.6
Check: Rd cross-references
Result: WARN
    Unknown package ‘PSM’ in Rd xrefs
Flavors: r-devel-linux-x86_64-debian-clang, r-devel-linux-x86_64-debian-gcc, r-patched-linux-x86_64, r-patched-solaris-x86, r-release-linux-x86_64

Version: 3.6
Check: compiled code
Result: NOTE
    File ‘Sim.DiffProc/libs/Sim.DiffProc.so’:
     Found no call to: ‘R_useDynamicSymbols’
    
    It is good practice to register native routines and to disable symbol
    search.
    
    See ‘Writing portable packages’ in the ‘Writing R Extensions’ manual.
Flavors: r-devel-linux-x86_64-debian-clang, r-devel-linux-x86_64-debian-gcc

Version: 3.6
Flags: --no-stop-on-test-error
Check: Rd cross-references
Result: WARN
    Unknown package ‘PSM’ in Rd xrefs
Flavors: r-devel-linux-x86_64-fedora-clang, r-devel-linux-x86_64-fedora-gcc, r-devel-macos-x86_64-clang

Version: 3.6
Flags: --no-stop-on-test-error
Check: compiled code
Result: NOTE
    File ‘Sim.DiffProc/libs/Sim.DiffProc.so’:
     Found no call to: ‘R_useDynamicSymbols’
    
    It is good practice to register native routines and to disable symbol
    search.
    
    See ‘Writing portable packages’ in the ‘Writing R Extensions’ manual.
Flavors: r-devel-linux-x86_64-fedora-clang, r-devel-linux-x86_64-fedora-gcc, r-devel-macos-x86_64-clang

Version: 3.6
Flags: --no-examples --no-tests
Check: Rd cross-references
Result: WARN
    Unknown package ‘PSM’ in Rd xrefs
Flavor: r-patched-solaris-sparc