CRAN Package Check Results for Package Sim.DiffProc

Last updated on 2017-01-16 17:49:36.

Flavor Version Tinstall Tcheck Ttotal Status Flags
r-devel-linux-x86_64-debian-clang 3.6 3.25 219.41 222.66 OK
r-devel-linux-x86_64-debian-gcc 3.6 3.47 219.31 222.78 OK
r-devel-linux-x86_64-fedora-clang 3.6 435.40 OK --no-stop-on-test-error
r-devel-linux-x86_64-fedora-gcc 3.6 419.23 NOTE --no-stop-on-test-error
r-devel-macos-x86_64-clang 3.6 341.43 OK --no-stop-on-test-error
r-devel-windows-ix86+x86_64 3.6 17.00 458.00 475.00 OK
r-patched-linux-x86_64 3.6 3.23 210.80 214.03 OK
r-patched-solaris-sparc 3.6 2442.40 OK --no-examples --no-tests
r-patched-solaris-x86 3.6 436.50 OK
r-release-linux-x86_64 3.6 3.35 214.47 217.82 OK
r-release-osx-x86_64-mavericks 3.6 OK
r-release-windows-ix86+x86_64 3.6 22.00 442.00 464.00 OK
r-oldrel-windows-ix86+x86_64 3.6 14.00 568.00 582.00 OK

Check Details

Version: 3.6
Flags: --no-stop-on-test-error
Check: compiled code
Result: NOTE
    File ‘Sim.DiffProc/libs/Sim.DiffProc.so’:
     Found no call to: ‘R_useDynamicSymbols’
    
    It is good practice to use registered native symbols and disable symbol
    search.
    
    See ‘Writing portable packages’ in the ‘Writing R Extensions’ manual.
Flavor: r-devel-linux-x86_64-fedora-gcc