CRAN Package Check Results for Package Sim.DiffProc

Last updated on 2014-10-30 15:49:15.

Flavor Version Tinstall Tcheck Ttotal Status Flags
r-devel-linux-x86_64-debian-clang 2.9 2.38 100.54 102.92 OK
r-devel-linux-x86_64-debian-gcc 2.9 3.04 99.01 102.05 OK
r-devel-linux-x86_64-fedora-clang 2.9 216.28 OK
r-devel-linux-x86_64-fedora-gcc 2.9 214.69 OK
r-devel-osx-x86_64-clang 2.9 174.29 OK
r-devel-windows-ix86+x86_64 2.9 11.00 221.00 232.00 OK
r-patched-linux-x86_64 2.9 3.00 104.79 107.79 OK
r-patched-solaris-sparc 2.9 589.20 OK --no-examples --no-tests
r-patched-solaris-x86 2.9 240.40 OK
r-release-linux-ix86 2.9 4.10 125.44 129.54 OK
r-release-linux-x86_64 2.9 3.13 101.84 104.97 OK
r-release-osx-x86_64-mavericks 2.9 NOTE
r-release-osx-x86_64-snowleopard 2.9 OK
r-release-windows-ix86+x86_64 2.9 11.00 215.00 226.00 OK
r-oldrel-windows-ix86+x86_64 2.9 13.00 256.00 269.00 OK

Check Details

Version: 2.9
Check: re-building of vignette outputs
Result: NOTE
    Error in re-building vignettes:
     ...
    Error in texi2dvi(file = file, pdf = TRUE, clean = clean, quiet = quiet, :
     Running 'texi2dvi' on 'FitSDE.tex' failed.
    LaTeX errors:
    ! LaTeX Error: File `authblk.sty' not found.
    
    Type X to quit or <RETURN> to proceed,
    or enter new name. (Default extension: sty)
    
    /vign_test/Sim.DiffProc/vignettes/FitSDE.tex:8: ==> Fatal error occurred, no o
    utput PDF file produced!
    Calls: buildVignettes -> texi2pdf -> texi2dvi
    Execution halted
Flavor: r-release-osx-x86_64-mavericks