CRAN Package Check Results for Package Sim.DiffProc

Last updated on 2015-07-30 22:50:09.

Flavor Version Tinstall Tcheck Ttotal Status Flags
r-devel-linux-x86_64-debian-clang 2.9 2.52 100.55 103.08 NOTE
r-devel-linux-x86_64-debian-gcc 2.9 2.88 97.91 100.79 NOTE
r-devel-linux-x86_64-fedora-clang 2.9 206.37 NOTE
r-devel-linux-x86_64-fedora-gcc 2.9 198.22 NOTE
r-devel-osx-x86_64-clang 2.9 163.60 NOTE
r-devel-windows-ix86+x86_64 2.9 19.00 323.00 342.00 NOTE
r-patched-linux-x86_64 2.9 2.96 95.36 98.32 NOTE
r-patched-solaris-sparc 2.9 675.00 NOTE --no-examples --no-tests
r-patched-solaris-x86 2.9 231.10 NOTE
r-release-linux-x86_64 2.9 2.89 96.58 99.47 NOTE
r-release-osx-x86_64-mavericks 2.9 OK
r-release-windows-ix86+x86_64 2.9 15.00 240.00 255.00 OK
r-oldrel-windows-ix86+x86_64 2.9 17.00 335.00 352.00 OK

Check Details

Version: 2.9
Check: S3 generic/method consistency
Result: NOTE
    Found the following apparent S3 methods exported but not registered:
     bconfint.default kurtosis.default lines2d.default moment.default
     plot2d.default plot3D.default points2d.default skewness.default
    See section ‘Registering S3 methods’ in the ‘Writing R Extensions’
    manual.
Flavors: r-devel-linux-x86_64-debian-clang, r-devel-linux-x86_64-debian-gcc, r-devel-linux-x86_64-fedora-clang, r-devel-linux-x86_64-fedora-gcc, r-devel-osx-x86_64-clang, r-patched-linux-x86_64, r-patched-solaris-x86, r-release-linux-x86_64

Version: 2.9
Check: R code for possible problems
Result: NOTE
    .Euler1D : A: no visible global function definition for ‘D’
    .Euler1D: no visible global function definition for ‘ts’
    .Euler2D : Ax: no visible global function definition for ‘D’
    .Euler2D : Ay: no visible global function definition for ‘D’
    .Euler2D: no visible global function definition for ‘ts’
    .Euler3D : Ax: no visible global function definition for ‘D’
    .Euler3D : Ay: no visible global function definition for ‘D’
    .Euler3D : Az: no visible global function definition for ‘D’
    .Euler3D: no visible global function definition for ‘ts’
    .Heun1D : A: no visible global function definition for ‘D’
    .Heun1D: no visible global function definition for ‘ts’
    .Heun2D : Ax: no visible global function definition for ‘D’
    .Heun2D : Ay: no visible global function definition for ‘D’
    .Heun2D: no visible global function definition for ‘ts’
    .Heun3D : Ax: no visible global function definition for ‘D’
    .Heun3D : Ay: no visible global function definition for ‘D’
    .Heun3D : Az: no visible global function definition for ‘D’
    .Heun3D: no visible global function definition for ‘ts’
    .Milstein1D: no visible global function definition for ‘D’
    .Milstein1D: no visible global function definition for ‘ts’
    .Milstein2D: no visible global function definition for ‘D’
    .Milstein2D: no visible global function definition for ‘ts’
    .Milstein3D: no visible global function definition for ‘D’
    .Milstein3D : Ax: no visible global function definition for ‘D’
    .Milstein3D : Ay: no visible global function definition for ‘D’
    .Milstein3D : Az: no visible global function definition for ‘D’
    .Milstein3D: no visible global function definition for ‘ts’
    .PredCorr1D: no visible global function definition for ‘D’
    .PredCorr1D: no visible global function definition for ‘ts’
    .PredCorr2D: no visible global function definition for ‘D’
    .PredCorr2D: no visible global function definition for ‘ts’
    .PredCorr3D: no visible global function definition for ‘D’
    .PredCorr3D: no visible global function definition for ‘ts’
    .RK1D : A: no visible global function definition for ‘D’
    .RK1D: no visible global function definition for ‘ts’
    .RK2D : Ax: no visible global function definition for ‘D’
    .RK2D : Ay: no visible global function definition for ‘D’
    .RK2D: no visible global function definition for ‘ts’
    .RK3D : Ax: no visible global function definition for ‘D’
    .RK3D : Ay: no visible global function definition for ‘D’
    .RK3D : Az: no visible global function definition for ‘D’
    .RK3D: no visible global function definition for ‘ts’
    .SMilstein1D: no visible global function definition for ‘D’
    .SMilstein1D : Ax: no visible global function definition for ‘D’
    .SMilstein1D : Axx: no visible global function definition for ‘D’
    .SMilstein1D : A: no visible global function definition for ‘D’
    .SMilstein1D: no visible global function definition for ‘ts’
    .SMilstein2D: no visible global function definition for ‘D’
    .SMilstein2D : dAx: no visible global function definition for ‘D’
    .SMilstein2D : dAxx: no visible global function definition for ‘D’
    .SMilstein2D : dAy: no visible global function definition for ‘D’
    .SMilstein2D : dAyy: no visible global function definition for ‘D’
    .SMilstein2D : Ax: no visible global function definition for ‘D’
    .SMilstein2D : Ay: no visible global function definition for ‘D’
    .SMilstein2D: no visible global function definition for ‘ts’
    .SMilstein3D : dAx: no visible global function definition for ‘D’
    .SMilstein3D : dAxx: no visible global function definition for ‘D’
    .SMilstein3D : dAy: no visible global function definition for ‘D’
    .SMilstein3D : dAyy: no visible global function definition for ‘D’
    .SMilstein3D : dAz: no visible global function definition for ‘D’
    .SMilstein3D : dAzz: no visible global function definition for ‘D’
    .SMilstein3D : Ax: no visible global function definition for ‘D’
    .SMilstein3D : Ay: no visible global function definition for ‘D’
    .SMilstein3D : Az: no visible global function definition for ‘D’
    .SMilstein3D: no visible global function definition for ‘D’
    .SMilstein3D: no visible global function definition for ‘ts’
    .STS1D: no visible global function definition for ‘D’
    .STS1D : Ax: no visible global function definition for ‘D’
    .STS1D : Axx: no visible global function definition for ‘D’
    .STS1D : A: no visible global function definition for ‘D’
    .STS1D: no visible global function definition for ‘ts’
    .STS2D: no visible global function definition for ‘D’
    .STS2D : dAx: no visible global function definition for ‘D’
    .STS2D : dAxx: no visible global function definition for ‘D’
    .STS2D : dAy: no visible global function definition for ‘D’
    .STS2D : dAyy: no visible global function definition for ‘D’
    .STS2D : Ax: no visible global function definition for ‘D’
    .STS2D : Ay: no visible global function definition for ‘D’
    .STS2D: no visible global function definition for ‘ts’
    .STS3D : dAx: no visible global function definition for ‘D’
    .STS3D : dAxx: no visible global function definition for ‘D’
    .STS3D : dAy: no visible global function definition for ‘D’
    .STS3D : dAyy: no visible global function definition for ‘D’
    .STS3D : dAz: no visible global function definition for ‘D’
    .STS3D : dAzz: no visible global function definition for ‘D’
    .STS3D : Ax: no visible global function definition for ‘D’
    .STS3D : Ay: no visible global function definition for ‘D’
    .STS3D : Az: no visible global function definition for ‘D’
    .STS3D: no visible global function definition for ‘D’
    .STS3D: no visible global function definition for ‘ts’
    .dcEuler: no visible global function definition for ‘dnorm’
    .dcKessler : Ax: no visible global function definition for ‘D’
    .dcKessler : Axx: no visible global function definition for ‘D’
    .dcKessler : Sx: no visible global function definition for ‘D’
    .dcKessler : Sxx: no visible global function definition for ‘D’
    .dcKessler: no visible global function definition for ‘dnorm’
    .dcOzaki : Ax: no visible global function definition for ‘D’
    .dcOzaki: no visible global function definition for ‘dnorm’
    .dcShoji : At: no visible global function definition for ‘D’
    .dcShoji : Ax: no visible global function definition for ‘D’
    .dcShoji : Axx: no visible global function definition for ‘D’
    .dcShoji: no visible global function definition for ‘dnorm’
    .plot.bridgesde2d: no visible global function definition for ‘plot’
    .plot.bridgesde2d: no visible global function definition for ‘ts.union’
    .plot.bridgesde2d: no visible global function definition for ‘lines’
    .plot.bridgesde2d: no visible global function definition for ‘dev.new’
    .plot.bridgesde3d: no visible global function definition for ‘plot’
    .plot.bridgesde3d: no visible global function definition for ‘ts.union’
    .plot.bridgesde3d: no visible global function definition for ‘lines’
    .plot.bridgesde3d: no visible global function definition for ‘dev.new’
    .plot.fptsde1d: no visible global function definition for ‘plot’
    .plot.fptsde1d: no visible global function definition for ‘lines’
    .plot.fptsde1d: no visible global function definition for ‘points’
    .plot.fptsde2d: no visible global function definition for ‘plot’
    .plot.fptsde2d: no visible global function definition for ‘lines’
    .plot.fptsde2d: no visible global function definition for ‘points’
    .plot.fptsde2d: no visible global function definition for ‘dev.new’
    .plot.fptsde3d: no visible global function definition for ‘plot’
    .plot.fptsde3d: no visible global function definition for ‘lines’
    .plot.fptsde3d: no visible global function definition for ‘points’
    .plot.fptsde3d: no visible global function definition for ‘dev.new’
    .plot.rsde1d: no visible global function definition for ‘plot’
    .plot.rsde1d: no visible global function definition for ‘points’
    .plot.rsde1d: no visible global function definition for ‘Axis’
    .plot.rsde1d: no visible global function definition for ‘lines’
    .plot.rsde2d: no visible global function definition for ‘plot’
    .plot.rsde2d: no visible global function definition for ‘points’
    .plot.rsde2d: no visible global function definition for ‘Axis’
    .plot.rsde2d: no visible global function definition for ‘lines’
    .plot.rsde2d: no visible global function definition for ‘dev.new’
    .plot.rsde3d: no visible global function definition for ‘plot’
    .plot.rsde3d: no visible global function definition for ‘points’
    .plot.rsde3d: no visible global function definition for ‘Axis’
    .plot.rsde3d: no visible global function definition for ‘lines’
    .plot.rsde3d: no visible global function definition for ‘dev.new’
    .plot.snssde2d: no visible global function definition for ‘plot’
    .plot.snssde2d: no visible global function definition for ‘ts.union’
    .plot.snssde2d: no visible global function definition for ‘lines’
    .plot.snssde2d: no visible global function definition for ‘dev.new’
    .plot.snssde3d: no visible global function definition for ‘plot’
    .plot.snssde3d: no visible global function definition for ‘ts.union’
    .plot.snssde3d: no visible global function definition for ‘lines’
    .plot.snssde3d: no visible global function definition for ‘dev.new’
    .plot2d.bridgesde2d: no visible global function definition for ‘axis’
    .plot2d.snssde2d: no visible global function definition for ‘axis’
    .rMnorm: no visible global function definition for ‘rnorm’
    ABM.default : abm: no visible global function definition for ‘rnorm’
    ABM.default: no visible global function definition for ‘ts’
    BB.default : bb: no visible global function definition for ‘rnorm’
    BB.default: no visible global function definition for ‘ts’
    BM.default : <anonymous>: no visible global function definition for
     ‘rnorm’
    BM.default: no visible global function definition for ‘ts’
    GBM.default : <anonymous>: no visible global function definition for
     ‘rnorm’
    GBM.default: no visible global function definition for ‘ts’
    HWV.default : hwv: no visible global function definition for ‘rnorm’
    HWV.default: no visible global function definition for ‘ts’
    add.bconfint.default: no visible global function definition for ‘lines’
    add.bconfint.snssde1d: no visible global function definition for
     ‘lines’
    add.bconfint.snssde1d: no visible global function definition for
     ‘legend’
    add.bconfint.st.int: no visible global function definition for ‘lines’
    add.bconfint.st.int: no visible global function definition for ‘legend’
    add.mean: no visible global function definition for ‘lines’
    add.mean: no visible global function definition for ‘legend’
    bridgesde1d.default: no visible global function definition for ‘ts’
    bridgesde1d.default: no visible global function definition for ‘deltat’
    bridgesde2d.default: no visible global function definition for ‘ts’
    bridgesde2d.default: no visible global function definition for ‘deltat’
    bridgesde3d.default: no visible global function definition for ‘ts’
    bridgesde3d.default: no visible global function definition for ‘deltat’
    confint.fitsde : <anonymous>: no visible global function definition for
     ‘qnorm’
    fitsde.default: no visible global function definition for ‘is.ts’
    fitsde.default: no visible global function definition for ‘optim’
    fptsde1d.default : <anonymous>: no visible global function definition
     for ‘approxfun’
    fptsde1d.default : <anonymous>: no visible global function definition
     for ‘uniroot’
    fptsde2d.default : <anonymous>: no visible global function definition
     for ‘approxfun’
    fptsde2d.default : <anonymous>: no visible global function definition
     for ‘uniroot’
    fptsde3d.default : <anonymous>: no visible global function definition
     for ‘approxfun’
    fptsde3d.default : <anonymous>: no visible global function definition
     for ‘uniroot’
    kurtosis.default: no visible global function definition for ‘sd’
    lines.bridgesde1d: no visible global function definition for ‘lines’
    lines.bridgesde2d: no visible global function definition for ‘lines’
    lines.bridgesde3d: no visible global function definition for ‘lines’
    lines.snssde1d: no visible global function definition for ‘lines’
    lines.snssde2d: no visible global function definition for ‘lines’
    lines.snssde3d: no visible global function definition for ‘lines’
    lines.st.int: no visible global function definition for ‘lines’
    lines2d.default: no visible global function definition for ‘lines’
    lines2d.snssde2d: no visible global function definition for ‘lines’
    plot.bridgesde1d: no visible global function definition for ‘plot’
    plot.snssde1d: no visible global function definition for ‘plot’
    plot.st.int: no visible global function definition for ‘plot’
    plot2d.default: no visible global function definition for ‘plot’
    points.bridgesde1d: no visible global function definition for ‘points’
    points.bridgesde2d: no visible global function definition for ‘points’
    points.bridgesde3d: no visible global function definition for ‘points’
    points.snssde1d: no visible global function definition for ‘points’
    points.snssde2d: no visible global function definition for ‘points’
    points.snssde3d: no visible global function definition for ‘points’
    points.st.int: no visible global function definition for ‘points’
    points2d.default: no visible global function definition for ‘points’
    points2d.snssde2d: no visible global function definition for ‘points’
    rsde1d.default : <anonymous>: no visible global function definition for
     ‘approxfun’
    rsde2d.default : <anonymous>: no visible global function definition for
     ‘approxfun’
    rsde3d.default : <anonymous>: no visible global function definition for
     ‘approxfun’
    skewness.default: no visible global function definition for ‘sd’
    st.int.default : Ito: no visible global function definition for ‘rnorm’
    st.int.default : Str: no visible global function definition for ‘rnorm’
    st.int.default: no visible global function definition for ‘ts’
    summary.fptsde1d: no visible global function definition for ‘var’
    summary.fptsde2d: no visible global function definition for ‘var’
    summary.fptsde3d: no visible global function definition for ‘var’
    summary.rsde1d: no visible global function definition for ‘var’
    summary.rsde2d: no visible global function definition for ‘var’
    summary.rsde3d: no visible global function definition for ‘var’
    summary.snssde1d: no visible global function definition for ‘var’
    summary.snssde2d: no visible global function definition for ‘var’
    summary.snssde3d: no visible global function definition for ‘var’
    summary.st.int: no visible global function definition for ‘var’
    Undefined global functions or variables:
     Axis D approxfun axis deltat dev.new dnorm is.ts legend lines optim
     plot points qnorm rnorm sd ts ts.union uniroot var
    Consider adding
     importFrom("grDevices", "dev.new")
     importFrom("graphics", "Axis", "axis", "legend", "lines", "plot",
     "points")
     importFrom("stats", "D", "approxfun", "deltat", "dnorm", "is.ts",
     "optim", "qnorm", "rnorm", "sd", "ts", "ts.union",
     "uniroot", "var")
    to your NAMESPACE.
Flavors: r-devel-linux-x86_64-debian-clang, r-devel-linux-x86_64-debian-gcc, r-devel-linux-x86_64-fedora-clang, r-devel-linux-x86_64-fedora-gcc, r-devel-windows-ix86+x86_64

Version: 2.9
Flags: --no-examples --no-tests
Check: S3 generic/method consistency
Result: NOTE
    Found the following apparent S3 methods exported but not registered:
     bconfint.default kurtosis.default lines2d.default moment.default
     plot2d.default plot3D.default points2d.default skewness.default
    See section ‘Registering S3 methods’ in the ‘Writing R Extensions’
    manual.
Flavor: r-patched-solaris-sparc