CRAN Package Check Results for Package Sim.DiffProc

Last updated on 2016-04-29 06:47:39.

Flavor Version Tinstall Tcheck Ttotal Status Flags
r-devel-linux-x86_64-debian-gcc 3.2 2.91 97.53 100.43 OK
r-devel-linux-x86_64-fedora-clang 3.2 188.60 OK
r-devel-linux-x86_64-fedora-gcc 3.2 181.98 OK
r-devel-osx-x86_64-clang 3.2 190.54 OK
r-devel-windows-ix86+x86_64 3.2 11.00 253.00 264.00 OK
r-patched-linux-x86_64 3.2 2.85 95.32 98.17 OK
r-patched-solaris-sparc 3.2 495.80 WARN --no-examples --no-tests
r-patched-solaris-x86 3.2 204.20 OK
r-release-linux-x86_64 3.2 2.93 107.01 109.94 OK
r-release-osx-x86_64-mavericks 3.2 OK
r-release-windows-ix86+x86_64 3.2 12.00 262.00 274.00 OK
r-oldrel-windows-ix86+x86_64 3.2 15.00 234.00 249.00 OK

Check Details

Version: 3.2
Flags: --no-examples --no-tests
Check: re-building of vignette outputs
Result: WARN
    Error in re-building vignettes:
     ...
    Package 'Sim.DiffProc' version 3.2 loaded.
    help(Sim.DiffProc) for summary information.
    
    Error: processing vignette 'SDEs.Rnw' failed with diagnostics:
     chunk 15
    Error in `dimnames<-.data.frame`(`*tmp*`, value = list(c("Mean", "Variance", :
     invalid 'dimnames' given for data frame
    Execution halted
Flavor: r-patched-solaris-sparc