CRAN Package Check Results for Package SimComp

Last updated on 2014-04-23 12:48:28.

Flavor Version Tinstall Tcheck Ttotal Status Flags
r-devel-linux-x86_64-debian-clang 1.9.0 1.14 22.76 23.90 OK
r-devel-linux-x86_64-debian-gcc 1.9.0 1.16 22.99 24.16 OK
r-devel-linux-x86_64-fedora-clang 1.9.0 45.00 OK
r-devel-linux-x86_64-fedora-gcc 1.9.0 43.56 OK
r-devel-osx-x86_64-clang 1.9.0 43.83 OK
r-devel-osx-x86_64-gcc 1.9.0 ERROR
r-devel-windows-ix86+x86_64 1.9.0 4.00 38.00 42.00 OK
r-patched-linux-x86_64 1.9.0 1.15 22.94 24.10 OK
r-patched-solaris-sparc 1.9.0 255.20 OK
r-patched-solaris-x86 1.9.0 57.80 OK
r-release-linux-ix86 1.9.0 2.00 43.00 45.00 OK
r-release-linux-x86_64 1.9.0 1.15 23.05 24.20 OK
r-release-osx-x86_64-mavericks 1.9.0 OK
r-release-osx-x86_64-snowleopard 1.9.0 ERROR
r-release-windows-ix86+x86_64 1.9.0 4.00 1.00 5.00 ERROR
r-oldrel-windows-ix86+x86_64 1.9.0 4.00 38.00 42.00 OK

Check Details

Version: 1.9.0
Check: package dependencies
Result: ERROR
    Package required but not available: ‘multcomp’
    
    See the information on DESCRIPTION files in the chapter ‘Creating R
    packages’ of the ‘Writing R Extensions’ manual.
Flavors: r-devel-osx-x86_64-gcc, r-release-osx-x86_64-snowleopard

Version: 1.9.0
Check: whether package can be installed
Result: ERROR
    Installation failed.
    See 'd:/Rcompile/CRANpkg/local/3.1/SimComp.Rcheck/00install.out' for details.
Flavor: r-release-windows-ix86+x86_64