CRAN Package Check Results for Package SimComp

Last updated on 2014-08-20 10:47:07.

Flavor Version Tinstall Tcheck Ttotal Status Flags
r-devel-linux-x86_64-debian-clang 1.9.0 1.36 21.64 23.00 OK
r-devel-linux-x86_64-debian-gcc 1.9.0 1.11 21.96 23.07 OK
r-devel-linux-x86_64-fedora-clang 1.9.0 45.67 OK
r-devel-linux-x86_64-fedora-gcc 1.9.0 41.97 OK
r-devel-osx-x86_64-clang 1.9.0 40.73 OK
r-devel-windows-ix86+x86_64 1.9.0 4.00 36.00 40.00 OK
r-patched-linux-x86_64 1.9.0 1.10 22.08 23.18 OK
r-patched-solaris-sparc 1.9.0 273.30 OK
r-patched-solaris-x86 1.9.0 56.40 OK
r-release-linux-ix86 1.9.0 1.54 30.47 32.01 OK
r-release-linux-x86_64 1.9.0 1.12 23.16 24.27 OK
r-release-osx-x86_64-mavericks 1.9.0 OK
r-release-osx-x86_64-snowleopard 1.9.0 OK
r-release-windows-ix86+x86_64 1.9.0 4.00 38.00 42.00 OK
r-oldrel-windows-ix86+x86_64 1.9.0 5.00 1.00 6.00 ERROR

Check Details

Version: 1.9.0
Check: whether package can be installed
Result: ERROR
    Installation failed.
Flavor: r-oldrel-windows-ix86+x86_64