CRAN Package Check Results for Package SimComp

Last updated on 2015-07-04 09:48:16.

Flavor Version Tinstall Tcheck Ttotal Status Flags
r-devel-linux-x86_64-debian-clang 2.2 0.88 29.00 29.87 NOTE
r-devel-linux-x86_64-debian-gcc 2.2 0.88 30.39 31.28 NOTE
r-devel-linux-x86_64-fedora-clang 2.2 53.42 NOTE
r-devel-linux-x86_64-fedora-gcc 2.2 55.18 NOTE
r-devel-osx-x86_64-clang 2.2 44.16 OK
r-devel-windows-ix86+x86_64 2.2 4.00 48.00 52.00 NOTE
r-patched-linux-x86_64 2.2 0.86 29.20 30.06 OK
r-patched-solaris-sparc 2.2 334.10 OK
r-patched-solaris-x86 2.2 70.40 OK
r-release-linux-x86_64 2.2 0.91 29.78 30.69 OK
r-release-osx-x86_64-mavericks 2.2 OK
r-release-windows-ix86+x86_64 2.2 4.00 43.00 47.00 OK
r-oldrel-windows-ix86+x86_64 2.2 5.00 59.00 64.00 OK

Check Details

Version: 2.2
Check: R code for possible problems
Result: NOTE
    SimCiDiffHet: no visible global function definition for ‘var’
    SimCiDiffHet: no visible global function definition for ‘cov’
    SimCiDiffHet: no visible global function definition for ‘cov2cor’
    SimCiDiffHet: no visible global function definition for ‘qt’
    SimCiDiffHom: no visible global function definition for ‘cov’
    SimCiDiffHom: no visible global function definition for ‘cov2cor’
    SimCiDiffHom: no visible global function definition for ‘qt’
    SimCiRatHet: no visible global function definition for ‘var’
    SimCiRatHet: no visible global function definition for ‘cov’
    SimCiRatHet: no visible global function definition for ‘cov2cor’
    SimCiRatHet: no visible global function definition for ‘qt’
    SimCiRatHom: no visible global function definition for ‘cov’
    SimCiRatHom: no visible global function definition for ‘cov2cor’
    SimCiRatHom: no visible global function definition for ‘qt’
    SimTestDiffHet: no visible global function definition for ‘var’
    SimTestDiffHet: no visible global function definition for ‘cov’
    SimTestDiffHet: no visible global function definition for ‘cov2cor’
    SimTestDiffHet: no visible global function definition for ‘pt’
    SimTestDiffHom: no visible global function definition for ‘cov’
    SimTestDiffHom: no visible global function definition for ‘cov2cor’
    SimTestDiffHom: no visible global function definition for ‘pt’
    SimTestRatHet: no visible global function definition for ‘var’
    SimTestRatHet: no visible global function definition for ‘cov’
    SimTestRatHet: no visible global function definition for ‘cov2cor’
    SimTestRatHet: no visible global function definition for ‘pt’
    SimTestRatHom: no visible global function definition for ‘cov’
    SimTestRatHom: no visible global function definition for ‘cov2cor’
    SimTestRatHom: no visible global function definition for ‘pt’
    plot.SimCi: no visible global function definition for ‘par’
    plot.SimCi: no visible global function definition for ‘plot’
    plot.SimCi: no visible global function definition for ‘axis’
    plot.SimCi: no visible global function definition for ‘abline’
    plot.SimCi: no visible global function definition for ‘segments’
    plot.SimCi: no visible global function definition for ‘points’
    plot.SimCi: no visible global function definition for ‘title’
    plot.SimCi: no visible global function definition for ‘box’
    Undefined global functions or variables:
     abline axis box cov cov2cor par plot points pt qt segments title var
Flavors: r-devel-linux-x86_64-debian-clang, r-devel-linux-x86_64-debian-gcc, r-devel-linux-x86_64-fedora-clang, r-devel-linux-x86_64-fedora-gcc, r-devel-windows-ix86+x86_64