CRAN Package Check Results for Package SimComp

Last updated on 2015-05-25 19:47:23.

Flavor Version Tinstall Tcheck Ttotal Status Flags
r-devel-linux-x86_64-debian-clang 2.2 0.88 29.39 30.27 OK
r-devel-linux-x86_64-debian-gcc 2.2 0.91 28.50 29.42 OK
r-devel-linux-x86_64-fedora-clang 2.2 53.44 OK
r-devel-linux-x86_64-fedora-gcc 2.2 53.32 OK
r-devel-osx-x86_64-clang 2.2 45.93 OK
r-devel-windows-ix86+x86_64 2.2 4.00 39.00 43.00 OK
r-patched-linux-x86_64 2.2 1.10 29.56 30.66 OK
r-patched-solaris-sparc 2.2 334.10 OK
r-patched-solaris-x86 2.2 68.70 OK
r-release-linux-x86_64 2.2 0.88 28.84 29.72 OK
r-release-osx-x86_64-mavericks 2.2 OK
r-release-osx-x86_64-snowleopard 2.2 ERROR
r-release-windows-ix86+x86_64 2.2 4.00 45.00 49.00 OK
r-oldrel-windows-ix86+x86_64 2.2 6.00 52.00 58.00 OK

Check Details

Version: 2.2
Check: package dependencies
Result: ERROR
    Package required but not available: ‘multcomp’
    
    See section ‘The DESCRIPTION file’ in the ‘Writing R Extensions’
    manual.
Flavor: r-release-osx-x86_64-snowleopard