CRAN Package Check Results for Package SimComp

Last updated on 2015-04-27 23:47:39.

Flavor Version Tinstall Tcheck Ttotal Status Flags
r-devel-linux-x86_64-debian-clang 2.2 1.10 29.80 30.90 OK
r-devel-linux-x86_64-debian-gcc 2.2 0.86 28.47 29.34 OK
r-devel-linux-x86_64-fedora-clang 2.2 56.25 OK
r-devel-linux-x86_64-fedora-gcc 2.2 51.23 OK
r-devel-osx-x86_64-clang 2.2 46.97 OK
r-devel-windows-ix86+x86_64 2.2 4.00 49.00 53.00 OK
r-patched-linux-x86_64 2.2 0.88 31.20 32.08 OK
r-patched-solaris-sparc 2.2 348.30 OK
r-patched-solaris-x86 2.2 67.50 OK
r-release-linux-x86_64 2.2 0.92 16.73 17.64 OK
r-release-osx-x86_64-mavericks 2.2 ERROR
r-release-osx-x86_64-snowleopard 2.2 ERROR
r-release-windows-ix86+x86_64 2.2 5.00 56.00 61.00 OK
r-oldrel-windows-ix86+x86_64 2.2 5.00 51.00 56.00 OK

Check Details

Version: 2.2
Check: package dependencies
Result: ERROR
    Package required but not available: ‘multcomp’
    
    See section ‘The DESCRIPTION file’ in the ‘Writing R Extensions’
    manual.
Flavors: r-release-osx-x86_64-mavericks, r-release-osx-x86_64-snowleopard