CRAN Package Check Results for Package SimComp

Last updated on 2015-08-31 23:49:50.

Flavor Version Tinstall Tcheck Ttotal Status Flags
r-devel-linux-x86_64-debian-clang 2.2 0.82 40.98 41.81 NOTE
r-devel-linux-x86_64-debian-gcc 2.2 0.78 40.61 41.39 NOTE
r-devel-linux-x86_64-fedora-clang 2.2 74.11 NOTE
r-devel-linux-x86_64-fedora-gcc 2.2 71.08 NOTE
r-devel-osx-x86_64-clang 2.2 51.12 OK
r-devel-windows-ix86+x86_64 2.2 6.00 70.00 76.00 NOTE
r-patched-linux-x86_64 2.2 0.86 40.48 41.34 OK
r-patched-solaris-sparc 2.2 378.50 OK
r-patched-solaris-x86 2.2 93.90 OK
r-release-linux-x86_64 2.2 0.86 41.70 42.57 OK
r-release-osx-x86_64-mavericks 2.2 OK
r-release-windows-ix86+x86_64 2.2 5.00 68.00 73.00 OK
r-oldrel-windows-ix86+x86_64 2.2 8.00 81.00 89.00 OK

Check Details

Version: 2.2
Check: R code for possible problems
Result: NOTE
    SimCiDiffHet: no visible global function definition for ‘var’
    SimCiDiffHet: no visible global function definition for ‘cov’
    SimCiDiffHet: no visible global function definition for ‘cov2cor’
    SimCiDiffHet: no visible global function definition for ‘qt’
    SimCiDiffHom: no visible global function definition for ‘cov’
    SimCiDiffHom: no visible global function definition for ‘cov2cor’
    SimCiDiffHom: no visible global function definition for ‘qt’
    SimCiRatHet: no visible global function definition for ‘var’
    SimCiRatHet: no visible global function definition for ‘cov’
    SimCiRatHet: no visible global function definition for ‘cov2cor’
    SimCiRatHet: no visible global function definition for ‘qt’
    SimCiRatHom: no visible global function definition for ‘cov’
    SimCiRatHom: no visible global function definition for ‘cov2cor’
    SimCiRatHom: no visible global function definition for ‘qt’
    SimTestDiffHet: no visible global function definition for ‘var’
    SimTestDiffHet: no visible global function definition for ‘cov’
    SimTestDiffHet: no visible global function definition for ‘cov2cor’
    SimTestDiffHet: no visible global function definition for ‘pt’
    SimTestDiffHom: no visible global function definition for ‘cov’
    SimTestDiffHom: no visible global function definition for ‘cov2cor’
    SimTestDiffHom: no visible global function definition for ‘pt’
    SimTestRatHet: no visible global function definition for ‘var’
    SimTestRatHet: no visible global function definition for ‘cov’
    SimTestRatHet: no visible global function definition for ‘cov2cor’
    SimTestRatHet: no visible global function definition for ‘pt’
    SimTestRatHom: no visible global function definition for ‘cov’
    SimTestRatHom: no visible global function definition for ‘cov2cor’
    SimTestRatHom: no visible global function definition for ‘pt’
    plot.SimCi: no visible global function definition for ‘par’
    plot.SimCi: no visible global function definition for ‘plot’
    plot.SimCi: no visible global function definition for ‘axis’
    plot.SimCi: no visible global function definition for ‘abline’
    plot.SimCi: no visible global function definition for ‘segments’
    plot.SimCi: no visible global function definition for ‘points’
    plot.SimCi: no visible global function definition for ‘title’
    plot.SimCi: no visible global function definition for ‘box’
    Undefined global functions or variables:
     abline axis box cov cov2cor par plot points pt qt segments title var
    Consider adding
     importFrom("graphics", "abline", "axis", "box", "par", "plot",
     "points", "segments", "title")
     importFrom("stats", "cov", "cov2cor", "pt", "qt", "var")
    to your NAMESPACE.
Flavors: r-devel-linux-x86_64-debian-clang, r-devel-linux-x86_64-debian-gcc, r-devel-linux-x86_64-fedora-clang, r-devel-linux-x86_64-fedora-gcc, r-devel-windows-ix86+x86_64