CRAN Package Check Results for Package SimCorMultRes

Last updated on 2015-07-30 17:47:30.

Flavor Version Tinstall Tcheck Ttotal Status Flags
r-devel-linux-x86_64-debian-clang 1.3.0 0.62 16.99 17.61 NOTE
r-devel-linux-x86_64-debian-gcc 1.3.0 0.59 16.21 16.80 NOTE
r-devel-linux-x86_64-fedora-clang 1.3.0 33.71 NOTE
r-devel-linux-x86_64-fedora-gcc 1.3.0 35.47 NOTE
r-devel-osx-x86_64-clang 1.3.0 33.06 OK
r-devel-windows-ix86+x86_64 1.3.0 4.00 29.00 33.00 NOTE
r-patched-linux-x86_64 1.3.0 0.77 16.03 16.80 OK
r-patched-solaris-sparc 1.3.0 236.00 OK
r-patched-solaris-x86 1.3.0 46.20 OK
r-release-linux-x86_64 1.3.0 0.58 16.46 17.04 OK
r-release-osx-x86_64-mavericks 1.3.0 OK
r-release-windows-ix86+x86_64 1.3.0 4.00 27.00 31.00 OK
r-oldrel-windows-ix86+x86_64 1.3.0 4.00 33.00 37.00 OK

Check Details

Version: 1.3.0
Check: R code for possible problems
Result: NOTE
    rmult.bcl: no visible global function definition for ‘toeplitz’
    rmult.clm: no visible global function definition for ‘toeplitz’
    rnorta: no visible global function definition for ‘qlogis’
    rnorta: no visible global function definition for ‘pnorm’
    rnorta: no visible global function definition for ‘qcauchy’
    rsmvnorm: no visible global function definition for ‘rnorm’
    Undefined global functions or variables:
     pnorm qcauchy qlogis rnorm toeplitz
    Consider adding
     importFrom("stats", "pnorm", "qcauchy", "qlogis", "rnorm", "toeplitz")
    to your NAMESPACE.
Flavors: r-devel-linux-x86_64-debian-clang, r-devel-linux-x86_64-debian-gcc, r-devel-linux-x86_64-fedora-clang, r-devel-linux-x86_64-fedora-gcc, r-devel-windows-ix86+x86_64