CRAN Package Check Results for Package SimCorMultRes

Last updated on 2014-04-23 17:47:54.

Flavor Version Tinstall Tcheck Ttotal Status Flags
r-devel-linux-x86_64-debian-clang 1.2 0.71 19.56 20.27 OK
r-devel-linux-x86_64-debian-gcc 1.2 0.69 19.68 20.37 OK
r-devel-linux-x86_64-fedora-clang 1.2 44.25 OK
r-devel-linux-x86_64-fedora-gcc 1.2 41.46 OK
r-devel-osx-x86_64-clang 1.2 41.96 OK
r-devel-osx-x86_64-gcc 1.2 OK
r-devel-windows-ix86+x86_64 1.2 3.00 28.00 31.00 OK
r-patched-linux-x86_64 1.2 0.64 19.42 20.06 OK
r-patched-solaris-sparc 1.2 249.80 OK
r-patched-solaris-x86 1.2 60.50 OK
r-release-linux-ix86 1.2 1.00 39.00 40.00 OK
r-release-linux-x86_64 1.2 0.64 19.99 20.63 OK
r-release-osx-x86_64-mavericks 1.2 WARN
r-release-osx-x86_64-snowleopard 1.2 OK
r-release-windows-ix86+x86_64 1.2 2.00 33.00 35.00 OK
r-oldrel-windows-ix86+x86_64 1.2 2.00 30.00 32.00 OK

Check Details

Version: 1.2
Check: PDF version of manual
Result: WARNING
    LaTeX errors when creating PDF version.
    This typically indicates Rd problems.
    LaTeX errors found:
    ! LaTeX Error: File `upquote.sty' not found.
    
    Type X to quit or <RETURN> to proceed,
    or enter new name. (Default extension: sty)
    
    850afad/Rd2.tex:8: ==> Fatal error occurred, no output PDF file produced!
Flavor: r-release-osx-x86_64-mavericks