CRAN Package Check Results for Package SimDesign

Last updated on 2020-12-03 14:46:58 CET.

Flavor Version Tinstall Tcheck Ttotal Status Flags
r-devel-linux-x86_64-debian-clang 2.2 10.20 101.37 111.57 OK
r-devel-linux-x86_64-debian-gcc 2.2 8.50 77.19 85.69 OK
r-devel-linux-x86_64-fedora-clang 2.2 139.06 OK
r-devel-linux-x86_64-fedora-gcc 2.2 128.82 OK
r-devel-windows-ix86+x86_64 2.2 18.00 133.00 151.00 OK
r-patched-linux-x86_64 2.2 9.79 97.69 107.48 OK
r-patched-solaris-x86 2.2 163.40 NOTE
r-release-linux-x86_64 2.2 10.05 96.98 107.03 OK
r-release-macos-x86_64 2.2 NOTE
r-release-windows-ix86+x86_64 2.2 14.00 108.00 122.00 OK
r-oldrel-macos-x86_64 2.2 NOTE
r-oldrel-windows-ix86+x86_64 2.2 13.00 131.00 144.00 OK

Check Details

Version: 2.2
Check: installed package size
Result: NOTE
     installed size is 5.1Mb
     sub-directories of 1Mb or more:
     doc 4.5Mb
Flavor: r-patched-solaris-x86

Version: 2.2
Check: package dependencies
Result: NOTE
    Package suggested but not available for checking: ‘doMPI’
Flavors: r-release-macos-x86_64, r-oldrel-macos-x86_64