CRAN Package Check Results for Package SimHap

Last updated on 2014-07-24 07:49:27.

Flavor Version Tinstall Tcheck Ttotal Status Flags
r-devel-linux-x86_64-debian-clang 1.2.0 1.48 57.10 58.58 NOTE
r-devel-linux-x86_64-debian-gcc 1.2.0 1.41 56.13 57.54 NOTE
r-devel-linux-x86_64-fedora-clang 1.2.0 121.41 NOTE
r-devel-linux-x86_64-fedora-gcc 1.2.0 118.92 NOTE
r-devel-osx-x86_64-clang 1.2.0 96.18 NOTE
r-devel-windows-ix86+x86_64 1.2.0 4.00 83.00 87.00 NOTE
r-patched-linux-x86_64 1.2.0 1.42 56.16 57.58 NOTE
r-patched-solaris-sparc 1.2.0 639.70 NOTE
r-patched-solaris-x86 1.2.0 127.70 NOTE
r-release-linux-ix86 1.2.0 1.84 70.00 71.84 NOTE
r-release-linux-x86_64 1.2.0 1.45 59.23 60.68 NOTE
r-release-osx-x86_64-mavericks 1.2.0 NOTE
r-release-osx-x86_64-snowleopard 1.2.0 NOTE
r-release-windows-ix86+x86_64 1.2.0 4.00 84.00 88.00 NOTE
r-oldrel-windows-ix86+x86_64 1.2.0 5.00 90.00 95.00 NOTE

Check Details

Version: 1.2.0
Check: dependencies in R code
Result: NOTE
    'library' or 'require' calls to packages already attached by Depends:
     ‘nlme’ ‘stats’ ‘survival’
     Please remove these calls from your code.
    See the information on DESCRIPTION files in the chapter ‘Creating R
    packages’ of the ‘Writing R Extensions’ manual.
Flavors: r-devel-linux-x86_64-debian-clang, r-devel-linux-x86_64-debian-gcc, r-devel-linux-x86_64-fedora-clang, r-devel-linux-x86_64-fedora-gcc, r-devel-osx-x86_64-clang, r-devel-windows-ix86+x86_64, r-patched-linux-x86_64, r-patched-solaris-sparc, r-patched-solaris-x86, r-release-linux-ix86, r-release-linux-x86_64, r-release-osx-x86_64-mavericks, r-release-osx-x86_64-snowleopard, r-release-windows-ix86+x86_64, r-oldrel-windows-ix86+x86_64

Version: 1.2.0
Check: R code for possible problems
Result: NOTE
    haplo.bin: no visible binding for global variable ‘weights.result’
    haplo.cc.match: no visible binding for global variable ‘weights.result’
    haplo.long: no visible binding for global variable ‘weights.result’
    haplo.quant: no visible binding for global variable ‘weights.result’
    haplo.surv: no visible binding for global variable ‘weights.result’
Flavors: r-devel-linux-x86_64-debian-clang, r-devel-linux-x86_64-debian-gcc, r-devel-linux-x86_64-fedora-clang, r-devel-linux-x86_64-fedora-gcc, r-devel-osx-x86_64-clang, r-devel-windows-ix86+x86_64, r-patched-linux-x86_64, r-patched-solaris-sparc, r-patched-solaris-x86, r-release-linux-ix86, r-release-linux-x86_64, r-release-osx-x86_64-mavericks, r-release-osx-x86_64-snowleopard, r-release-windows-ix86+x86_64, r-oldrel-windows-ix86+x86_64