CRAN Package Check Results for Package SimHap

Last updated on 2014-08-20 08:47:54.

Flavor Version Tinstall Tcheck Ttotal Status Flags
r-devel-linux-x86_64-debian-clang 1.2.0 1.41 54.34 55.75 NOTE
r-devel-windows-ix86+x86_64 1.2.0 4.00 80.00 84.00 NOTE
r-patched-linux-x86_64 1.2.0 1.42 56.17 57.59 NOTE
r-release-linux-ix86 1.2.0 1.88 70.08 71.96 NOTE
r-release-linux-x86_64 1.2.0 1.45 59.56 61.01 NOTE
r-release-osx-x86_64-mavericks 1.2.0 NOTE
r-release-osx-x86_64-snowleopard 1.2.0 NOTE
r-oldrel-windows-ix86+x86_64 1.2.0 5.00 93.00 98.00 NOTE

Check Details

Version: 1.2.0
Check: dependencies in R code
Result: NOTE
    'library' or 'require' calls to packages already attached by Depends:
     ‘nlme’ ‘stats’ ‘survival’
     Please remove these calls from your code.
    See the information on DESCRIPTION files in the chapter ‘Creating R
    packages’ of the ‘Writing R Extensions’ manual.
Flavors: r-devel-linux-x86_64-debian-clang, r-devel-windows-ix86+x86_64, r-patched-linux-x86_64, r-release-linux-ix86, r-release-linux-x86_64, r-release-osx-x86_64-mavericks, r-release-osx-x86_64-snowleopard, r-oldrel-windows-ix86+x86_64

Version: 1.2.0
Check: R code for possible problems
Result: NOTE
    haplo.bin: no visible binding for global variable ‘weights.result’
    haplo.cc.match: no visible binding for global variable ‘weights.result’
    haplo.long: no visible binding for global variable ‘weights.result’
    haplo.quant: no visible binding for global variable ‘weights.result’
    haplo.surv: no visible binding for global variable ‘weights.result’
Flavors: r-devel-linux-x86_64-debian-clang, r-devel-windows-ix86+x86_64, r-patched-linux-x86_64, r-release-linux-ix86, r-release-linux-x86_64, r-release-osx-x86_64-mavericks, r-release-osx-x86_64-snowleopard, r-oldrel-windows-ix86+x86_64