CRAN Package Check Results for Package SimHap

Last updated on 2014-04-24 15:50:48.

Flavor Version Tinstall Tcheck Ttotal Status Flags
r-devel-linux-x86_64-debian-clang 1.2.0 1.55 59.02 60.57 NOTE
r-devel-linux-x86_64-debian-gcc 1.2.0 1.58 60.33 61.90 NOTE
r-devel-linux-x86_64-fedora-clang 1.2.0 121.05 NOTE
r-devel-linux-x86_64-fedora-gcc 1.2.0 117.33 NOTE
r-devel-osx-x86_64-clang 1.2.0 87.55 NOTE
r-devel-osx-x86_64-gcc 1.2.0 NOTE
r-devel-windows-ix86+x86_64 1.2.0 5.00 85.00 90.00 NOTE
r-patched-linux-x86_64 1.2.0 1.66 58.74 60.40 NOTE
r-patched-solaris-sparc 1.2.0 639.70 NOTE
r-patched-solaris-x86 1.2.0 127.50 NOTE
r-release-linux-ix86 1.2.0 2.00 89.00 91.00 NOTE
r-release-linux-x86_64 1.2.0 1.48 59.14 60.62 NOTE
r-release-osx-x86_64-mavericks 1.2.0 WARN
r-release-osx-x86_64-snowleopard 1.2.0 NOTE
r-release-windows-ix86+x86_64 1.2.0 5.00 86.00 91.00 NOTE
r-oldrel-windows-ix86+x86_64 1.2.0 5.00 84.00 89.00 NOTE

Check Details

Version: 1.2.0
Check: dependencies in R code
Result: NOTE
    'library' or 'require' calls to packages already attached by Depends:
     ‘nlme’ ‘stats’ ‘survival’
     Please remove these calls from your code.
    See the information on DESCRIPTION files in the chapter ‘Creating R
    packages’ of the ‘Writing R Extensions’ manual.
Flavors: r-devel-linux-x86_64-debian-clang, r-devel-linux-x86_64-debian-gcc, r-devel-linux-x86_64-fedora-clang, r-devel-linux-x86_64-fedora-gcc, r-devel-osx-x86_64-clang, r-devel-osx-x86_64-gcc, r-devel-windows-ix86+x86_64, r-patched-linux-x86_64, r-patched-solaris-sparc, r-patched-solaris-x86, r-release-linux-ix86, r-release-linux-x86_64, r-release-osx-x86_64-mavericks, r-release-osx-x86_64-snowleopard, r-release-windows-ix86+x86_64, r-oldrel-windows-ix86+x86_64

Version: 1.2.0
Check: R code for possible problems
Result: NOTE
    haplo.bin: no visible binding for global variable ‘weights.result’
    haplo.cc.match: no visible binding for global variable ‘weights.result’
    haplo.long: no visible binding for global variable ‘weights.result’
    haplo.quant: no visible binding for global variable ‘weights.result’
    haplo.surv: no visible binding for global variable ‘weights.result’
Flavors: r-devel-linux-x86_64-debian-clang, r-devel-linux-x86_64-debian-gcc, r-devel-linux-x86_64-fedora-clang, r-devel-linux-x86_64-fedora-gcc, r-devel-osx-x86_64-clang, r-devel-osx-x86_64-gcc, r-devel-windows-ix86+x86_64, r-patched-linux-x86_64, r-patched-solaris-sparc, r-patched-solaris-x86, r-release-linux-ix86, r-release-linux-x86_64, r-release-osx-x86_64-mavericks, r-release-osx-x86_64-snowleopard, r-release-windows-ix86+x86_64, r-oldrel-windows-ix86+x86_64

Version: 1.2.0
Check: PDF version of manual
Result: WARNING
    LaTeX errors when creating PDF version.
    This typically indicates Rd problems.
    LaTeX errors found:
    ! LaTeX Error: File `upquote.sty' not found.
    
    Type X to quit or <RETURN> to proceed,
    or enter new name. (Default extension: sty)
    
    1cce215/Rd2.tex:8: ==> Fatal error occurred, no output PDF file produced!
Flavor: r-release-osx-x86_64-mavericks