Last updated on 2023-09-30 00:56:19 CEST.
Flavor | Version | Tinstall | Tcheck | Ttotal | Status | Flags |
---|---|---|---|---|---|---|
r-devel-linux-x86_64-debian-clang | 0.96 | 36.83 | 375.46 | 412.29 | NOTE | |
r-devel-linux-x86_64-debian-gcc | 0.96 | 31.49 | 280.89 | 312.38 | NOTE | |
r-devel-linux-x86_64-fedora-clang | 0.96 | 491.61 | NOTE | |||
r-devel-linux-x86_64-fedora-gcc | 0.96 | 524.37 | NOTE | |||
r-devel-windows-x86_64 | 0.96 | 31.00 | 249.00 | 280.00 | OK | |
r-patched-linux-x86_64 | 0.96 | 39.28 | 346.06 | 385.34 | NOTE | |
r-release-linux-x86_64 | 0.96 | 34.52 | 347.19 | 381.71 | NOTE | |
r-release-macos-arm64 | 0.96 | 142.00 | OK | |||
r-release-macos-x86_64 | 0.96 | 267.00 | OK | |||
r-release-windows-x86_64 | 0.96 | 33.00 | 323.00 | 356.00 | OK | |
r-oldrel-macos-arm64 | 0.96 | 130.00 | OK | |||
r-oldrel-macos-x86_64 | 0.96 | 162.00 | OK | |||
r-oldrel-windows-x86_64 | 0.96 | 44.00 | 305.00 | 349.00 | OK |
Version: 0.96
Check: for non-standard things in the check directory
Result: NOTE
Found the following files/directories:
‘SimRAD-exampleRefSeq-Fasta.fa’ ‘SimRAD-exampleRefSeq.fa’
Flavors: r-devel-linux-x86_64-debian-clang, r-devel-linux-x86_64-debian-gcc, r-devel-linux-x86_64-fedora-clang, r-devel-linux-x86_64-fedora-gcc, r-patched-linux-x86_64, r-release-linux-x86_64