Last updated on 2023-02-07 11:52:21 CET.
Flavor | Version | Tinstall | Tcheck | Ttotal | Status | Flags |
---|---|---|---|---|---|---|
r-devel-linux-x86_64-debian-clang | 1.0.8 | 109.18 | 35.45 | 144.63 | NOTE | |
r-devel-linux-x86_64-debian-gcc | 1.0.8 | 82.85 | 28.01 | 110.86 | NOTE | |
r-devel-linux-x86_64-fedora-clang | 1.0.8 | 203.48 | NOTE | |||
r-devel-linux-x86_64-fedora-gcc | 1.0.8 | 222.12 | NOTE | |||
r-devel-windows-x86_64 | 1.0.8 | 96.00 | 82.00 | 178.00 | NOTE | |
r-patched-linux-x86_64 | 1.0.8 | 85.21 | 35.30 | 120.51 | OK | |
r-release-linux-x86_64 | 1.0.8 | 84.84 | 35.64 | 120.48 | OK | |
r-release-macos-arm64 | 1.0.8 | 49.00 | NOTE | |||
r-release-macos-x86_64 | 1.0.8 | 66.00 | NOTE | |||
r-release-windows-x86_64 | 1.0.8 | 265.00 | 92.00 | 357.00 | OK | |
r-oldrel-macos-arm64 | 1.0.8 | 59.00 | NOTE | |||
r-oldrel-macos-x86_64 | 1.0.8 | 103.00 | NOTE | |||
r-oldrel-windows-ix86+x86_64 | 1.0.8 | 255.00 | 97.00 | 352.00 | OK |
Version: 1.0.8
Check: C++ specification
Result: NOTE
Specified C++11: please update to current default of C++17
Flavors: r-devel-linux-x86_64-debian-clang, r-devel-linux-x86_64-debian-gcc, r-devel-linux-x86_64-fedora-clang, r-devel-windows-x86_64
Version: 1.0.8
Check: C++ specification
Result: NOTE
Specified C++11: please drop specification unless essential
Flavor: r-devel-linux-x86_64-fedora-gcc
Version: 1.0.8
Check: installed package size
Result: NOTE
installed size is 5.5Mb
sub-directories of 1Mb or more:
libs 5.3Mb
Flavors: r-release-macos-arm64, r-release-macos-x86_64, r-oldrel-macos-arm64, r-oldrel-macos-x86_64